NOAA-Style Climate Reports
Select a Year or Month report
2024: Jan Feb Mar Apr May Jun Jul Aug Sep Oct Nov Dec
2023: Jan Feb Mar Apr May Jun Jul Aug Sep Oct Nov Dec
2022: Jan Feb Mar Apr May Jun Jul Aug Sep Oct Nov Dec
2021: Jan Feb Mar Apr May Jun Jul Aug Sep Oct Nov Dec
2020: Jan Feb Mar Apr May Jun Jul Aug Sep Oct Nov Dec
2019: Jan Feb Mar Apr May Jun Jul Aug Sep Oct Nov Dec
2018: Jan Feb Mar Apr May Jun Jul Aug Sep Oct Nov Dec
2017: Jan Feb Mar Apr May Jun Jul Aug Sep Oct Nov Dec
2016: Jan Feb Mar Apr May Jun Jul Aug Sep Oct Nov Dec
2015: Jan Feb Mar Apr May Jun Jul Aug Sep Oct Nov Dec
2014: Jan Feb Mar Apr May Jun Jul Aug Sep Oct Nov Dec
2013: Jan Feb Mar Apr May Jun Jul Aug Sep Oct Nov Dec
2024: Jan Feb Mar Apr May Jun Jul Aug Sep Oct Nov Dec
2023: Jan Feb Mar Apr May Jun Jul Aug Sep Oct Nov Dec
2022: Jan Feb Mar Apr May Jun Jul Aug Sep Oct Nov Dec
2021: Jan Feb Mar Apr May Jun Jul Aug Sep Oct Nov Dec
2020: Jan Feb Mar Apr May Jun Jul Aug Sep Oct Nov Dec
2019: Jan Feb Mar Apr May Jun Jul Aug Sep Oct Nov Dec
2018: Jan Feb Mar Apr May Jun Jul Aug Sep Oct Nov Dec
2017: Jan Feb Mar Apr May Jun Jul Aug Sep Oct Nov Dec
2016: Jan Feb Mar Apr May Jun Jul Aug Sep Oct Nov Dec
2015: Jan Feb Mar Apr May Jun Jul Aug Sep Oct Nov Dec
2014: Jan Feb Mar Apr May Jun Jul Aug Sep Oct Nov Dec
2013: Jan Feb Mar Apr May Jun Jul Aug Sep Oct Nov Dec
Report for 2023 August
Monthly Climatological Summary for Aug 2023 Name: Conlig Weather Station. City: Newtownards. State: Co. Down. Elevation: 49 m Lat: N 54° 38' 02" Lon: W 005° 40' 18" Temperature (°C), Rain (mm), Wind Speed (mph) Heat Cool Avg Mean Deg Deg Wind Dom Day Temp High Time Low Time Days Days Rain Speed High Time Dir ---------------------------------------------------------------------------------- 01 15.7 19.6 14:03 13.8 00:16 2.6 0.1 0.0 3.2 20.0 02:50 WSW 02 15.0 16.4 20:07 13.3 07:27 3.3 0.0 16.2 3.4 16.0 12:36 NNE 03 15.3 18.1 15:33 13.3 23:11 3.0 0.0 0.0 4.6 20.0 17:29 WNW 04 14.2 17.4 14:47 11.4 05:29 4.1 0.0 0.6 2.3 16.0 00:28 NW 05 13.7 17.6 17:34 10.9 04:14 4.6 0.0 14.4 2.5 16.0 12:37 NNW 06 14.0 18.4 12:13 10.3 06:06 4.3 0.0 5.6 1.4 11.0 09:21 W 07 14.1 18.7 14:53 10.2 05:53 4.2 0.0 0.0 2.3 15.0 11:58 WSW 08 14.2 19.6 13:56 9.1 06:19 4.1 0.0 0.0 1.3 10.0 16:42 NNW 09 16.3 21.8 16:52 10.4 04:14 2.7 0.7 0.0 1.4 10.0 14:05 S 10 17.3 21.2 12:54 15.9 05:14 1.2 0.3 0.0 4.4 21.0 16:21 SSE 11 17.9 22.2 14:11 14.6 05:58 1.2 0.7 0.0 4.6 21.0 14:28 SSE 12 17.1 21.0 15:42 14.6 23:59 1.6 0.4 5.6 4.4 19.0 10:16 S 13 16.0 19.7 14:01 13.2 04:25 2.4 0.1 6.6 3.0 17.0 09:51 S 14 15.6 20.3 14:52 11.7 05:31 2.8 0.2 0.2 1.2 9.0 16:57 NNW 15 16.3 19.7 12:46 13.4 23:56 2.0 0.0 0.6 1.4 12.0 11:47 W 16 15.7 19.9 16:41 12.5 01:57 2.7 0.2 0.0 1.2 8.0 14:03 ENE 17 16.5 21.0 13:10 10.9 04:58 2.4 0.6 0.0 3.6 20.0 23:25 E 18 15.5 16.7 16:25 14.2 09:30 2.8 0.0 20.8 6.2 30.0 22:26 E 19 18.0 22.4 17:02 15.7 00:00 1.1 0.8 12.8 6.7 32.0 06:00 SSE 20 17.4 22.7 15:52 13.4 04:38 1.7 0.8 0.0 3.6 17.0 10:56 SSE 21 18.1 22.4 14:34 14.8 08:42 1.2 1.1 1.2 4.6 23.0 11:14 S 22 17.2 21.4 15:32 14.9 23:40 1.5 0.4 0.0 4.1 18.0 05:34 SW 23 16.3 19.7 13:06 13.6 06:34 2.1 0.1 0.0 2.3 13.0 10:42 S 24 15.3 19.1 16:27 11.6 06:18 3.0 0.0 0.0 2.5 15.0 18:53 WSW 25 14.1 17.0 11:45 11.6 05:25 4.2 0.0 4.6 2.8 12.0 10:05 W 26 14.7 19.1 14:36 12.4 06:43 3.6 0.0 0.4 3.2 16.0 17:54 WNW 27 14.0 16.9 16:49 11.9 04:40 4.3 0.0 0.4 2.3 16.0 00:53 W 28 14.7 17.9 14:30 12.2 05:49 3.6 0.0 0.0 2.2 14.0 11:44 W 29 14.8 18.2 16:31 12.5 23:32 3.5 0.0 0.0 2.8 16.0 15:05 WSW 30 14.1 17.6 14:55 11.3 06:25 4.2 0.0 3.4 2.1 12.0 00:09 WNW 31 13.5 15.3 09:31 10.8 05:38 4.8 0.0 4.8 1.6 14.0 09:59 SE ---------------------------------------------------------------------------------- 15.6 22.7 20 9.1 8 90.9 6.5 98.2 3.0 32.0 19 SSW Max >= 27.0 0 Max <= 0.0 0 Min <= 0.0 0 Min <= -18.0 0 Max Rain: 20.8 on day 18 Days of Rain: 16 (>= 0.2 mm) 10 (>= 2.0 mm) 1 (>= 20.0 mm) Heat Base: 18.3 Cool Base: 18.3 Method: Integration