NOAA-Style Climate Reports


Report for 2020 August
                   Monthly Climatological Summary for Aug 2020

Name: Conlig Weather Station   City: Newtownards   State: Co. Down
Elevation: 46 ft  Lat: N 54° 38' 02"   Lon: W 005° 40' 18"

                  Temperature (°C), Rain (mm), Wind Speed (mph)

                                      Heat  Cool        Avg
    Mean                              Deg   Deg         Wind                 Dom
Day Temp  High   Time   Low    Time   Days  Days  Rain  Speed High   Time    Dir
----------------------------------------------------------------------------------
01  15.4  18.8   13:57  12.5   23:15   2.8   0.0   5.4   1.7  14.0   10:20     W
02  13.5  17.8   14:35  10.9   22:59   4.7   0.0   6.8   1.3  15.0   10:03     W
03  13.7  18.6   15:42   9.7   04:02   4.6   0.0   1.2   1.3  11.0   15:02     W
04  15.2  20.6   18:12  11.6   05:36   3.2   0.1  13.0   4.4  25.0   23:58     S
05  16.2  17.9   17:23  14.1   22:08   1.9   0.0   7.0   2.0  25.0   00:08   SSW
06  16.0  19.7   12:24  12.3   06:20   2.3   0.1   0.0   2.5  22.0   15:23     S
07  16.1  20.7   15:17  12.4   23:59   2.5   0.3   1.0   2.6  17.0   08:46     S
08  15.0  19.3   16:03   9.4   06:07   3.3   0.1   0.0   1.0  12.0   13:57   NNE
09  16.5  20.0   17:00  12.4   06:00   2.1   0.3   0.0   0.7  10.0   08:25   ENE
10  15.8  18.2   13:35  13.8   06:26   2.5   0.0   0.4   1.4  12.0   13:44   NNW
11  16.9  20.9   16:43  14.3   04:27   1.8   0.4   0.0   1.3  13.0   04:03   NNW
----------------------------------------------------------------------------------
    15.5  20.9    11     9.4     8    31.7   1.3  34.8   1.8  25.0     4      SW

Max >=  27.0  0
Max <=   0.0  0
Min <=   0.0  0
Min <= -18.0  0
Max Rain: 13.0 on day 4
Days of Rain: 7 (>= 0.2 mm)  4 (>= 2.0 mm)  0 (>= 20.0 mm)
Heat Base: 18.3  Cool Base: 18.3  Method: Integration