NOAA-Style Climate Reports

Select a Year or Month report
2018: Jan Feb Mar Apr May Jun Jul Aug Sep Oct Nov Dec
2017: Jan Feb Mar Apr May Jun Jul Aug Sep Oct Nov Dec
2016: Jan Feb Mar Apr May Jun Jul Aug Sep Oct Nov Dec

Report for 2018 June
                   Monthly Climatological Summary for Jun 2018

Name: Conlig Weather Station   City: Newtownards   State: Co. Down
Elevation: 46 m  Lat: N 54 38 02   Lon: W 005 40 19

                  Temperature (°C), Rain (mm), Wind Speed (mph)

                                      Heat  Cool        Avg
    Mean                              Deg   Deg         Wind                 Dom
Day Temp  High   Time   Low    Time   Days  Days  Rain  Speed High   Time    Dir
----------------------------------------------------------------------------------
01  16.9  22.7   16:43  12.2   06:02   2.0   0.6   1.0   0.8  10.0   17:13   SSE
02  15.1  19.3   14:44  12.2   04:27   3.3   0.1   0.0   1.3  10.0   18:38   ENE
03  17.0  21.4   13:14  11.3   04:10   2.3   1.0   0.0   1.7  12.0   15:04     S
04  15.8  19.3   14:22  12.8   22:39   2.5   0.0   0.0   1.2   9.0   11:12   NNE
05  14.4  18.4   17:10  11.2   06:03   3.9   0.0   0.0   1.5  10.0   04:53     E
06  15.8  20.6   17:00  10.1   05:38   2.8   0.4   0.0   1.4   8.0   09:45   ESE
07  16.9  21.3   18:34  11.6   04:27   2.1   0.7   0.0   1.7  11.0   21:19     N
08  16.2  19.4   17:18  13.3   02:51   2.2   0.1   0.0   1.6  10.0   14:24     E
09  17.2  23.1   16:06  12.4   04:28   2.3   1.2   0.0   1.5  13.0   13:47   SSE
10  15.3  18.6   12:17  12.7   04:27   3.0   0.0   0.0   2.2  14.0   16:06     N
11  14.2  17.2   15:29  10.7   03:49   4.1   0.0   0.0   2.3  14.0   19:38    NW
12  13.2  15.8   15:04  11.2   02:13   5.1   0.0   0.0   2.7  17.0   12:20   NNW
13  13.9  16.8   14:53  10.8   04:39   4.4   0.0   2.8   4.2  27.0   22:06     S
14  15.2  17.8   14:40  11.8   23:57   3.1   0.0   0.2   7.8  37.0   05:13    SW
15  12.5  16.5   14:13   9.7   04:51   5.8   0.0   0.0   3.5  18.0   14:13    SW
16  13.2  18.2   16:31  10.7   01:33   5.1   0.0   6.6   3.4  31.0   12:15   SSW
17  14.0  18.3   17:31  11.4   04:48   4.3   0.0   0.2   4.0  23.0   12:53   SSW
18  14.5  18.9   14:09  11.4   23:59   3.8   0.0   0.0   4.3  17.0   10:33   WSW
19  11.5  15.5   13:38   9.3   03:51   6.8   0.0   7.2   2.5  15.0   14:56   SSW
20  14.0  17.3   01:38   9.5   23:56   4.3   0.0   3.2   5.0  25.0   05:22     W
21  12.1  15.4   15:30   8.7   04:02   6.2   0.0   0.0   4.6  20.0   14:18    NW
22  12.4  15.7   15:41   9.4   04:39   5.9   0.0   0.0   3.1  18.0   08:34   NNW
23  12.8  17.1   13:44   8.2   04:49   5.5   0.0   0.0   1.5  10.0   11:59   NNW
----------------------------------------------------------------------------------
    14.5  23.1     9     8.2    23    90.8   4.1  21.2   2.8  37.0    14     WSW

Max >=  27.0  0
Max <=   0.0  0
Min <=   0.0  0
Min <= -18.0  0
Max Rain: 7.2 on day 19
Days of Rain: 7 (>= 0.2 mm)  4 (>= 2.0 mm)  0 (>= 20.0 mm)
Heat Base: 18.3  Cool Base: 18.3  Method: Integration