NOAA-Style Climate Reports


Report for 2018
                   Annual Climatological Summary for 2018

Name: Conlig Weather Station   City: Newtownards   State: Co. Down
Elevation: 46 m  Lat: N 54 38 02   Lon: W 005 40 18

                  Temperature (°C), Heat Base: 18.3  Cool Base: 18.3
                          Dep.  Heat  Cool                       Max  Max  Min  Min
        Mean  Mean        From  Deg   Deg                        >=   <=   <=   <=
 YR MO  Max   Min   Mean  Norm  Days  Days  Hi  Date  Low  Date 27.0  0.0  0.0 -18.0
------------------------------------------------------------------------------------
 18  1   7.3   2.8   5.0   0.0   412     0  12.8  28  -2.7    7    0    0    3    0
 18  2   6.6   1.3   3.9   0.0   403     0  12.8  19  -3.0   28    0    1    7    0
 18  3   7.4   1.8   4.6   0.0   424     0  11.8  24  -3.4    1    0    0    7    0
 18  4  11.3   5.6   8.1   0.0   305     0  17.4  20   0.8    5    0    0    0    0
 18  5  16.4   8.2  12.1   0.0   196     2  22.6  27   3.4   12    0    0    0    0
 18  6  19.8  11.3  15.5   0.0   101    18  27.1  29   7.8   24    1    0    0    0
 18  7  20.2  12.7  16.4   0.0    76    16  26.0  22   8.6   29    0    0    0    0
 18  8  18.7  11.8  14.9   0.0   110     5  23.5  15   7.8   31    0    0    0    0
 18  9  16.1   9.5  12.6   0.0   171     1  21.3   1   4.7   24    0    0    0    0
 18 10  13.4   7.4  10.4   0.0   245     0  18.4  10  -0.2   30    0    0    1    0
 18 11  11.2   6.4   9.1   0.0   184     0  13.4   3   0.4    1    0    0    0    0
 18 12
------------------------------------------------------------------------------------
        13.5   7.2  10.2   0.0  2627    42  27.1 Jun  -3.4  Mar    1    1   18    0

                                Precipitation (mm)

              Dep.   Max        Days of Rain
              From   Obs.           >=
 YR MO Total  Norm   Day Date  0.2  2.0 20.0
---------------------------------------------
 18  1  99.0   0.0  11.4  17    24   17    0
 18  2  39.4   0.0  18.2  10    15    5    0
 18  3  66.4   0.0  11.8  10    19   12    0
 18  4  60.6   0.0  11.8   2    15    9    0
 18  5  20.4   0.0   4.6  11    12    4    0
 18  6  21.2   0.0   7.2  19     7    4    0
 18  7  32.6   0.0  13.8  28    10    5    0
 18  8  51.2   0.0   7.0   1    22   10    0
 18  9  28.6   0.0   7.8  18    16    5    0
 18 10  47.2   0.0  18.2  12    18    4    0
 18 11  54.8   0.0  15.4   9    14    8    0
---------------------------------------------
       521.4   0.0  18.2  Feb  172   83    0

                                Wind Speed (mph)
                          Dom
 YR MO   Avg.  Hi   Date  Dir
------------------------------
 18  1   4.2  40.0    2    SW
 18  2   3.9  37.0   14    SW
 18  3   4.2  33.0    1     E
 18  4   3.4  36.0   17   SSE
 18  5   2.9  28.0   11     S
 18  6   2.4  37.0   14   WSW
 18  7   2.3  31.0   28   SSW
 18  8   2.5  26.0    1    SW
 18  9   3.4  47.0   19    SW
 18 10   3.1  33.0   12    SW
 18 11   3.7  32.0   15   SSE
 18 12
------------------------------
         3.3  47.0  Sep   SSW