NOAA-Style Climate Reports


Report for 2016
                   Annual Climatological Summary for 2016

Name: Conlig Weather Station   City: Newtownards   State: Co. Down
Elevation: 46 m  Lat: N 54 38 03   Lon: W 005 40 18

                  Temperature (°C), Heat Base: 18.3  Cool Base: 18.3
                          Dep.  Heat  Cool                       Max  Max  Min  Min
        Mean  Mean        From  Deg   Deg                        >=   <=   <=   <=
 YR MO  Max   Min   Mean  Norm  Days  Days  Hi  Date  Low  Date 27.0  0.0  0.0 -18.0
------------------------------------------------------------------------------------
 16  1
 16  2
 16  3
 16  4  10.7   4.4   7.4   0.0    15     0  11.2  30   4.2   30    0    0    0    0
 16  5  15.4   7.8  11.4   0.0   216     1  22.2   9   4.1   14    0    0    0    0
 16  6  17.9  11.0  14.1   0.0   128     3  23.5   6   7.7    2    0    0    0    0
 16  7  18.4  11.8  14.7   0.0   118     8  24.6  18   7.9    3    0    0    0    0
 16  8  18.8  12.4  15.5   0.0    91     3  21.9  16   9.5   29    0    0    0    0
 16  9  18.2  11.4  14.5   0.0   118     4  24.4   6   7.3   22    0    0    0    0
 16 10  14.2   8.3  11.0   0.0   226     0  17.1   5   3.1   21    0    0    0    0
 16 11   9.6   4.1   6.7   0.0   349     0  15.6  14  -2.6   24    0    0    5    0
 16 12   9.5   4.5   7.4   0.0   336     0  14.6   7   0.7   29    0    0    0    0
------------------------------------------------------------------------------------
        14.7   8.4  11.4   0.0  1597    19  24.6 Jul  -2.6  Nov    0    0    5    0

                                Precipitation (mm)

              Dep.   Max        Days of Rain
              From   Obs.           >=
 YR MO Total  Norm   Day Date  0.2  2.0 20.0
---------------------------------------------
 16  4   0.5   0.0   0.5  29     1    0    0
 16  5  63.8   0.0  13.4  17    15   11    0
 16  6  85.6   0.0  15.8  12    17   13    0
 16  7 107.4   0.0  13.6   4    20   14    0
 16  8  44.6   0.0  14.0  19    15    6    0
 16  9  48.0   0.0   6.8  13    16    7    0
 16 10  39.4   0.0  14.2  16     9    5    0
 16 11  47.2   0.0  21.0   8    13    4    1
 16 12  48.4   0.0   8.8  16    16    8    0
---------------------------------------------
       484.9   0.0  21.0  Nov  122   68    1

                                Wind Speed (mph)
                          Dom
 YR MO   Avg.  Hi   Date  Dir
------------------------------
 16  1
 16  2
 16  3
 16  4   3.0  17.0   30    SW
 16  5   2.4  28.0    2    SW
 16  6   1.9  20.0   21    SW
 16  7   2.1  21.0    1    SW
 16  8   2.6  30.0    8    SW
 16  9   3.8  35.0   11   SSW
 16 10   2.9  32.0   16    SE
 16 11   3.0  37.0   11     W
 16 12   3.4  34.0   23   SSW
------------------------------
         2.8  37.0  Nov    SW