NOAA-Style Climate Reports

Select a Year or Month report
2018: Jan Feb Mar Apr May Jun Jul Aug Sep Oct Nov Dec
2017: Jan Feb Mar Apr May Jun Jul Aug Sep Oct Nov Dec
2016: Jan Feb Mar Apr May Jun Jul Aug Sep Oct Nov Dec

Report for 2018 May
                   Monthly Climatological Summary for May 2018

Name: Conlig Weather Station   City: Newtownards   State: Co. Down
Elevation: 46 m  Lat: N 54 38 02   Lon: W 005 40 19

                  Temperature (°C), Rain (mm), Wind Speed (mph)

                                      Heat  Cool        Avg
    Mean                              Deg   Deg         Wind                 Dom
Day Temp  High   Time   Low    Time   Days  Days  Rain  Speed High   Time    Dir
----------------------------------------------------------------------------------
01   8.0  10.4   12:57   4.4   05:19  10.3   0.0   2.8   5.9  27.0   17:23     S
02   9.1  12.3   14:31   6.4   06:57   9.2   0.0   1.2   4.0  21.0   15:12     W
03   8.9  11.1   17:55   6.1   01:59   9.4   0.0   1.8   4.0  24.0   14:38     S
04  12.5  17.4   14:18   9.5   06:57   5.8   0.0   0.2   3.0  17.0   14:56   SSW
05  11.3  14.6   16:21   8.6   03:55   6.9   0.0   0.0   3.8  19.0   13:01   SSE
06  10.5  15.9   16:00   7.5   06:49   7.8   0.0   0.0   3.2  16.0   15:10     S
07  11.4  16.6   16:37   8.3   05:16   6.9   0.0   0.0   2.0  13.0   18:02   SSE
08  10.9  14.8   15:26   7.4   23:55   7.4   0.0   1.6   2.8  15.0   11:52     S
09   9.0  10.7   10:16   6.8   01:55   9.3   0.0   3.6   4.1  23.0   14:15     S
10   9.7  14.9   16:19   5.6   05:27   8.6   0.0   0.0   4.2  19.0   10:42    SW
11   8.9  10.6   18:59   6.1   23:55   9.4   0.0   4.6   5.1  28.0   09:03   SSE
12  10.5  15.5   16:04   3.4   05:57   7.8   0.0   0.0   2.2  15.0   12:03   SSE
13  11.3  16.1   13:40   6.9   05:40   7.0   0.0   0.0   2.7  18.0   17:24     S
14  12.5  17.6   13:17   8.1   00:00   5.8   0.0   0.0   2.1  13.0   12:30     S
15  12.7  18.2   09:39   8.5   23:55   5.6   0.0   0.2   2.6  15.0   18:13   WNW
16  10.2  13.6   16:18   7.2   05:21   8.1   0.0   0.0   4.1  19.0   07:47   NNW
17  11.1  15.8   13:46   5.6   05:53   7.2   0.0   0.0   1.8  14.0   13:46   SSE
18  12.1  17.6   13:43   5.2   03:31   6.2   0.0   0.0   2.2  16.0   16:14   SSE
19  12.9  17.2   14:47   7.8   03:53   5.4   0.0   0.0   4.2  19.0   17:03     S
20  12.5  15.3   12:09  10.9   06:45   5.8   0.0   0.8   4.9  20.0   11:28     S
21  10.7  14.1   11:17   8.4   23:56   7.6   0.0   0.8   3.5  17.0   23:59   WNW
22  11.7  15.6   16:05   7.9   04:55   6.6   0.0   0.0   2.5  17.0   04:40   NNW
23  12.1  16.4   17:44   6.6   05:10   6.2   0.0   0.0   1.3  12.0   13:24   ESE
24  13.9  17.3   18:23   8.3   05:41   4.4   0.0   0.0   1.3  11.0   16:46   NNE
25  15.5  20.3   14:52  12.2   05:03   3.0   0.2   0.0   3.6  20.0   10:07   NNW
26  14.3  20.9   16:54  10.9   07:31   4.1   0.1   0.0   2.8  15.0   08:57   NNW
27  14.8  22.6   17:28   9.3   04:56   3.8   0.4   0.0   1.9  12.0   07:24     N
28  17.0  22.0   18:34  11.2   05:03   2.1   0.8   0.0   1.1  10.0   15:39   NNE
29  16.2  19.9   18:13  12.8   04:56   2.2   0.1   0.0   1.4  11.0   13:28   NNE
30  15.7  21.4   18:00  11.3   02:52   3.0   0.4   0.2   2.1  13.0   14:47   NNW
31  15.7  20.9   17:15  13.5   06:34   2.8   0.2   2.6   1.0  10.0   17:58    SE
----------------------------------------------------------------------------------
    12.1  22.6    27     3.4    12   195.7   2.2  20.4   2.9  28.0    11     SSW

Max >=  27.0  0
Max <=   0.0  0
Min <=   0.0  0
Min <= -18.0  0
Max Rain: 4.6 on day 11
Days of Rain: 12 (>= 0.2 mm)  4 (>= 2.0 mm)  0 (>= 20.0 mm)
Heat Base: 18.3  Cool Base: 18.3  Method: Integration