NOAA-Style Climate Reports

Select a Year or Month report
2018: Jan Feb Mar Apr May Jun Jul Aug Sep Oct Nov Dec
2017: Jan Feb Mar Apr May Jun Jul Aug Sep Oct Nov Dec
2016: Jan Feb Mar Apr May Jun Jul Aug Sep Oct Nov Dec

Report for 2018 March
                   Monthly Climatological Summary for Mar 2018

Name: Conlig Weather Station   City: Newtownards   State: Co. Down
Elevation: 46 m  Lat: N 54 38 02   Lon: W 005 40 19

                  Temperature (°C), Rain (mm), Wind Speed (mph)

                                      Heat  Cool        Avg
    Mean                              Deg   Deg         Wind                 Dom
Day Temp  High   Time   Low    Time   Days  Days  Rain  Speed High   Time    Dir
----------------------------------------------------------------------------------
01  -1.1   0.7   23:43  -3.4   05:20  19.4   0.0   0.0  10.1  33.0   15:06   ENE
02   1.3   1.9   23:21   0.6   00:17  17.0   0.0   0.0  10.7  32.0   12:41     E
03   1.1   2.2   01:48   0.1   12:01  17.2   0.0   2.0   6.5  27.0   04:54     E
04   2.5   3.7   23:51   1.1   01:18  15.8   0.0   3.6   4.6  17.0   02:55     E
05   4.6   5.6   16:28   3.7   00:00  13.7   0.0   9.0   2.5  17.0   11:46   ESE
06   4.3   7.4   13:12   1.7   22:44  14.0   0.0   2.6   1.1  12.0   05:43   SSE
07   4.0   6.8   14:05   1.2   23:31  14.3   0.0   0.6   2.6  19.0   14:08   SSW
08   3.5   8.1   14:52  -1.2   06:10  14.8   0.0   0.0   2.2  14.0   09:54    SW
09   4.2   8.8   13:22  -1.2   04:13  14.1   0.0   0.2   2.0  11.0   21:59   SSE
10   5.7   8.3   17:16   4.4   01:15  12.6   0.0  11.8   4.5  19.0   09:11     E
11   5.5   7.7   15:14   2.4   04:55  12.8   0.0   0.4   1.4  12.0   06:45    SE
12   6.3   8.6   16:13   4.9   08:06  12.0   0.0   0.6   1.3  10.0   09:17   NNW
13   6.0  10.1   13:01   1.3   06:14  12.3   0.0   0.2   2.8  20.0   23:26     S
14   7.1   8.3   20:21   5.9   09:20  11.2   0.0  10.2   7.2  29.0   18:31    SE
15   6.8   8.6   15:42   5.7   08:01  11.5   0.0   8.6   6.2  27.0   00:44   ESE
16   5.9   6.5   00:00   4.5   23:53  12.4   0.0   1.8   6.3  21.0   08:15     E
17   1.8   4.6   00:00  -0.6   22:17  16.5   0.0   0.0   8.5  27.0   08:11     E
18   0.9   2.8   14:12  -0.8   01:10  17.4   0.0   0.0   8.2  29.0   10:21   ENE
19   3.8   7.1   14:59   0.2   23:57  14.5   0.0   0.0   4.6  22.0   09:33   ENE
20   3.4   9.1   13:06  -3.1   05:31  14.9   0.0   0.0   1.2  10.0   09:38   WNW
21   6.2  10.3   17:13   0.8   00:00  12.0   0.0   0.2   3.8  17.0   17:05   WSW
22   7.2   9.2   13:34   4.7   05:35  11.1   0.0   2.8   5.2  26.0   14:20     S
23   6.8   9.7   13:08   4.8   08:36  11.5   0.0   3.2   2.7  24.0   08:25    SW
24   6.4  11.8   15:54   1.9   06:45  11.9   0.0   0.0   1.4  12.0   14:21     W
25   6.1  11.3   14:10   1.4   06:39  11.7   0.0   0.0   1.4  11.0   13:17   WNW
26   5.6  10.8   13:20   0.1   06:54  12.7   0.0   2.2   2.6  22.0   23:40   SSE
27   7.7  11.2   12:59   4.2   23:59  10.6   0.0   4.4   4.8  25.0   14:42   WSW
28   5.1   9.2   16:06   1.8   23:21  13.2   0.0   0.0   2.4  15.0   16:18     W
29   4.2   7.1   18:22  -0.1   06:02  14.1   0.0   2.0   3.1  21.0   23:36     E
30   5.0   6.7   17:14   3.8   07:21  13.3   0.0   0.0   3.8  21.0   00:24    NE
31   5.1   6.6   13:42   4.0   23:38  13.2   0.0   0.0   3.3  21.0   08:36   NNE
----------------------------------------------------------------------------------
     4.6  11.8    24    -3.4     1   423.7   0.0  66.4   4.2  33.0     1     ESE

Max >=  27.0  0
Max <=   0.0  0
Min <=   0.0  7
Min <= -18.0  0
Max Rain: 11.8 on day 10
Days of Rain: 19 (>= 0.2 mm)  12 (>= 2.0 mm)  0 (>= 20.0 mm)
Heat Base: 18.3  Cool Base: 18.3  Method: Integration