NOAA-Style Climate Reports

Select a Year or Month report
2018: Jan Feb Mar Apr May Jun Jul Aug Sep Oct Nov Dec
2017: Jan Feb Mar Apr May Jun Jul Aug Sep Oct Nov Dec
2016: Jan Feb Mar Apr May Jun Jul Aug Sep Oct Nov Dec

Report for 2018 February
                   Monthly Climatological Summary for Feb 2018

Name: Conlig Weather Station   City: Newtownards   State: Co. Down
Elevation: 46 m  Lat: N 54 38 02   Lon: W 005 40 19

                  Temperature (°C), Rain (mm), Wind Speed (mph)

                                      Heat  Cool        Avg
    Mean                              Deg   Deg         Wind                 Dom
Day Temp  High   Time   Low    Time   Days  Days  Rain  Speed High   Time    Dir
----------------------------------------------------------------------------------
01   4.9   7.1   12:17   3.4   06:28  13.4   0.0   0.8   6.7  35.0   12:45   WNW
02   5.8   8.2   14:19   3.5   23:55  12.5   0.0   0.8   3.3  17.0   02:18   WNW
03   5.1   6.7   13:09   3.1   08:00  13.2   0.0   1.0   4.1  21.0   21:23   WNW
04   4.6   7.1   13:18  -0.7   23:32  13.7   0.0   0.0   1.2  15.0   00:05   NNE
05   1.2   3.6   16:00  -2.2   04:26  17.1   0.0   0.2   1.2  11.0   22:18   SSW
06   1.7   4.1   13:35   0.2   00:57  16.6   0.0   1.6   3.9  20.0   12:35   WNW
07   1.9   5.2   23:59  -0.6   06:13  16.4   0.0   0.6   3.5  17.0   22:24    SW
08   6.0   8.3   14:14   3.7   23:38  12.3   0.0   0.0   3.3  20.0   00:28    SW
09   2.5   5.0   15:05   0.8   06:43  15.8   0.0   3.0   4.3  23.0   05:54   WSW
10   5.6   9.4   12:59   1.6   20:33  12.7   0.0  18.2   4.6  26.0   03:29    SW
11   1.6   2.9   14:00   0.1   21:27  16.7   0.0   0.2   4.7  21.0   10:23     W
12   2.5   6.2   23:21  -0.1   04:39  15.8   0.0   0.2   6.2  29.0   23:59   SSW
13   3.7   6.2   00:00  -0.2   21:50  14.6   0.0   5.0   4.9  34.0   00:40    SW
14   5.6   9.8   15:18   1.7   00:00  12.7   0.0   4.6   7.3  37.0   08:30     S
15   3.3   6.1   14:17   1.5   23:48  15.0   0.0   0.2   6.8  29.0   14:10    SW
16   4.6   8.0   12:55   1.4   04:44  13.7   0.0   0.4   5.1  23.0   13:37     S
17   4.6   8.8   15:11   1.9   06:53  13.7   0.0   0.0   1.3  10.0   02:45    SW
18   5.8  10.2   23:14   1.4   04:28  12.5   0.0   2.6   1.9  19.0   12:45     S
19  10.2  12.8   14:57   6.4   23:56   8.1   0.0   0.0   3.0  16.0   19:40     W
20   6.5  10.4   13:51   4.1   23:59  11.8   0.0   0.0   3.1  14.0   02:29   WNW
21   5.2   9.3   13:28   1.9   07:26  13.1   0.0   0.0   1.4  12.0   14:37     S
22   5.0   6.1   10:52   3.4   22:23  13.3   0.0   0.0   2.6  17.0   11:18   SSE
23   4.2   6.0   13:24   2.9   23:26  14.1   0.0   0.0   4.2  23.0   14:55   SSE
24   2.3   3.4   15:31   1.0   07:26  16.0   0.0   0.0   3.0  18.0   01:54    SE
25   3.3   5.8   14:54   0.6   23:44  15.0   0.0   0.0   3.3  16.0   07:28    SE
26   1.6   3.7   12:36   0.1   05:25  16.7   0.0   0.0   3.4  18.0   11:53   ESE
27   1.4   4.4   12:22  -1.7   02:23  16.9   0.0   0.0   4.2  23.0   10:48    NE
28  -1.7  -0.2   13:55  -3.0   23:13  20.0   0.0   0.0   7.8  28.0   12:59   ENE
----------------------------------------------------------------------------------
     3.9  12.8    19    -3.0    28   403.4   0.0  39.4   3.9  37.0    14      SW

Max >=  27.0  0
Max <=   0.0  1
Min <=   0.0  7
Min <= -18.0  0
Max Rain: 18.2 on day 10
Days of Rain: 15 (>= 0.2 mm)  5 (>= 2.0 mm)  0 (>= 20.0 mm)
Heat Base: 18.3  Cool Base: 18.3  Method: Integration