NOAA-Style Climate Reports


Report for 2017 December
                   Monthly Climatological Summary for Dec 2017

Name: Conlig Weather Station   City: Newtownards   State: Co. Down
Elevation: 46 m  Lat: N 54 38 02   Lon: W 005 40 19

                  Temperature (°C), Rain (mm), Wind Speed (mph)

                                      Heat  Cool        Avg
    Mean                              Deg   Deg         Wind                 Dom
Day Temp  High   Time   Low    Time   Days  Days  Rain  Speed High   Time    Dir
----------------------------------------------------------------------------------
01   5.7   7.2   13:06   4.6   09:37  12.6   0.0   0.0   2.9  18.0   00:16    NW
02   7.6   8.8   13:05   6.3   00:00  10.7   0.0   0.0   3.4  15.0   04:21     W
03   8.9  10.0   13:17   8.3   00:01   9.4   0.0   0.0   3.1  15.0   01:52   WNW
04   7.9   8.9   13:26   6.8   22:55  10.4   0.0   0.0   2.7  17.0   22:03     W
05   7.3   8.8   23:42   6.3   07:35  11.0   0.0   0.0   3.2  15.0   21:09   SSW
06  10.2  13.6   23:59   8.7   01:01   8.1   0.0   0.2   5.7  23.0   18:29     S
07   5.5  13.9   00:12   0.7   22:06  12.8   0.0   6.8   6.2  28.0   02:26     W
08   0.7   1.6   13:15   0.1   09:30  17.6   0.0   4.2   3.9  19.0   18:00     W
09   0.9   2.1   13:25  -0.2   02:16  17.4   0.0   2.8   2.0  12.0   09:58   WSW
10   1.1   2.8   10:47  -1.0   23:58  17.2   0.0   1.0   2.3  15.0   13:55    NE
11   2.6   5.8   12:16  -1.0   00:07  15.7   0.0   2.2   2.8  15.0   16:59   WNW
12   3.3   4.3   19:50   1.8   04:44  15.0   0.0   1.6   3.0  15.0   13:37    SW
13   3.4   5.9   08:00   1.1   20:18  14.9   0.0   1.8   5.1  24.0   16:34    SW
14   3.4   6.6   23:29   1.3   00:00  14.9   0.0   9.0   5.7  25.0   05:48   WSW
15   5.6   7.4   12:31   2.8   23:23  12.7   0.0   0.2   4.6  23.0   06:07    NW
16   4.1   6.1   21:41   1.3   03:14  14.2   0.0   0.0   2.3  12.0   08:05   WSW
17   7.3  10.6   12:03   4.9   02:03  11.0   0.0   1.8   3.8  22.0   08:11   WSW
18   6.1   8.1   13:54   2.2   08:03  12.2   0.0   0.0   1.3  10.0   00:02    SW
19   9.2  11.6   22:27   7.1   00:00   9.1   0.0   0.0   2.9  13.0   20:42     S
20  10.3  11.9   01:57   7.7   22:00   8.0   0.0   0.0   2.0  15.0   03:24    SW
21   9.1   9.8   21:54   7.9   02:17   9.2   0.0   1.6   0.5   7.0   00:04     E
22   9.4  10.8   17:44   6.5   06:43   8.9   0.0   0.2   1.4  12.0   23:32    SW
23  10.8  12.3   12:12   9.4   08:19   7.5   0.0   0.0   5.3  26.0   20:57    SW
24  11.3  12.3   01:30  10.3   21:35   7.0   0.0   2.2   7.1  29.0   01:49   SSW
25   6.1  10.7   00:14   2.5   23:58  12.2   0.0   8.8   2.8  17.0   22:34   WSW
26   3.3   4.8   18:52   2.1   06:54  15.0   0.0   0.0   3.1  17.0   22:09     W
27   3.0   4.4   05:11   1.6   21:50  15.3   0.0   1.0   4.2  18.0   18:18   WNW
28   2.0   4.3   13:34  -0.9   22:23  16.3   0.0   0.2   2.9  16.0   02:23     W
29   4.2   6.3   14:53  -0.7   00:00  14.1   0.0   7.4   4.8  30.0   14:51    SW
30   4.1   7.1   13:52   0.5   02:43  14.2   0.0   7.4   3.4  24.0   14:36    SW
31   6.4   9.1   03:44   4.1   21:27  11.9   0.0   1.4   6.7  37.0   06:04    SW
----------------------------------------------------------------------------------
     5.8  13.9     7    -1.0    10   386.5   0.0  61.8   3.6  37.0    31     WSW

Max >=  27.0  0
Max <=   0.0  0
Min <=   0.0  5
Min <= -18.0  0
Max Rain: 9.0 on day 14
Days of Rain: 20 (>= 0.2 mm)  9 (>= 2.0 mm)  0 (>= 20.0 mm)
Heat Base: 18.3  Cool Base: 18.3  Method: Integration