NOAA-Style Climate Reports


Report for 2016 March
                   MONTHLY CLIMATOLOGICAL SUMMARY for Mar 2016


NAME: Conlig WX, Co. Down                  
ELEV: 52 meter    LAT: 54-38.04 N    LONG: 005-40.26 W


                   TEMPERATURE (°C), RAIN (mm), WIND SPEED (km/h)

                                         HEAT   COOL         AVG
      MEAN                               DEG    DEG          WIND                   DOM
DAY   TEMP   HIGH   TIME    LOW   TIME   DAYS   DAYS   RAIN  SPEED   HIGH   TIME    DIR
---------------------------------------------------------------------------------------
 01    7.8   10.2  07:22    2.1  23:58   10.5    0.0    4.0    8.1   37.0  08:17    256
 02    4.2    7.4  15:30    0.7  02:03   14.2    0.0    3.6    9.8   41.8  15:33    273
 03    4.9    8.4  13:12    1.6  23:54   13.5    0.0    6.6    5.8   32.2  01:30    259
 04    4.6    7.4  15:54    0.3  03:16   13.7    0.0    7.4    7.6   37.0  18:11    354
 05    5.0    7.3  13:20    2.5  23:51   13.3    0.0    0.0    6.2   29.0  14:30    310
 06    3.5    6.1  13:14    1.8  22:20   14.9    0.0    0.0    3.0   17.7  00:11    278
 07    4.0    6.3  13:32    2.2  03:27   14.4    0.0    1.8    2.1   16.1  05:18    269
 08    5.6    8.8  12:41    3.1  01:38   12.7    0.0    3.8    4.0   24.1  11:50    242
 09    6.0    9.8  15:28    3.2  01:14   12.3    0.0    1.4    6.2   30.6  10:00    289
 10    6.8   10.7  13:59    3.3  07:17   11.5    0.0    0.0    2.3   17.7  15:53    213
 11    7.8    9.2  12:37    6.3  00:00   10.5    0.0    1.2    6.5   27.4  16:01    203
 12    9.4   13.4  13:40    7.6  06:17    9.0    0.0    1.2    4.3   27.4  13:18    210
 13    9.5   13.1  12:26    7.1  22:34    8.8    0.0    0.0    1.9   25.7  13:57    212
 14    7.0   10.1  14:15    2.8  06:51   11.4    0.0    0.0    1.7   17.7  10:09    136
 15    8.0   10.9  15:02    5.7  01:10   10.3    0.0    0.0    1.5   14.5  13:47    116
 16    6.6    9.2  15:19    4.2  02:27   11.7    0.0    0.0    1.5   16.1  07:26     17
 17    5.7    9.6  15:24    1.9  23:44   12.6    0.0    0.0    1.1   14.5  12:30    180
 18    5.2    6.2  14:44    1.8  00:03   13.1    0.0    0.2    1.9   16.1  15:34    310
 19    6.3    7.7  14:56    5.2  04:24   12.1    0.0    0.0    1.8   16.1  15:28    285
 20    6.7    9.4  13:19    4.1  23:02   11.6    0.0    0.0    1.9   16.1  14:44    290
 21    7.6   11.3  15:09    4.2  00:47   10.7    0.0    0.0    2.2   20.9  15:25    265
 22    7.5    8.9  13:31    6.8  23:09   10.8    0.0    0.0    0.6    8.0  11:13    244
 23    7.6   11.6  13:59    5.7  05:51   10.8    0.0    1.8    3.0   22.5  15:03    237
 24    7.3   10.1  12:42    5.5  07:21   11.0    0.0    3.6    4.5   27.4  06:29    238
 25    8.0   11.9  15:07    3.3  04:58   10.4    0.0    0.0    8.4   41.8  23:48    203
 26    7.9    9.6  15:18    4.2  23:59   10.5    0.0    7.2   11.5   41.8  02:33    205
 27    3.8    9.4  13:34    3.7  00:36   14.5    0.0    0.0    9.5   41.8  13:09    221
 28
 29
 30
 31
---------------------------------------------------------------------------------------
       6.6   13.4     12    0.3     04  320.7    0.0   43.8    4.2   41.8     02    246