NOAA-Style Climate Reports


Report for 2016 February
                   MONTHLY CLIMATOLOGICAL SUMMARY for Feb 2016


NAME: Conlig WX, Co. Down                  
ELEV: 170 feet    LAT: 54-38.04 N    LONG: 005-40.26 W


                   TEMPERATURE (F), RAIN (in), WIND SPEED (mph)

                                         HEAT   COOL         AVG
      MEAN                               DEG    DEG          WIND                   DOM
DAY   TEMP   HIGH   TIME    LOW   TIME   DAYS   DAYS   RAIN  SPEED   HIGH   TIME    DIR
---------------------------------------------------------------------------------------
 01   48.1   53.7  07:43   40.6  17:39   16.9    0.0   0.05    9.3   40.0  11:59    259
 02   40.0   44.8  13:37   35.0  22:35   25.0    0.0   0.00    7.1   34.0  03:02    272
 03   40.0   44.8  13:54   33.9  01:32   25.0    0.0   0.27    4.0   24.0  01:41    258
 04   48.8   51.4  15:21   41.5  00:00   16.2    0.0   0.03    3.2   19.0  00:01    254
 05   44.5   49.2  00:31   36.4  21:56   20.5    0.0   0.24    4.2   22.0  03:49    220
 06   41.7   47.0  16:10   37.8  00:00   23.3    0.0   0.31    5.0   21.0  16:06    208
 07   40.4   44.1  11:27   36.6  03:50   24.6    0.0   0.10    6.8   33.0  10:13    228
 08   42.4   46.7  12:20   39.7  00:47   22.6    0.0   0.06    5.3   24.0  14:04    253
 09   39.2   41.7  18:23   35.4  10:05   25.8    0.0   0.00    4.4   23.0  03:31    259
 10   39.4   45.5  14:49   35.7  08:01   25.6    0.0   0.00    1.9   16.0  14:17    269
 11   37.9   42.9  12:04   31.8  08:16   27.1    0.0   0.13    0.4    7.0  10:20    229
 12   39.7   41.8  14:41   33.7  01:15   25.3    0.0   1.14    2.4   17.0  03:06    133
 13   40.2   41.7  14:44   38.1  23:04   24.8    0.0   0.00    4.3   18.0  02:32    104
 14   39.1   40.8  15:05   37.3  08:46   25.9    0.0   0.00    3.5   17.0  15:41     59
 15   38.6   42.7  15:13   35.1  21:12   26.4    0.0   0.00    1.5   13.0  04:21    307
 16   42.6   45.5  20:24   35.9  00:01   22.4    0.0   0.68    6.7   33.0  11:57    202
 17   35.9   40.3  14:55   32.7  03:55   29.1    0.0   0.38    1.2   11.0  23:15    259
 18   35.8   42.6  14:29   30.6  06:59   29.2    0.0   0.01    2.7   14.0  14:33    251
 19   41.5   48.0  17:09   33.0  04:57   23.5    0.0   0.05    4.2   26.0  21:26    245
 20   43.4   46.3  15:14   41.7  09:10   21.6    0.0   0.04    4.6   21.0  06:26    263
 21   43.9   48.3  14:40   38.4  23:59   21.1    0.0   0.12    2.7   20.0  18:00    260
 22   39.8   47.2  14:38   34.3  04:21   25.2    0.0   0.01    3.0   19.0  11:33    267
 23   39.6   44.2  11:13   34.4  22:33   25.4    0.0   0.00    2.4   13.0  10:02    284
 24   37.0   42.9  13:54   32.9  06:43   28.0    0.0   0.05    1.7   14.0  16:17    274
 25   36.6   40.8  14:59   32.2  00:44   28.4    0.0   0.00    1.2   11.0  12:59    254
 26   38.3   41.5  13:23   33.8  00:27   26.7    0.0   0.06    0.8   14.0  13:21    185
 27   38.5   42.3  11:40   34.9  08:22   26.5    0.0   0.00    0.8    9.0  14:52    106
 28   36.5   44.1  15:27   28.4  06:38   28.5    0.0   0.00    0.6    8.0  10:44    154
 29   40.3   50.2  23:55   34.3  00:09   24.7    0.0   0.20    4.6   23.0  14:42    207
---------------------------------------------------------------------------------------
      40.3   53.7     01   28.4     28  715.3    0.0   3.91    3.5   40.0     01    242