NOAA-Style Climate Reports


Report for 2016 January
                   MONTHLY CLIMATOLOGICAL SUMMARY for Jan 2016


NAME: Conlig WX, Co. Down                  
ELEV: 170 feet    LAT: 54-38.04 N    LONG: 005-40.26 W


                   TEMPERATURE (F), RAIN (in), WIND SPEED (mph)

                                         HEAT   COOL         AVG
      MEAN                               DEG    DEG          WIND                   DOM
DAY   TEMP   HIGH   TIME    LOW   TIME   DAYS   DAYS   RAIN  SPEED   HIGH   TIME    DIR
---------------------------------------------------------------------------------------
 01   39.7   46.2  22:10   31.0  02:52   25.3    0.0   0.09    4.0   26.0  21:42    145
 02   46.2   47.3  11:52   44.9  01:48   18.8    0.0   0.35    2.3   20.0  00:34    140
 03   44.4   47.5  14:47   41.9  04:13   20.6    0.0   0.35    2.3   23.0  12:18    148
 04   45.3   46.2  04:30   41.9  00:44   19.7    0.0   0.51    3.3   15.0  14:00    116
 05   44.2   45.1  00:00   42.7  11:17   20.8    0.0   0.24    3.3   17.0  09:41     80
 06   44.5   46.4  15:42   42.6  23:42   20.5    0.0   0.30    2.0   21.0  23:20    179
 07   40.0   45.4  05:38   32.0  23:25   25.0    0.0   0.51    4.2   26.0  01:01    238
 08   36.3   41.4  14:21   31.5  03:58   28.7    0.0   0.11    0.3    9.0  14:39    244
 09   38.3   42.2  09:31   29.3  02:23   26.7    0.0   0.77    0.8   12.0  22:30    121
 10   39.0   42.7  14:57   34.8  22:39   26.0    0.0   0.07    5.1   22.0  07:03    247
 11   38.4   42.5  15:27   32.9  03:44   26.6    0.0   0.13    3.0   22.0  19:48    260
 12   39.9   43.2  12:44   36.3  23:58   25.1    0.0   0.19    4.4   23.0  12:46    274
 13   36.1   39.3  13:33   32.8  08:47   28.9    0.0   0.02    1.4   12.0  12:56    240
 14   36.8   41.2  13:01   33.0  19:04   28.2    0.0   0.19    3.4   17.0  06:29    286
 15   35.7   39.7  17:24   32.6  05:02   29.3    0.0   0.26    3.2   21.0  10:04    271
 16   37.4   41.3  20:27   33.5  06:09   27.6    0.0   0.14    1.1   14.0  14:13    244
 17   42.3   45.1  19:31   40.1  09:00   22.7    0.0   0.20    1.3   13.0  22:48    180
 18   43.0   44.0  00:49   41.4  23:38   22.0    0.0   0.13    1.0   13.0  01:12    190
 19   42.3   43.9  12:57   41.1  04:20   22.7    0.0   0.06    0.2    6.0  06:11    157
 20   40.0   44.5  14:36   33.9  08:14   25.0    0.0   0.04    0.9   12.0  12:45    199
 21   45.2   49.2  19:29   39.9  00:15   19.8    0.0   0.36    5.3   25.0  22:32    189
 22   49.2   52.2  12:15   45.5  23:56   15.8    0.0   0.24    6.2   29.0  00:02    215
 23   46.5   49.6  23:08   42.4  02:38   18.5    0.0   0.10    4.0   22.0  19:12    204
 24   51.7   53.8  07:43   49.4  00:00   13.3    0.0   0.04    4.5   21.0  21:03    206
 25   48.4   53.9  13:07   41.7  20:14   16.6    0.0   0.04    5.8   26.0  04:42    210
 26   49.1   56.3  14:17   44.4  00:00   15.9    0.0   0.39    7.3   32.0  06:13    221
 27   41.5   44.6  00:00   35.4  23:55   23.5    0.0   0.67    3.2   22.0  21:14    270
 28   42.9   52.9  23:47   34.5  02:00   22.1    0.0   0.04    5.6   29.0  23:10    226
 29   46.6   53.0  00:32   38.0  23:05   18.4    0.0   0.09    8.9   35.0  07:47    253
 30   35.2   38.0  00:00   33.2  09:04   29.8    0.0   0.01    5.7   26.0  02:10    250
 31   42.6   52.7  21:31   34.6  00:29   22.4    0.0   0.31    2.5   25.0  23:30    244
---------------------------------------------------------------------------------------
      42.2   56.3     26   29.3     09  706.3    0.0   6.94    3.4   35.0     29    223