NOAA-Style Climate Reports


Report for 2015 November
                   MONTHLY CLIMATOLOGICAL SUMMARY for Nov 2015


NAME: Conlig WX, Co. Down                  
ELEV: 170 feet    LAT: 54-38.04 N    LONG: 005-40.26 W


                   TEMPERATURE (F), RAIN (in), WIND SPEED (mph)

                                         HEAT   COOL         AVG
      MEAN                               DEG    DEG          WIND                   DOM
DAY   TEMP   HIGH   TIME    LOW   TIME   DAYS   DAYS   RAIN  SPEED   HIGH   TIME    DIR
---------------------------------------------------------------------------------------
 01   51.2   61.4  14:05   41.0  04:51   13.8    0.0   0.01    1.6   14.0  19:38    213
 02   52.9   55.7  14:25   50.1  23:58   12.1    0.0   0.01    3.1   18.0  13:33    203
 03   50.8   53.3  13:16   48.7  03:27   14.2    0.0   0.00    0.3   11.0  00:15    205
 04   50.2   52.4  14:39   48.5  06:07   14.8    0.0   0.06    0.1    4.0  06:47    134
 05   50.7   54.9  14:07   42.8  03:41   14.3    0.0   0.20    0.7   11.0  14:17    209
 06   52.4   59.1  14:37   45.1  20:41   12.6    0.0   0.04    3.2   23.0  07:20    212
 07   49.2   51.8  14:20   46.0  00:00   15.8    0.0   0.29    1.7   15.0  20:35    234
 08   49.4   56.8  12:37   42.4  22:39   15.6    0.0   0.46    5.1   32.0  09:43    210
 09   55.0   61.3  21:55   43.9  00:03   10.0    0.0   0.04    7.5   28.0  05:08    234
 10   58.6   61.1  12:37   53.9  22:36    6.4    0.0   0.09    4.8   23.0  03:59    233
 11   51.7   56.2  14:45   48.0  19:59   13.3    0.0   0.13    3.6   25.0  22:45    233
 12   48.9   56.2  15:57   43.6  05:36   16.1    0.0   0.14    6.1   32.0  10:22    217
 13   41.0   45.0  00:02   39.0  23:53   24.0    0.0   0.09    6.7   28.0  13:05    253
 14   45.3   57.1  23:57   39.0  00:00   19.7    0.0   0.72    2.7   24.0  23:52    239
 15   57.5   58.9  15:08   55.8  23:59    7.5    0.0   0.22    6.0   26.0  00:12    231
 16   43.5   55.8  00:00   37.7  22:12   21.5    0.0   0.03    4.4   27.0  00:20    245
 17   43.5   51.8  15:59   37.5  01:04   21.5    0.0   0.52    2.6   21.0  19:28    254
 18   47.9   52.1  09:20   41.4  02:41   17.1    0.0   0.30    5.6   29.0  14:13    245
 19   44.8   48.2  14:04   38.7  23:26   20.2    0.0   0.00    3.4   20.0  02:50    259
 20   38.1   43.7  11:36   34.7  17:49   26.9    0.0   0.05    4.2   23.0  01:07    263
 21   39.1   41.7  02:10   35.9  09:10   25.9    0.0   0.04    3.8   25.0  00:44    298
 22   40.1   45.0  09:53   32.4  19:42   24.9    0.0   0.19    1.6   14.0  11:45    338
 23   42.0   48.2  19:10   34.4  00:45   23.0    0.0   0.13    3.3   18.0  17:34    239
 24   45.7   48.1  13:15   43.6  04:38   19.3    0.0   0.01    3.1   19.0  11:36    268
 25   48.0   50.8  10:47   45.6  00:00   17.0    0.0   0.02    3.7   18.0  10:57    271
 26   51.8   55.0  14:13   47.8  00:47   13.2    0.0   0.00    2.8   17.0  13:41    256
 27   44.6   52.8  00:00   35.1  22:09   20.4    0.0   0.24    4.7   21.0  04:57    249
 28   40.0   44.9  14:40   35.1  00:04   25.0    0.0   0.20    5.9   26.0  14:58    246
 29   42.9   49.9  10:34   36.7  22:38   22.1    0.0   0.22    6.8   31.0  10:28    263
 30   38.4   40.4  13:49   36.5  22:48   26.6    0.0   0.48    1.4   17.0  00:00    257
---------------------------------------------------------------------------------------
      47.2   61.4     01   32.4     22  534.8    0.0   4.93    3.7   32.0     08    243