NOAA-Style Climate Reports


Report for 2015 October
                   MONTHLY CLIMATOLOGICAL SUMMARY for Oct 2015


NAME: Conlig WX, Co. Down                  
ELEV: 170 feet    LAT: 54-38.04 N    LONG: 005-40.26 W


                   TEMPERATURE (F), RAIN (in), WIND SPEED (mph)

                                         HEAT   COOL         AVG
      MEAN                               DEG    DEG          WIND                   DOM
DAY   TEMP   HIGH   TIME    LOW   TIME   DAYS   DAYS   RAIN  SPEED   HIGH   TIME    DIR
---------------------------------------------------------------------------------------
 01   52.5   63.2  16:26   44.6  22:56   12.5    0.0   0.02    0.2    7.0  12:19    180
 02   50.3   58.6  13:50   40.4  04:06   14.7    0.0   0.01    0.2    6.0  17:58    320
 03   51.0   54.9  14:05   47.3  02:43   14.0    0.0   0.00    0.2    5.0  13:04    262
 04   52.1   57.2  14:23   47.1  08:24   12.9    0.0   0.00    1.1   14.0  15:51    179
 05   55.5   58.6  14:47   52.4  06:55    9.5    0.0   0.49    4.9   22.0  14:02    148
 06   58.4   64.0  14:51   51.2  23:56    6.6    0.0   0.35    2.6   14.0  22:42    215
 07   52.4   58.4  15:53   47.8  09:00   12.6    0.0   0.00    2.2   15.0  09:21    269
 08   51.0   59.2  15:08   42.5  07:33   14.0    0.0   0.00    0.9   10.0  09:47    228
 09   55.0   61.2  13:05   50.0  06:39   10.0    0.0   0.00    1.4   13.0  12:32    207
 10   54.0   58.2  13:26   51.3  08:09   11.0    0.0   0.00    0.5    8.0  13:05    162
 11   53.1   56.4  15:51   50.6  02:17   11.9    0.0   0.04    0.8    8.0  08:38    185
 12   50.4   54.6  14:41   45.7  07:44   14.6    0.0   0.02    2.4   16.0  14:40    287
 13   46.8   54.9  14:08   38.5  23:46   18.2    0.0   0.00    0.3    8.0  00:00    150
 14   45.1   55.9  15:29   36.9  03:41   19.9    0.0   0.00    0.7   13.0  13:28    206
 15   46.9   54.5  14:37   36.9  01:18   18.1    0.0   0.00    0.3    6.0  11:17    126
 16   48.2   54.7  16:00   39.8  07:39   16.8    0.0   0.01    0.3    7.0  11:36     87
 17   48.8   53.7  13:23   41.7  03:24   16.2    0.0   0.00    0.8    9.0  11:21     93
 18   50.7   54.3  15:27   45.1  08:48   14.3    0.0   0.00    0.7   10.0  11:45     98
 19   51.3   55.1  12:29   48.2  07:27   13.7    0.0   0.00    0.5   10.0  23:05    252
 20   49.9   55.0  15:03   45.0  08:16   15.1    0.0   0.52    2.0   15.0  21:18    238
 21   56.9   61.6  13:44   51.8  00:00    8.1    0.0   0.03    4.2   24.0  04:01    251
 22   52.5   55.9  16:03   49.3  23:30   12.5    0.0   0.00    2.9   22.0  02:05    261
 23   52.5   56.0  12:07   48.8  04:53   12.5    0.0   0.01    4.0   21.0  20:58    204
 24   48.2   55.3  00:01   42.8  22:56   16.8    0.0   0.29    3.4   20.0  05:41    244
 25   47.9   52.7  13:17   42.1  01:22   17.1    0.0   0.00    4.0   19.0  23:36    214
 26   52.3   54.5  23:00   50.7  09:29   12.7    0.0   0.37    4.8   26.0  04:41    155
 27   54.0   55.8  16:11   52.4  23:46   11.0    0.0   0.27    2.7   19.0  15:32    136
 28   52.0   55.4  14:54   49.1  07:41   13.0    0.0   0.02    0.9   14.0  22:08    187
 29   50.9   54.8  03:36   45.6  20:06   14.1    0.0   0.40    2.8   21.0  03:55    203
 30   53.5   58.1  20:58   50.2  09:02   11.5    0.0   0.13    3.3   23.0  22:48    184
 31   55.7   59.6  14:22   49.5  23:59    9.3    0.0   0.03    3.3   26.0  01:32    207
---------------------------------------------------------------------------------------
      51.6   64.0     06   36.9     14  415.1    0.0   3.00    1.9   26.0     26    207