NOAA-Style Climate Reports


Report for 2015 September
                   MONTHLY CLIMATOLOGICAL SUMMARY for Sep 2015


NAME: Conlig WX, Co. Down                  
ELEV: 170 feet    LAT: 54-38.04 N    LONG: 005-40.26 W


                   TEMPERATURE (F), RAIN (in), WIND SPEED (mph)

                                         HEAT   COOL         AVG
      MEAN                               DEG    DEG          WIND                   DOM
DAY   TEMP   HIGH   TIME    LOW   TIME   DAYS   DAYS   RAIN  SPEED   HIGH   TIME    DIR
---------------------------------------------------------------------------------------
 01   54.7   59.4  16:15   50.9  23:54   10.3    0.0   0.00    3.0   16.0  15:06    288
 02   53.0   56.4  11:04   50.2  03:18   12.0    0.0   0.02    3.3   16.0  22:39    281
 03   53.5   58.2  13:48   49.6  05:23   11.5    0.0   0.00    4.2   18.0  10:17    301
 04   54.9   60.1  14:51   52.4  05:02   10.1    0.0   0.00    4.1   18.0  12:59    287
 05   53.4   58.0  14:58   50.6  02:05   11.6    0.0   0.00    3.8   17.0  04:22    306
 06   54.6   60.1  15:26   50.6  01:31   10.4    0.0   0.00    2.5   13.0  17:15    278
 07   53.4   57.2  15:37   51.0  06:46   11.6    0.0   0.03    0.7   12.0  04:49    277
 08   56.3   63.7  15:34   52.0  04:57    8.7    0.0   0.00    1.1   12.0  12:37    194
 09   54.6   56.8  12:10   51.7  00:32   10.4    0.0   0.00    1.8   14.0  11:59    152
 10   57.8   63.2  14:39   53.3  06:33    7.2    0.0   0.00    2.6   18.0  13:00    148
 11   58.6   62.9  15:48   54.8  06:33    6.4    0.0   0.09    4.0   23.0  12:22    144
 12   55.1   60.2  17:20   47.0  23:59    9.9    0.0   0.80    3.9   20.0  03:10    201
 13   53.4   60.4  13:00   44.5  06:10   11.6    0.0   0.00    1.4   15.0  13:01    197
 14   53.9   58.0  11:26   51.2  06:21   11.1    0.0   0.16    1.4   13.0  19:56     27
 15   53.7   59.8  16:43   47.4  23:59   11.3    0.0   0.01    1.6   13.0  04:17    274
 16   51.0   58.5  13:36   42.8  03:09   14.0    0.0   0.00    0.5    8.0  13:21    329
 17   53.7   62.5  13:56   45.6  01:01   11.3    0.0   0.46    0.6    8.0  12:53    247
 18   55.1   60.7  16:15   51.3  01:34    9.9    0.0   0.01    1.1    9.0  11:01    297
 19   54.5   60.8  14:32   48.3  07:26   10.5    0.0   0.00    1.0   10.0  14:04    224
 20   55.4   60.6  11:38   50.6  05:44    9.6    0.0   0.30    2.6   15.0  10:45    208
 21   54.1   60.3  16:57   47.2  23:26   10.9    0.0   0.13    1.2   16.0  12:08    262
 22   51.7   58.5  15:05   46.8  04:06   13.3    0.0   0.01    2.7   17.0  16:13    280
 23   52.7   62.0  14:03   45.7  02:29   12.3    0.0   0.01    2.1   17.0  11:54    246
 24   50.9   57.0  16:37   45.7  06:32   14.1    0.0   0.03    4.2   23.0  15:23    251
 25   52.5   58.4  14:53   46.8  03:17   12.5    0.0   0.00    1.8   15.0  00:00    265
 26   55.0   61.2  12:13   50.9  23:58   10.0    0.0   0.00    1.5   14.0  12:40    201
 27   53.7   62.1  13:19   46.0  07:19   11.3    0.0   0.02    1.1   14.0  14:17    194
 28   53.1   59.6  14:38   44.8  02:48   11.9    0.0   0.01    2.0   21.0  12:25    190
 29   54.6   63.0  13:49   46.9  23:32   10.4    0.0   0.01    0.7   11.0  10:56    177
 30   52.3   60.0  15:14   45.0  01:14   12.7    0.0   0.02    0.3    7.0  13:31    114
---------------------------------------------------------------------------------------
      54.0   63.7     08   42.8     16  328.8    0.0   2.10    2.1   23.0     11    248