NOAA-Style Climate Reports


Report for 2015 August
                   MONTHLY CLIMATOLOGICAL SUMMARY for Aug 2015


NAME: Conlig WX, Co. Down                  
ELEV: 170 feet    LAT: 54-38.04 N    LONG: 005-40.26 W


                   TEMPERATURE (F), RAIN (in), WIND SPEED (mph)

                                         HEAT   COOL         AVG
      MEAN                               DEG    DEG          WIND                   DOM
DAY   TEMP   HIGH   TIME    LOW   TIME   DAYS   DAYS   RAIN  SPEED   HIGH   TIME    DIR
---------------------------------------------------------------------------------------
 01   55.3   62.2  14:29   47.4  05:57    9.7    0.0   0.18    2.3   17.0  12:34    244
 02   56.3   60.9  16:33   51.3  01:13    8.7    0.0   0.13    2.1   18.0  12:25    172
 03   59.7   64.6  14:18   56.1  22:18    5.3    0.0   0.19    5.9   27.0  23:54    197
 04   59.3   66.6  15:35   54.2  23:53    5.7    0.0   0.06    6.5   27.0  00:00    225
 05   55.8   58.5  12:48   52.6  05:33    9.2    0.0   0.45    4.2   28.0  16:09    200
 06   57.2   63.1  15:45   52.3  06:24    7.8    0.0   0.13    1.4   11.0  08:38    262
 07   56.5   63.2  13:19   49.2  03:25    8.5    0.0   0.00    0.6    7.0  11:54    194
 08   56.5   63.8  11:09   46.2  04:54    8.5    0.0   0.07    2.7   19.0  16:00    209
 09   60.1   68.0  14:42   55.9  00:00    4.9    0.0   0.00    2.3   17.0  15:11    226
 10   58.6   66.0  16:05   54.5  23:08    6.4    0.0   0.80    2.5   20.0  13:41    244
 11   56.0   60.0  14:33   52.8  03:58    9.0    0.0   0.01    0.9    9.0  07:01    256
 12   58.3   64.8  16:02   52.0  23:59    6.7    0.0   0.00    1.1   12.0  16:15    211
 13   58.2   68.6  15:25   45.8  06:01    6.8    0.0   0.00    0.6    8.0  15:22    156
 14   56.3   62.3  12:04   49.8  00:00    8.7    0.0   0.00    1.4   14.0  16:56    285
 15   54.2   62.2  14:12   47.6  05:59   10.8    0.0   0.01    1.2   13.0  09:00    262
 16   58.1   65.6  14:47   49.7  05:50    6.9    0.0   0.00    2.0   13.0  15:57    208
 17   59.7   68.8  13:50   53.0  06:07    5.3    0.0   0.00    1.1   11.0  11:41    206
 18   60.4   68.0  14:31   51.4  03:30    4.6    0.0   0.00    0.8   10.0  17:37    302
 19   58.0   64.6  18:59   52.7  05:54    7.0    0.0   0.65    2.1   19.0  11:17    201
 20   59.2   65.3  15:18   52.5  04:30    5.8    0.0   0.01    3.3   21.0  17:00    195
 21   62.7   69.8  13:23   58.9  01:21    2.3    0.0   0.00    3.7   21.0  13:22    206
 22   58.7   62.5  09:54   54.5  05:40    6.3    0.0   0.00    1.2   13.0  10:13    206
 23   60.8   67.6  15:03   56.4  02:46    4.2    0.0   1.27    2.0   15.0  05:21    156
 24   57.8   64.7  13:32   51.9  23:57    7.2    0.0   0.08    1.1    9.0  10:40    225
 25   54.5   61.4  12:36   47.3  04:56   10.5    0.0   0.26    1.6   15.0  13:54    196
 26   57.0   63.7  16:07   50.4  02:34    8.0    0.0   0.54    2.9   18.0  18:40    225
 27   55.6   63.2  13:19   49.9  03:23    9.4    0.0   0.06    3.6   20.0  08:30    235
 28   56.8   63.2  16:31   51.1  06:19    8.2    0.0   0.13    3.8   22.0  11:51    224
 29   57.7   64.2  13:34   53.0  22:46    7.3    0.0   0.09    2.9   14.0  11:55    222
 30   56.9   65.3  17:53   50.2  05:34    8.1    0.0   0.00    1.0    8.0  12:50    258
 31   56.7   62.1  15:51   53.0  06:30    8.3    0.0   0.00    2.0   12.0  12:32    304
---------------------------------------------------------------------------------------
      57.7   69.8     21   45.8     13  226.4    0.0   5.11    2.3   28.0     05    217