NOAA-Style Climate Reports


Report for 2015 July
                   MONTHLY CLIMATOLOGICAL SUMMARY for Jul 2015


NAME: Conlig WX, Co. Down                  
ELEV: 170 feet    LAT: 54-38.04 N    LONG: 005-40.26 W


                   TEMPERATURE (F), RAIN (in), WIND SPEED (mph)

                                         HEAT   COOL         AVG
      MEAN                               DEG    DEG          WIND                   DOM
DAY   TEMP   HIGH   TIME    LOW   TIME   DAYS   DAYS   RAIN  SPEED   HIGH   TIME    DIR
---------------------------------------------------------------------------------------
 01   64.4   73.6  10:32   55.6  04:21    0.6    0.0   0.00    1.5   12.0  15:54    199
 02   62.4   70.6  12:38   55.9  03:41    2.6    0.0   0.00    2.2   17.0  16:45    220
 03   60.2   67.3  14:42   52.1  05:20    4.8    0.0   0.00    2.2   16.0  10:08    178
 04   60.4   70.7  15:41   54.6  23:58    4.6    0.0   0.20    3.7   21.0  01:38    170
 05   58.2   64.8  12:15   51.2  02:29    6.8    0.0   0.02    2.3   19.0  12:27    197
 06   56.1   58.3  08:28   51.8  04:24    8.9    0.0   0.30    3.8   23.0  21:25    197
 07   59.4   66.0  14:36   56.0  23:57    5.6    0.0   0.10    3.3   20.0  18:39    239
 08   56.2   61.6  13:23   49.1  23:58    8.8    0.0   0.00    3.9   18.0  10:34    287
 09   54.0   63.8  16:21   45.1  05:05   11.0    0.0   0.13    2.0   20.0  19:45    213
 10   59.2   66.2  15:23   53.9  00:00    5.8    0.0   0.08    4.3   22.0  14:24    202
 11   58.8   63.1  13:39   53.4  05:37    6.2    0.0   0.06    4.0   20.0  19:41    218
 12   58.1   63.7  14:42   54.9  06:48    6.9    0.0   0.00    2.4   14.0  06:42    252
 13   57.1   63.4  15:05   52.0  23:59    7.9    0.0   0.27    1.5   13.0  18:38    264
 14   54.1   60.2  11:58   48.6  23:58   10.9    0.0   0.00    1.2    9.0  10:42    288
 15   53.2   59.6  14:41   46.0  04:49   11.8    0.0   0.00    1.2   10.0  08:14    293
 16   54.7   61.1  14:34   46.5  05:27   10.3    0.0   0.83    2.0   15.0  22:04    127
 17   58.3   63.0  13:17   53.5  23:30    6.7    0.0   0.06    6.5   24.0  17:34    220
 18   56.3   61.1  16:44   50.7  05:17    8.7    0.0   0.29    4.3   24.0  02:24    238
 19   56.4   65.7  15:49   49.0  05:47    8.6    0.0   0.11    2.5   16.0  05:51    252
 20   56.9   67.5  18:26   52.4  03:02    8.1    0.0   0.04    2.7   18.0  17:59    221
 21   55.5   62.1  11:24   51.7  23:46    9.5    0.0   0.13    2.0   15.0  11:28    235
 22   55.6   63.6  15:03   50.8  02:25    9.4    0.0   0.00    1.6   15.0  15:42    259
 23   55.5   64.6  18:23   46.8  05:10    9.5    0.0   0.00    2.5   18.0  17:03    259
 24   54.6   59.6  15:11   49.2  04:24   10.4    0.0   0.00    1.5   15.0  22:27    313
 25   53.9   59.5  16:21   47.7  05:30   11.1    0.0   0.00    1.9   12.0  11:14    277
 26   52.6   54.5  16:21   48.9  03:10   12.4    0.0   0.35    3.0   20.0  13:51    128
 27   53.2   55.3  16:23   51.2  23:30   11.8    0.0   0.32    0.9   10.0  16:55     92
 28   52.3   57.2  15:06   49.9  05:19   12.7    0.0   0.44    1.0   13.0  12:09    279
 29   52.9   58.1  15:04   49.6  02:47   12.1    0.0   0.26    2.4   14.0  15:33    285
 30   54.1   61.8  14:33   48.7  05:37   10.9    0.0   0.01    1.7   11.0  11:05    262
 31   54.7   61.3  12:26   50.6  23:34   10.3    0.0   0.18    2.7   18.0  11:56    222
---------------------------------------------------------------------------------------
      56.4   73.6     01   45.1     09  265.2    0.0   4.17    2.5   24.0     17    226