NOAA-Style Climate Reports


Report for 2015 June
                   MONTHLY CLIMATOLOGICAL SUMMARY for Jun 2015


NAME: Conlig WX, Co. Down                  
ELEV: 170 feet    LAT: 54-38.04 N    LONG: 005-40.26 W


                   TEMPERATURE (F), RAIN (in), WIND SPEED (mph)

                                         HEAT   COOL         AVG
      MEAN                               DEG    DEG          WIND                   DOM
DAY   TEMP   HIGH   TIME    LOW   TIME   DAYS   DAYS   RAIN  SPEED   HIGH   TIME    DIR
---------------------------------------------------------------------------------------
 01   45.6   51.8  09:45   38.6  03:29   19.4    0.0   0.31    6.7   34.0  15:00    211
 02   49.8   56.6  16:20   42.8  04:35   15.2    0.0   0.00    5.4   26.0  03:51    257
 03   52.4   62.4  17:15   43.8  02:52   12.6    0.0   0.00    2.2   16.0  17:00    255
 04   52.9   59.2  13:02   48.5  00:12   12.1    0.0   0.00    1.5   18.0  15:14    192
 05   53.5   60.8  13:38   48.9  01:49   11.5    0.0   0.20    4.3   27.0  17:17    232
 06   51.4   58.2  14:02   47.4  05:36   13.6    0.0   0.03    6.6   30.0  14:03    252
 07   50.3   58.2  12:51   44.7  23:52   14.7    0.0   0.00    2.6   16.0  07:00    277
 08   50.1   56.7  16:13   42.2  05:07   14.9    0.0   0.00    2.6   16.0  14:21    314
 09   51.8   57.6  16:41   43.9  05:28   13.2    0.0   0.00    1.9   12.0  13:21    337
 10   52.0   57.9  16:26   45.3  05:15   13.0    0.0   0.00    2.1   13.0  12:27    314
 11   55.5   64.4  16:32   44.6  04:44    9.5    0.0   0.00    1.1    8.0  07:43    129
 12   54.5   60.9  15:29   47.4  03:13   10.5    0.0   0.00    1.9   13.0  15:32    308
 13   53.8   58.4  13:19   48.1  23:49   11.2    0.0   0.00    3.7   14.0  10:39    304
 14   52.0   57.1  12:38   47.2  23:55   13.0    0.0   0.00    2.5   14.0  09:34    315
 15   53.9   61.7  14:19   44.3  02:18   11.1    0.0   0.00    2.0   14.0  15:01    203
 16   59.5   66.8  14:00   54.4  00:54    5.5    0.0   0.00    2.9   17.0  16:05    218
 17   58.7   63.4  13:04   51.4  23:59    6.3    0.0   0.06    3.4   17.0  13:17    263
 18   55.9   64.7  17:21   50.4  03:08    9.1    0.0   0.00    3.1   19.0  15:09    271
 19   53.7   62.1  14:32   51.3  06:20   11.3    0.0   0.02    1.6   13.0  03:37    262
 20   57.6   64.6  15:56   52.3  00:00    7.4    0.0   0.09    0.8   10.0  10:10    248
 21   52.8   58.0  14:25   48.5  23:43   12.2    0.0   0.31    2.2   19.0  14:32    265
 22   54.2   62.5  18:01   48.1  02:23   10.8    0.0   0.06    2.5   15.0  14:55    298
 23   56.1   64.9  16:52   48.0  05:23    8.9    0.0   0.00    1.6   11.0  03:50    225
 24   59.1   67.7  13:23   50.3  05:13    5.9    0.0   0.00    1.0   12.0  18:41    215
 25   56.9   61.5  13:48   52.2  03:03    8.1    0.0   0.06    1.8   16.0  22:04    207
 26   58.9   69.7  15:29   52.1  23:59    6.1    0.0   0.07    3.0   17.0  01:55    220
 27   59.4   68.4  14:02   50.3  01:10    5.6    0.0   0.03    2.9   24.0  23:59    223
 28   60.8   67.9  14:04   55.9  05:27    4.2    0.0   0.39    5.0   24.0  00:00    238
 29   59.1   66.2  13:23   53.2  03:10    5.9    0.0   0.00    3.7   17.0  23:57    214
 30   62.1   69.6  20:02   57.3  03:31    2.9    0.0   0.00    5.3   22.0  12:01    195
---------------------------------------------------------------------------------------
      54.8   69.7     26   38.6     01  305.7    0.0   1.64    2.9   34.0     01    245