NOAA-Style Climate Reports


Report for 2015 May
                   MONTHLY CLIMATOLOGICAL SUMMARY for May 2015


NAME: Conlig WX, Co. Down                  
ELEV: 170 feet    LAT: 54-38.04 N    LONG: 005-40.26 W


                   TEMPERATURE (F), RAIN (in), WIND SPEED (mph)

                                         HEAT   COOL         AVG
      MEAN                               DEG    DEG          WIND                   DOM
DAY   TEMP   HIGH   TIME    LOW   TIME   DAYS   DAYS   RAIN  SPEED   HIGH   TIME    DIR
---------------------------------------------------------------------------------------
 01   44.2   50.1  15:47   35.4  03:54   20.8    0.0   0.00    1.2   11.0  12:33    126
 02   43.2   44.6  10:15   40.9  13:09   21.8    0.0   0.70    4.9   19.0  13:33    129
 03   48.6   56.1  13:47   43.5  05:09   16.4    0.0   1.05    3.4   21.0  04:52    151
 04   50.1   56.5  13:14   44.8  05:58   14.9    0.0   0.00    4.1   21.0  13:36    218
 05   47.4   52.3  16:32   44.8  23:00   17.6    0.0   0.43    2.8   25.0  18:24    230
 06   46.7   51.5  16:26   43.6  06:07   18.3    0.0   0.06    3.9   19.0  00:27    262
 07   45.4   50.9  12:02   40.5  05:34   19.6    0.0   0.00    1.4   12.0  10:43    270
 08   45.7   52.3  11:53   41.7  04:05   19.3    0.0   0.42    1.5   12.0  22:51    120
 09   49.8   57.5  14:25   43.8  00:47   15.2    0.0   0.00    2.9   14.0  05:34    251
 10   51.7   57.7  12:35   48.5  03:39   13.3    0.0   0.14    6.8   27.0  13:07    196
 11   53.8   60.7  16:41   48.5  05:33   11.2    0.0   0.19    5.9   25.0  13:09    227
 12   50.7   58.3  15:49   45.6  06:35   14.3    0.0   0.05    5.1   29.0  11:30    256
 13   48.2   54.8  17:48   41.1  04:17   16.8    0.0   0.00    1.1    8.0  07:10    161
 14   49.3   54.3  18:11   41.2  00:59   15.7    0.0   0.00    3.7   20.0  07:35    112
 15   50.2   55.8  19:22   40.2  05:03   14.8    0.0   0.08    3.0   22.0  15:09    219
 16   49.7   56.0  16:37   44.2  05:04   15.3    0.0   0.00    4.0   22.0  13:33    269
 17   49.8   55.9  14:43   44.2  02:22   15.2    0.0   0.06    4.7   21.0  11:56    252
 18   46.5   53.3  12:47   42.5  23:45   18.5    0.0   0.35    2.6   23.0  15:26    257
 19   45.9   52.2  15:25   41.8  01:03   19.1    0.0   0.08    3.8   23.0  14:57    276
 20   49.5   58.1  14:05   44.3  04:14   15.5    0.0   0.00    2.5   17.0  10:34    271
 21   52.8   60.1  16:26   43.2  02:22   12.2    0.0   0.00    2.3   15.0  08:47    253
 22   54.8   60.8  14:30   48.0  23:05   10.2    0.0   0.00    2.7   18.0  11:32    276
 23   53.8   62.1  14:55   48.1  04:27   11.2    0.0   0.00    2.1   17.0  16:32    213
 24   52.6   56.1  00:22   48.4  06:07   12.4    0.0   0.03    2.7   17.0  12:31    269
 25   51.1   55.1  15:52   48.5  05:20   13.9    0.0   0.00    1.8   10.0  02:03    280
 26   51.6   55.8  17:06   48.9  23:57   13.4    0.0   0.00    2.6   16.0  10:14    280
 27   48.9   52.3  19:41   47.2  23:59   16.1    0.0   0.25    3.1   22.0  20:07    245
 28   48.5   54.6  17:34   43.9  04:44   16.5    0.0   0.09    3.4   20.0  11:34    269
 29   47.2   53.3  15:57   42.2  05:29   17.8    0.0   0.17    2.6   19.0  16:49    273
 30   48.0   55.5  14:34   40.7  04:09   17.0    0.0   0.24    2.7   17.0  16:57    212
 31   48.5   53.7  16:30   40.5  23:58   16.5    0.0   0.34    4.0   25.0  14:02    262
---------------------------------------------------------------------------------------
      49.2   62.1     23   35.4     01  490.9    0.0   4.72    3.2   29.0     12    238