NOAA-Style Climate Reports


Report for 2015 April
                   MONTHLY CLIMATOLOGICAL SUMMARY for Apr 2015


NAME: Conlig WX, Co. Down                  
ELEV: 170 feet    LAT: 54-38.04 N    LONG: 005-40.26 W


                   TEMPERATURE (F), RAIN (in), WIND SPEED (mph)

                                         HEAT   COOL         AVG
      MEAN                               DEG    DEG          WIND                   DOM
DAY   TEMP   HIGH   TIME    LOW   TIME   DAYS   DAYS   RAIN  SPEED   HIGH   TIME    DIR
---------------------------------------------------------------------------------------
 01   41.1   46.8  12:59   36.0  06:34   23.9    0.0   0.30    3.4   22.0  01:33    273
 02   41.6   45.8  13:19   38.8  07:07   23.4    0.0   0.15    1.2   11.0  15:33    201
 03   45.7   50.6  14:09   40.9  00:00   19.3    0.0   0.20    3.1   25.0  14:03    284
 04   48.2   56.1  17:24   43.3  23:29   16.8    0.0   0.00    1.2   14.0  00:00    283
 05   48.7   58.5  17:52   43.5  23:19   16.3    0.0   0.00    0.4    7.0  17:02    193
 06   49.3   63.0  15:48   37.7  06:51   15.7    0.0   0.01    0.8   12.0  16:20    285
 07   48.4   57.9  12:47   39.3  03:44   16.6    0.0   0.00    0.7    9.0  15:05    177
 08   47.3   56.6  16:34   37.1  04:12   17.7    0.0   0.00    2.0   16.0  16:44    203
 09   50.3   59.0  14:16   41.1  04:51   14.7    0.0   0.00    2.4   18.0  14:34    206
 10   48.2   55.9  14:04   41.6  06:53   16.8    0.0   0.01    4.1   22.0  15:32    199
 11   43.4   50.8  15:58   37.9  03:45   21.6    0.0   0.20    4.2   25.0  17:57    254
 12   43.2   50.4  14:12   36.6  23:59   21.8    0.0   0.43    2.0   15.0  15:51    249
 13   46.4   55.2  15:13   36.3  00:08   18.6    0.0   0.03    2.8   18.0  12:18    208
 14   53.5   58.6  15:02   49.0  23:48   11.5    0.0   0.03    4.4   19.0  02:17    239
 15   47.5   53.1  13:32   42.5  23:59   17.5    0.0   0.06    2.4   17.0  04:10    263
 16   45.4   51.1  14:56   37.0  06:27   19.6    0.0   0.00    0.9    9.0  14:22     22
 17   48.3   54.6  16:50   44.7  05:17   16.7    0.0   0.00    1.6   11.0  14:28     94
 18   46.6   53.0  15:36   39.1  06:20   18.4    0.0   0.00    1.5   12.0  09:46    112
 19   46.2   52.8  18:04   37.5  06:20   18.8    0.0   0.00    1.0   10.0  16:19    114
 20   48.6   56.1  15:51   41.9  23:56   16.4    0.0   0.00    1.4   12.0  15:53    183
 21   48.8   56.1  17:26   37.2  05:29   16.2    0.0   0.00    1.2   10.0  15:05    330
 22   51.5   63.0  17:56   42.7  06:05   13.5    0.0   0.00    0.7    7.0  00:13    143
 23   49.8   58.8  09:14   40.2  05:53   15.2    0.0   0.00    0.5    7.0  11:51     83
 24   49.3   56.7  11:43   41.3  05:09   15.7    0.0   0.09    1.6   16.0  15:12    219
 25   45.0   51.4  00:19   40.2  06:46   20.0    0.0   0.22    3.6   17.0  17:59    316
 26   42.3   48.8  12:03   35.9  06:11   22.7    0.0   0.00    2.6   18.0  12:06    278
 27   39.7   47.3  11:00   29.2  06:08   25.3    0.0   0.12    4.1   27.0  19:39    255
 28   42.3   51.6  16:29   34.6  06:01   22.7    0.0   0.16    5.0   24.0  13:00    257
 29   41.7   49.2  12:57   36.3  07:07   23.3    0.0   0.05    3.8   19.0  15:32    251
 30   46.3   51.9  14:14   39.9  03:32   18.7    0.0   0.00    2.2   14.0  08:20    306
---------------------------------------------------------------------------------------
      46.5   63.0     06   29.2     27  555.5    0.0   2.06    2.2   27.0     27    247