NOAA-Style Climate Reports


Report for 2015 March
                   MONTHLY CLIMATOLOGICAL SUMMARY for Mar 2015


NAME: Conlig WX, Co. Down                  
ELEV: 170 feet    LAT: 54-38.04 N    LONG: 005-40.26 W


                   TEMPERATURE (F), RAIN (in), WIND SPEED (mph)

                                         HEAT   COOL         AVG
      MEAN                               DEG    DEG          WIND                   DOM
DAY   TEMP   HIGH   TIME    LOW   TIME   DAYS   DAYS   RAIN  SPEED   HIGH   TIME    DIR
---------------------------------------------------------------------------------------
 01   39.3   44.2  13:12   34.0  23:42   25.7    0.0   0.07    6.3   34.0  00:29    269
 02   35.6   40.9  14:05   32.4  08:06   29.4    0.0   0.07    5.7   24.0  04:25    253
 03   36.3   43.0  13:47   31.8  07:25   28.7    0.0   0.09    6.8   34.0  15:05    262
 04   41.9   49.2  15:04   36.3  00:06   23.1    0.0   0.09    3.2   21.0  00:06    264
 05   47.4   52.2  14:58   43.9  04:39   17.6    0.0   0.00    4.2   21.0  16:09    232
 06   48.3   51.5  13:45   45.6  03:10   16.7    0.0   0.00    6.5   31.0  22:54    217
 07   53.3   58.8  13:28   49.1  00:33   11.7    0.0   0.00    7.1   27.0  11:25    223
 08   45.4   51.9  01:42   35.4  23:58   19.6    0.0   0.05    3.3   21.0  00:10    255
 09   44.0   53.6  14:10   34.1  02:04   21.0    0.0   0.15    7.0   34.0  13:38    227
 10   42.4   50.7  16:01   36.8  03:29   22.6    0.0   0.00    2.2   16.0  00:04    249
 11   42.7   50.0  13:27   33.2  23:07   22.3    0.0   0.20    4.7   30.0  11:00    204
 12   44.0   47.9  13:28   34.7  00:00   21.0    0.0   0.52    4.2   30.0  11:36    177
 13   40.7   46.7  13:25   33.6  07:26   24.3    0.0   0.00    0.7   10.0  15:51    306
 14   41.0   42.9  12:25   38.9  00:00   24.0    0.0   0.00    1.6   14.0  09:30    133
 15   40.6   44.4  15:45   34.3  04:16   24.4    0.0   0.00    1.4   10.0  10:28    121
 16   41.7   43.9  11:49   39.9  06:42   23.3    0.0   0.01    1.2   10.0  15:50    127
 17   40.9   47.2  12:50   33.7  22:40   24.1    0.0   0.00    0.3    8.0  09:38    139
 18   41.9   51.1  14:09   33.5  05:08   23.1    0.0   0.00    0.3    6.0  12:18    146
 19   44.8   55.6  13:57   32.4  03:54   20.2    0.0   0.00    0.6    9.0  13:21    223
 20   46.8   49.8  16:11   42.8  23:58   18.2    0.0   0.00    2.2   13.0  12:16    274
 21   44.3   51.2  14:03   36.5  22:32   20.7    0.0   0.00    1.4   15.0  03:57    300
 22   45.0   52.7  15:09   37.1  06:45   20.0    0.0   0.00    2.8   19.0  23:44    214
 23   44.8   50.8  14:45   36.8  23:59   20.2    0.0   0.03    2.5   15.0  00:00    265
 24   40.1   46.1  13:24   34.5  01:20   24.9    0.0   0.05    3.5   22.0  17:39    285
 25   41.3   49.0  13:09   35.5  04:48   23.7    0.0   0.16    3.3   27.0  23:51    197
 26   43.9   48.8  14:40   38.4  00:00   21.1    0.0   0.27    5.7   27.0  00:26    269
 27   43.3   50.7  14:01   36.7  06:15   21.7    0.0   0.00    2.2   15.0  15:07    222
 28   48.7   56.4  09:49   43.8  01:13   16.3    0.0   0.52    6.3   29.0  20:43    249
 29   43.1   49.1  15:58   38.8  23:58   21.9    0.0   0.04    4.4   25.0  00:06    273
 30   42.8   51.1  19:43   36.8  06:24   22.2    0.0   0.43    5.1   32.0  20:57    254
 31   41.1   46.8  01:30   36.5  17:14   23.9    0.0   0.22    7.0   37.0  01:27    275
---------------------------------------------------------------------------------------
      43.2   58.8     07   31.8     03  677.3    0.0   2.97    3.7   37.0     31    243