NOAA-Style Climate Reports


Report for 2015 February
                   MONTHLY CLIMATOLOGICAL SUMMARY for Feb 2015


NAME: Conlig WX, Co. Down                  
ELEV: 170 feet    LAT: 54-38.04 N    LONG: 005-40.26 W


                   TEMPERATURE (F), RAIN (in), WIND SPEED (mph)

                                         HEAT   COOL         AVG
      MEAN                               DEG    DEG          WIND                   DOM
DAY   TEMP   HIGH   TIME    LOW   TIME   DAYS   DAYS   RAIN  SPEED   HIGH   TIME    DIR
---------------------------------------------------------------------------------------
 01   37.0   40.8  12:11   32.9  23:54   28.0    0.0   0.00    3.9   21.0  01:12    308
 02   34.4   38.8  14:01   31.6  22:36   30.6    0.0   0.00    1.7   11.0  00:38    270
 03   35.1   41.3  14:25   28.8  05:10   29.9    0.0   0.01    1.5   13.0  13:24    306
 04   37.4   42.5  14:17   32.1  04:15   27.6    0.0   0.00    1.3   11.0  12:49    287
 05   41.2   46.8  14:28   37.4  04:34   23.8    0.0   0.01    1.2   11.0  12:58    273
 06   42.0   45.4  09:52   38.2  08:38   23.0    0.0   0.00    0.6    9.0  18:27    282
 07   43.4   47.1  14:17   39.5  21:56   21.6    0.0   0.00    3.0   16.0  04:32    318
 08   41.3   46.4  15:50   36.8  01:38   23.7    0.0   0.00    1.2   11.0  13:04    269
 09   42.0   44.2  16:36   39.9  05:29   23.0    0.0   0.00    1.2   14.0  01:02    267
 10   39.5   42.3  00:00   36.7  22:04   25.5    0.0   0.00    0.9   14.0  19:50    224
 11   39.8   41.7  13:17   36.7  05:22   25.2    0.0   0.00    1.2   11.0  04:00    227
 12   41.4   44.0  12:33   38.8  07:20   23.6    0.0   0.00    2.2   20.0  23:49    203
 13   43.1   45.6  16:25   41.8  00:51   21.9    0.0   0.23    3.7   23.0  02:51    153
 14   42.7   46.2  13:02   37.3  22:19   22.3    0.0   0.00    0.8   11.0  00:38    115
 15   44.0   47.3  13:29   41.0  00:00   21.0    0.0   0.51    4.6   21.0  11:59    195
 16   39.6   44.3  00:00   31.0  22:54   25.4    0.0   0.09    1.9   17.0  10:43    266
 17   41.3   46.4  14:21   33.2  00:00   23.7    0.0   0.00    3.7   20.0  23:51    230
 18   48.5   52.6  14:33   45.8  01:04   16.5    0.0   0.01    5.3   21.0  07:55    214
 19   44.0   49.8  00:08   35.1  21:46   21.0    0.0   0.00    3.7   19.0  00:00    237
 20   37.8   43.7  15:46   33.9  07:17   27.2    0.0   0.00    3.3   18.0  03:33    266
 21   37.1   41.6  15:44   34.1  11:07   27.9    0.0   0.07    3.4   20.0  20:04    270
 22   39.2   48.6  15:18   34.0  03:03   25.8    0.0   0.57    5.0   28.0  10:35    240
 23   38.3   43.8  13:42   34.1  06:41   26.7    0.0   0.04    8.2   36.0  14:56    249
 24   39.8   42.9  12:51   37.5  09:18   25.2    0.0   0.18    4.5   31.0  13:29    272
 25   46.1   52.4  23:28   41.2  00:00   18.9    0.0   0.05    3.2   19.0  18:38    238
 26   42.4   52.9  01:04   34.7  23:52   22.6    0.0   0.22    4.8   26.0  12:31    260
 27   40.0   45.5  14:12   34.0  01:59   25.0    0.0   0.00    5.3   22.0  20:52    231
 28   45.4   50.3  19:40   42.5  23:54   19.6    0.0   0.27    6.3   37.0  19:51    234
---------------------------------------------------------------------------------------
      40.9   52.9     26   28.8     03  676.2    0.0   2.25    3.1   37.0     28    246