NOAA-Style Climate Reports


Report for 2015 January
                   MONTHLY CLIMATOLOGICAL SUMMARY for Jan 2015


NAME: Conlig WX, Co. Down                  
ELEV: 170 feet    LAT: 54-38.04 N    LONG: 005-40.26 W


                   TEMPERATURE (F), RAIN (in), WIND SPEED (mph)

                                         HEAT   COOL         AVG
      MEAN                               DEG    DEG          WIND                   DOM
DAY   TEMP   HIGH   TIME    LOW   TIME   DAYS   DAYS   RAIN  SPEED   HIGH   TIME    DIR
---------------------------------------------------------------------------------------
 01   50.5   56.8  18:31   43.8  23:49   14.5    0.0   0.15    6.4   27.0  20:48    230
 02   40.7   43.9  00:04   37.5  10:00   24.3    0.0   0.00    5.6   25.0  02:02    261
 03   40.6   44.6  14:18   35.9  23:58   24.4    0.0   0.09    1.2   15.0  00:37    254
 04   38.5   44.3  15:00   33.6  06:59   26.5    0.0   0.00    1.3   16.0  07:31    242
 05   45.7   49.7  13:14   34.3  00:04   19.3    0.0   0.06    3.4   18.0  12:59    209
 06   40.8   48.2  00:00   35.1  21:10   24.2    0.0   0.10    3.3   19.0  04:48    241
 07   46.7   53.3  15:42   40.4  00:00   18.3    0.0   0.28    6.4   26.0  11:11    224
 08   42.2   49.4  23:58   38.5  10:13   22.8    0.0   0.03    5.5   33.0  22:52    245
 09   50.2   56.8  16:40   43.7  12:14   14.8    0.0   0.20    8.6   32.0  17:57    267
 10   41.6   56.6  01:47   33.8  22:49   23.4    0.0   0.09    7.2   30.0  01:07    269
 11   41.4   45.6  20:53   34.4  00:00   23.6    0.0   0.03    6.0   27.0  11:03    249
 12   42.6   49.7  06:20   36.5  18:11   22.4    0.0   0.09    7.1   39.0  09:59    249
 13   34.4   39.1  00:00   31.2  23:58   30.6    0.0   0.00    5.3   23.0  21:29    243
 14   37.7   48.0  21:53   30.6  00:33   27.3    0.0   0.41    7.9   35.0  18:04    214
 15   40.4   43.4  12:41   36.0  23:52   24.6    0.0   0.43    9.5   37.0  12:27    244
 16   35.2   37.9  15:03   33.0  10:22   29.8    0.0   0.03    3.4   25.0  19:48    264
 17   34.5   37.5  13:23   32.0  23:58   30.5    0.0   0.00    1.8   17.0  00:17    252
 18   38.3   42.4  12:09   32.0  00:00   26.7    0.0   0.01    3.9   18.0  08:27    320
 19   34.7   38.8  00:00   30.8  09:04   30.3    0.0   0.00    0.6   13.0  00:30    286
 20   35.9   39.7  13:18   31.2  02:16   29.1    0.0   0.28    0.9   14.0  15:48    197
 21   36.8   38.6  15:13   34.5  19:03   28.2    0.0   0.02    0.1    6.0  04:12    134
 22   36.9   42.4  13:00   32.9  20:46   28.1    0.0   0.00    0.4    7.0  15:38    221
 23   41.0   48.5  15:49   33.5  01:16   24.0    0.0   0.15    3.6   21.0  19:07    235
 24   38.7   42.2  16:36   35.2  05:30   26.3    0.0   0.02    2.2   17.0  00:00    257
 25   46.4   51.6  15:41   40.8  00:00   18.6    0.0   0.04    3.6   21.0  17:57    235
 26   42.4   46.5  00:00   39.9  08:34   22.6    0.0   0.00    2.4   18.0  10:22    268
 27   43.5   45.9  14:12   41.0  00:32   21.5    0.0   0.00    2.5   18.0  23:17    238
 28   38.4   48.3  04:07   33.1  16:38   26.6    0.0   0.27    5.7   41.0  12:39    267
 29   33.9   37.3  23:59   32.1  08:26   31.1    0.0   0.31    3.6   23.0  00:49    266
 30   37.6   40.4  12:04   35.1  17:22   27.4    0.0   0.09    3.9   23.0  11:05    276
 31   39.6   41.3  12:36   35.7  17:17   25.4    0.0   0.00    7.5   28.0  13:23    322
---------------------------------------------------------------------------------------
      40.3   56.8     01   30.6     14  767.2    0.0   3.16    4.2   41.0     28    252