NOAA-Style Climate Reports


Report for 2014 November
                   MONTHLY CLIMATOLOGICAL SUMMARY for Nov 2014


NAME: Conlig WX, Co. Down                  
ELEV: 170 feet    LAT: 54-38.04 N    LONG: 005-40.26 W


                   TEMPERATURE (F), RAIN (in), WIND SPEED (mph)

                                         HEAT   COOL         AVG
      MEAN                               DEG    DEG          WIND                   DOM
DAY   TEMP   HIGH   TIME    LOW   TIME   DAYS   DAYS   RAIN  SPEED   HIGH   TIME    DIR
---------------------------------------------------------------------------------------
 01   51.7   56.3  19:35   45.5  07:15   13.3    0.0   0.41    5.0   30.0  18:25    206
 02   48.1   52.2  00:05   44.0  20:55   16.9    0.0   0.00    3.6   19.0  01:15    229
 03   41.1   44.8  00:05   36.4  06:55   23.9    0.0   0.21    1.3   11.0  10:25    243
 04   47.4   52.7  13:45   40.4  01:05   17.6    0.0   0.17    2.4   15.0  13:15    309
 05   45.3   50.4  14:55   39.6  19:35   19.7    0.0   0.08    0.7   12.0  00:30    173
 06   51.7   55.4  16:05   42.8  00:05   13.3    0.0   1.44    7.4   28.0  11:45    194
 07   47.8   54.5  00:05   44.3  22:50   17.2    0.0   0.31    2.3   14.0  00:55    247
 08   42.0   45.3  13:30   37.7  08:25   23.0    0.0   0.58    1.8   13.0  00:55    250
 09   43.9   48.4  14:30   40.0  22:45   21.1    0.0   0.01    0.8   15.0  04:05    246
 10   45.3   50.9  17:40   39.2  07:30   19.7    0.0   0.36    2.5   20.0  23:45    172
 11   50.5   52.4  09:10   43.5  05:20   14.5    0.0   0.31    3.9   23.0  15:45    141
 12   50.2   53.7  12:25   44.4  21:15   14.8    0.0   0.13    3.5   19.0  00:55    183
 13   49.8   53.1  11:30   42.3  19:30   15.2    0.0   0.74    4.4   27.0  10:30    170
 14   51.0   54.2  05:00   46.9  10:35   14.0    0.0   0.34    5.0   29.0  06:45    165
 15   48.6   53.3  13:40   43.4  00:00   16.4    0.0   0.35    1.3   15.0  04:30    167
 16   46.5   50.4  14:55   42.1  01:30   18.5    0.0   0.00    0.8   10.0  23:40    278
 17   50.1   51.8  15:30   47.9  03:35   14.9    0.0   0.13    2.8   18.0  08:55    348
 18   50.2   53.6  12:55   47.1  01:15   14.8    0.0   0.00    2.2   14.0  13:10    146
 19   50.5   52.5  11:35   48.6  19:45   14.5    0.0   0.00    3.3   19.0  00:45    142
 20   49.3   51.5  13:00   46.4  23:35   15.7    0.0   0.81    0.7    8.0  13:55    166
 21   48.1   52.0  00:00   46.9  17:10   16.9    0.0   0.65    4.4   22.0  10:10    141
 22   49.2   53.8  01:50   40.1  23:30   15.8    0.0   0.18    1.7   16.0  01:20    227
 23   40.9   45.5  13:40   37.6  03:45   24.1    0.0   0.00    1.8   13.0  10:15    264
 24   41.6   46.3  14:20   36.2  06:40   23.4    0.0   0.00    1.5   13.0  03:10    237
 25   45.3   47.6  13:55   43.4  00:05   19.7    0.0   0.06    0.2    5.0  12:20    223
 26   43.7   46.6  13:15   36.5  03:20   21.3    0.0   0.01    0.0    3.0  05:15    162
 27   44.5   47.9  16:00   39.1  04:10   20.5    0.0   0.03    0.9   10.0  15:30    152
 28   48.9   50.8  17:35   39.6  00:15   16.1    0.0   0.01    2.0   14.0  05:50    129
 29   49.9   52.5  13:10   44.7  21:25   15.1    0.0   0.00    1.5   14.0  19:30    194
 30   46.4   50.1  13:10   41.5  21:15   18.6    0.0   0.00    1.3   13.0  01:40    266
---------------------------------------------------------------------------------------
      47.3   56.3     01   36.2     24  530.2    0.0   7.30    2.4   30.0     01    190