NOAA-Style Climate Reports


Report for 2014 October
                   MONTHLY CLIMATOLOGICAL SUMMARY for Oct 2014


NAME: Conlig WX, Co. Down                  
ELEV: 170 feet    LAT: 54-38.04 N    LONG: 005-40.26 W


                   TEMPERATURE (F), RAIN (in), WIND SPEED (mph)

                                         HEAT   COOL         AVG
      MEAN                               DEG    DEG          WIND                   DOM
DAY   TEMP   HIGH   TIME    LOW   TIME   DAYS   DAYS   RAIN  SPEED   HIGH   TIME    DIR
---------------------------------------------------------------------------------------
 01   54.7   60.1  14:45   44.3  00:00   10.3    0.0   0.00    1.6   14.0  00:30    253
 02   52.4   61.2  15:10   42.3  05:20   12.6    0.0   0.00    3.9   24.0  18:30    201
 03   53.6   60.9  05:50   48.9  23:55   11.4    0.0   0.76    2.4   22.0  02:50    213
 04   49.6   55.3  15:30   44.9  08:05   15.4    0.0   0.20    2.0   17.0  12:30    262
 05   51.6   57.8  13:20   43.9  02:20   13.4    0.0   0.17    4.5   29.0  23:05    193
 06   50.4   55.3  17:10   41.3  23:35   14.6    0.0   0.87    3.7   34.0  02:30    194
 07   47.8   55.3  15:45   39.9  23:45   17.2    0.0   0.20    1.1   12.0  15:45    261
 08   46.8   55.1  11:15   38.0  03:40   18.2    0.0   0.84    0.4   14.0  11:30    174
 09   48.6   53.1  15:10   41.3  02:50   16.4    0.0   0.16    0.5    7.0  10:25    260
 10   49.6   57.1  16:25   42.0  08:20   15.4    0.0   0.00    0.8    8.0  01:05    239
 11   48.2   57.7  16:35   38.1  05:45   16.8    0.0   0.00    0.3    7.0  13:30    262
 12   50.4   57.5  12:55   45.2  22:10   14.6    0.0   0.00    0.3    6.0  13:00    215
 13   51.4   54.6  13:50   46.5  00:05   13.6    0.0   0.00    2.3   15.0  16:15     70
 14   50.1   54.2  16:10   42.2  08:05   14.9    0.0   0.00    1.9   12.0  18:00    102
 15   53.2   55.1  14:25   50.7  00:20   11.8    0.0   0.39    5.4   24.0  17:20    124
 16   55.9   59.5  13:25   53.4  00:50    9.1    0.0   0.19    2.5   20.0  17:25    173
 17   56.8   60.4  13:10   51.2  08:05    8.2    0.0   0.43    3.9   25.0  23:40    186
 18   59.0   62.6  12:50   56.5  08:00    6.0    0.0   0.06    6.5   26.0  00:45    200
 19   56.3   60.1  13:45   50.9  22:50    8.7    0.0   0.00    6.0   28.0  03:15    239
 20   53.3   57.5  15:40   50.5  08:05   11.7    0.0   0.04    4.3   22.0  23:40    230
 21   48.1   55.2  02:05   44.5  18:25   16.9    0.0   0.08    6.4   33.0  06:05    270
 22   50.0   53.4  15:50   44.3  03:40   15.0    0.0   0.06    3.6   20.0  22:05    243
 23   55.3   59.6  16:15   50.7  00:00    9.7    0.0   0.04    3.9   21.0  19:40    235
 24   48.8   52.6  16:05   45.9  08:00   16.2    0.0   0.00    3.0   19.0  15:30    230
 25   51.2   55.8  13:55   46.8  01:05   13.8    0.0   0.00    5.2   23.0  13:55    228
 26   54.9   59.1  22:50   51.8  00:40   10.1    0.0   0.00    6.6   28.0  11:55    229
 27   59.0   61.2  15:05   57.4  05:15    6.0    0.0   0.00    5.3   20.0  20:35    212
 28   50.5   58.0  01:05   42.5  21:05   14.5    0.0   0.73    3.4   20.0  03:05    242
 29   47.4   52.6  12:25   41.8  04:20   17.6    0.0   0.01    1.4   11.0  22:50    192
 30   56.4   58.9  12:40   52.3  00:05    8.6    0.0   0.09    3.4   20.0  22:05    203
 31   57.6   60.3  10:50   53.6  22:25    7.4    0.0   0.16    5.2   26.0  10:40    203
---------------------------------------------------------------------------------------
      52.2   62.6     18   38.0     08  396.0    0.0   5.46    3.3   34.0     06    216