NOAA-Style Climate Reports


Report for 2014 September
                   MONTHLY CLIMATOLOGICAL SUMMARY for Sep 2014


NAME: Conlig WX, Co. Down                  
ELEV: 170 feet    LAT: 54-38.04 N    LONG: 005-40.26 W


                   TEMPERATURE (F), RAIN (in), WIND SPEED (mph)

                                         HEAT   COOL         AVG
      MEAN                               DEG    DEG          WIND                   DOM
DAY   TEMP   HIGH   TIME    LOW   TIME   DAYS   DAYS   RAIN  SPEED   HIGH   TIME    DIR
---------------------------------------------------------------------------------------
 01   58.7   63.2  16:20   55.2  06:55    6.3    0.0   0.00    0.9    9.0  14:45    267
 02   57.9   62.2  16:00   50.3  00:00    7.1    0.0   0.00    0.4    7.0  13:55    173
 03   56.3   65.7  16:25   46.1  03:40    8.7    0.0   0.00    0.4    7.0  15:25    167
 04   60.7   69.7  14:10   51.7  07:15    4.3    0.0   0.00    1.4   12.0  13:20    206
 05   58.4   61.3  15:05   53.5  00:00    6.6    0.0   0.00    1.4   11.0  15:40    298
 06   54.7   59.9  14:25   51.0  05:45   10.3    0.0   0.00    3.0   17.0  17:00    298
 07   54.5   61.7  14:35   48.8  06:05   10.5    0.0   0.00    2.1   14.0  13:55    300
 08   53.9   60.0  11:55   48.7  04:15   11.1    0.0   0.00    1.7   11.0  11:20    283
 09   55.5   62.3  16:05   49.7  01:30    9.5    0.0   0.00    0.8    8.0  17:30    276
 10   55.5   64.5  15:30   46.7  05:25    9.5    0.0   0.00    0.7    9.0  15:50    141
 11   57.9   68.6  14:30   47.2  04:15    7.1    0.0   0.00    0.5    6.0  13:55    167
 12   56.7   65.2  15:50   49.5  23:55    8.3    0.0   0.00    0.7   11.0  13:20    185
 13   55.6   63.9  15:45   45.2  04:40    9.4    0.0   0.00    0.6    8.0  14:35    147
 14   57.4   60.1  14:25   54.0  00:10    7.6    0.0   0.00    1.8   14.0  10:50    125
 15   56.1   59.9  11:40   49.9  07:15    8.9    0.0   0.00    1.3    9.0  18:15    320
 16   58.7   65.1  17:10   55.3  04:45    6.3    0.0   0.00    0.6    8.0  16:45    120
 17   57.0   62.7  15:55   53.2  04:05    8.0    0.0   0.00    0.5    8.0  12:50    136
 18   58.9   63.7  16:00   54.0  02:25    6.1    0.0   0.00    0.6    7.0  12:20    310
 19   60.3   65.3  15:35   58.2  04:45    4.7    0.0   0.00    0.8    7.0  10:30    143
 20   58.0   62.1  14:40   53.9  23:10    7.0    0.0   0.00    3.5   16.0  13:15    308
 21   56.2   63.3  13:40   50.9  07:10    8.8    0.0   0.00    0.9    7.0  02:00    239
 22   58.5   65.5  14:00   51.9  07:20    6.5    0.0   0.00    1.3   10.0  10:30    246
 23   56.2   59.2  15:05   53.5  07:20    8.8    0.0   0.02    1.6   14.0  03:20    250
 24   54.1   59.4  13:40   49.5  20:45   10.9    0.0   0.01    1.9   12.0  15:05    267
 25   60.0   66.0  14:10   51.4  00:05    5.0    0.0   0.00    3.3   18.0  06:45    243
 26   57.7   62.3  16:45   52.0  00:00    7.3    0.0   0.01    2.6   19.0  05:20    255
 27   55.8   63.7  15:20   44.6  03:25    9.2    0.0   0.00    2.1   14.0  13:55    222
 28   59.6   66.3  12:50   56.8  06:45    5.4    0.0   0.00    1.6   10.0  10:55    219
 29   59.1   66.3  15:25   51.2  07:35    5.9    0.0   0.00    1.5   14.0  23:50    209
 30   59.5   64.7  14:10   52.9  07:15    5.5    0.0   0.04    3.5   19.0  15:45    206
---------------------------------------------------------------------------------------
      57.3   69.7     04   44.6     27  230.6    0.0   0.07    1.5   19.0     26    245