NOAA-Style Climate Reports


Report for 2014 August
                   MONTHLY CLIMATOLOGICAL SUMMARY for Aug 2014


NAME: Conlig WX, Co. Down                  
ELEV: 170 feet    LAT: 54-38.04 N    LONG: 005-40.26 W


                   TEMPERATURE (F), RAIN (in), WIND SPEED (mph)

                                         HEAT   COOL         AVG
      MEAN                               DEG    DEG          WIND                   DOM
DAY   TEMP   HIGH   TIME    LOW   TIME   DAYS   DAYS   RAIN  SPEED   HIGH   TIME    DIR
---------------------------------------------------------------------------------------
 01   61.0   71.4  15:41   54.7  04:06    4.0    0.0   0.08    1.0    9.2  15:41    189
 02   58.3   64.8  16:46   56.3  05:11    6.7    0.0   1.39    2.4   18.3  12:35     50
 03   59.6   72.7  14:01   55.2  05:26    5.4    0.0   0.85    2.8   14.5  04:56    288
 04   61.4   73.8  15:56   53.8  06:11    3.6    0.0   0.00    2.2   15.2  16:51    214
 05   60.2   65.5  18:36   56.1  00:06    4.8    0.0   0.44    1.9   13.6  08:36    159
 06   63.3   73.6  13:01   55.2  23:46    1.7    0.0   0.14    1.5   10.7  18:01    268
 07   60.8   72.0  15:21   52.2  03:51    4.2    0.0   0.00    2.2   13.6  15:31    230
 08   58.0   62.2  18:55   53.6  23:15    7.0    0.0   0.31    1.3   15.0  14:55    199
 09   58.2   68.1  15:10   50.4  04:25    6.8    0.0   0.01    2.1   16.0  15:45    232
 10   54.0   56.3  00:05   52.1  15:40   11.0    0.0   1.43    2.3   20.0  23:15    278
 11   57.1   64.6  14:35   50.9  05:20    7.9    0.0   0.07    4.0   23.0  13:30    263
 12   56.1   62.0  12:45   51.0  06:35    8.9    0.0   0.06    3.2   20.0  09:45    264
 13   58.6   64.0  18:45   54.9  06:05    6.4    0.0   0.06    3.3   20.0  14:55    273
 14   56.7   62.0  15:35   52.0  23:30    8.3    0.0   0.02    2.1   14.0  16:25    289
 15   56.4   61.6  11:35   50.7  04:20    8.6    0.0   0.00    2.1   13.0  10:15    286
 16   56.9   62.4  15:55   53.9  04:50    8.1    0.0   0.03    3.3   21.0  13:10    259
 17   55.5   61.6  13:45   52.5  06:00    9.5    0.0   0.05    5.1   23.0  12:45    275
 18   54.3   58.9  13:25   49.2  23:55   10.7    0.0   0.00    4.3   19.0  08:50    287
 19   52.4   59.1  15:25   46.1  06:15   12.6    0.0   0.00    2.8   15.0  18:55    284
 20   53.4   59.3  14:05   48.4  06:50   11.6    0.0   0.00    1.6   11.0  09:50    274
 21   54.5   62.2  15:55   50.7  03:35   10.5    0.0   0.08    3.5   22.0  10:40    258
 22   53.2   59.1  17:20   49.0  06:55   11.8    0.0   0.02    2.5   14.0  17:30    283
 23   52.5   59.4  17:00   47.8  05:45   12.5    0.0   0.07    2.2   13.0  15:50    281
 24   53.9   61.0  16:05   42.8  06:55   11.1    0.0   0.00    1.3   13.0  14:45    192
 25   55.4   57.4  21:15   53.2  01:45    9.6    0.0   0.11    3.9   18.0  09:00    122
 26   58.2   64.3  17:20   54.3  23:45    6.8    0.0   0.00    3.7   21.0  10:30    100
 27   57.2   62.8  16:25   51.1  06:40    7.8    0.0   0.14    3.8   21.0  16:45    137
 28   59.8   65.8  14:10   54.5  06:55    5.2    0.0   0.06    4.5   21.0  21:10    196
 29   60.1   66.4  15:50   55.7  05:05    4.9    0.0   0.04    5.2   25.0  14:55    235
 30   59.4   64.7  14:30   55.4  07:00    5.6    0.0   0.00    2.2   17.0  11:10    269
 31   59.0   66.5  13:20   53.3  08:30    6.0    0.0   0.00    2.8   18.0  18:05    223
---------------------------------------------------------------------------------------
      57.2   73.8     04   42.8     24  239.6    0.0   5.46    2.8   25.0     29    249