NOAA-Style Climate Reports


Report for 2014 June
                   MONTHLY CLIMATOLOGICAL SUMMARY for Jun 2014


NAME: Conlig WX, Co. Down                  
ELEV: 170 feet    LAT: 54-38.04 N    LONG: 005-40.26 W


                   TEMPERATURE (F), RAIN (in), WIND SPEED (mph)

                                         HEAT   COOL         AVG
      MEAN                               DEG    DEG          WIND                   DOM
DAY   TEMP   HIGH   TIME    LOW   TIME   DAYS   DAYS   RAIN  SPEED   HIGH   TIME    DIR
---------------------------------------------------------------------------------------
 01   58.1   64.0  10:50   51.4  01:50    6.9    0.0   0.00    2.6   11.4  14:00    193
 02   57.1   63.5  14:25   52.0  23:45    7.9    0.0   0.02    1.6   10.7  00:55    227
 03   56.9   65.7  14:10   51.3  05:10    8.1    0.0   0.06    1.5    9.2  08:05    230
 04   53.7   59.2  13:27   48.6  04:40   11.3    0.0   0.08    3.0   14.5  11:26    326
 05   56.0   64.8  13:12   49.1  01:42    9.0    0.0   0.25    2.7   13.0  10:47    292
 06   57.1   64.2  13:02   45.3  03:52    7.9    0.0   0.00    2.0   13.0  15:37    118
 07   56.4   62.4  18:12   53.8  09:52    8.6    0.0   0.80    1.6    9.8  01:32    159
 08   58.6   63.9  11:56   54.1  00:41    6.4    0.0   0.00    4.9   20.6  14:51    185
 09   59.1   68.2  16:31   53.4  01:26    5.9    0.0   0.00    2.8   13.6  16:31    165
 10   58.6   66.7  15:56   53.4  23:56    6.4    0.0   0.07    3.1   16.8  13:41    180
 11   62.8   72.3  16:26   51.4  04:56    2.2    0.0   0.00    1.6    8.3  12:41    239
 12   64.1   71.6  08:36   53.4  04:56    0.9    0.0   0.00    1.8   11.4  15:02    198
 13   63.6   73.8  10:27   58.3  23:02    1.4    0.0   0.00    1.1    6.9  01:52    242
 14   61.2   68.2  14:32   55.8  23:57    3.8    0.0   0.00    2.2   11.4  21:02    347
 15   61.0   67.6  16:12   54.0  04:07    4.0    0.0   0.00    3.1   15.2  12:47    343
 16   61.6   68.9  16:27   55.0  04:32    3.4    0.0   0.00    2.6   11.4  17:22    353
 17   63.3   71.8  18:17   54.0  04:17    1.7    0.0   0.00    1.3    9.2  19:00    355
 18   63.0   72.3  10:44   55.6  05:19    2.0    0.0   0.00    2.2   11.4  14:29    340
 19   60.1   65.5  15:09   54.1  23:49    4.9    0.0   0.00    4.8   19.0  10:24    339
 20   59.5   65.8  16:04   52.9  03:29    5.5    0.0   0.00    4.0   15.2  07:44    328
 21   59.1   66.4  14:44   51.4  04:54    5.9    0.0   0.00    2.4   13.6  14:49    329
 22   59.7   67.1  13:59   51.4  05:14    5.3    0.0   0.00    2.3   12.1  08:39    341
 23   61.6   70.0  14:44   52.2  04:49    3.4    0.0   0.02    2.0   11.4  18:09    347
 24   59.6   68.5  14:50   53.8  02:59    5.4    0.0   0.02    0.7    7.6  06:34    339
 25   58.7   61.5  11:45   56.3  23:55    6.3    0.0   0.58    0.7    7.6  17:05    159
 26   57.9   62.2  12:40   55.6  06:05    7.1    0.0   0.05    1.9   10.7  06:50    117
 27   57.1   63.7  18:10   53.4  04:40    7.9    0.0   0.13    2.9   13.6  05:20     67
 28   58.1   63.7  10:30   52.7  05:20    6.9    0.0   0.00    2.5   14.5  19:45      3
 29   59.1   66.6  14:45   52.0  23:45    5.9    0.0   0.00    1.3    7.6  12:00     10
 30   61.4   71.4  15:59   46.8  04:20    3.6    0.0   0.00    1.1    9.2  16:35    105
---------------------------------------------------------------------------------------
      59.5   73.8     13   45.3     06  165.7    0.0   2.09    2.3   20.6     08    305