NOAA-Style Climate Reports


Report for 2014 May
                   MONTHLY CLIMATOLOGICAL SUMMARY for May 2014


NAME: Conlig WX, Co. Down                  
ELEV: 170 feet    LAT: 54-38.04 N    LONG: 005-40.26 W


                   TEMPERATURE (F), RAIN (in), WIND SPEED (mph)

                                         HEAT   COOL         AVG
      MEAN                               DEG    DEG          WIND                   DOM
DAY   TEMP   HIGH   TIME    LOW   TIME   DAYS   DAYS   RAIN  SPEED   HIGH   TIME    DIR
---------------------------------------------------------------------------------------
 01   48.4   50.0  00:41   45.5  23:21   16.6    0.0   0.00    3.5   14.5  10:36     95
 02   47.9   53.4  16:41   42.4  22:51   17.1    0.0   0.00    1.3    9.8  10:41    129
 03   50.8   58.3  14:21   41.7  01:01   14.2    0.0   0.00    2.8   14.5  19:16    184
 04   53.6   59.2  14:16   50.7  23:51   11.4    0.0   0.00    3.2   13.6  23:06    184
 05   51.2   54.9  16:56   49.3  01:11   13.8    0.0   0.00    5.9   19.7  07:11    174
 06   52.8   60.6  15:22   46.2  23:32   12.2    0.0   0.00    4.2   19.7  15:57    201
 07   51.1   59.5  15:17   45.3  05:27   13.9    0.0   0.00    4.5   24.4  14:42    241
 08   51.8   56.8  10:57   48.4  02:32   13.2    0.0   0.00    2.0   15.2  00:02    209
 09   53.1   64.6  17:17   46.0  06:57   11.9    0.0   0.00    3.3   18.3  11:47    252
 10   52.1   59.2  12:37   47.1  02:17   12.9    0.0   0.00    2.2   13.6  01:32    190
 11   52.5   60.4  16:47   47.3  23:32   12.5    0.0   0.00    2.7   14.5  17:07    306
 12   50.5   59.5  10:37   45.1  03:37   14.5    0.0   0.00    1.5    9.8  07:37    284
 13   53.0   62.8  17:17   45.3  00:07   12.0    0.0   0.00    1.1    9.2  07:47    325
 14   53.6   60.6  17:07   45.7  00:47   11.4    0.0   0.00    1.5    8.3  11:57    227
 15   60.0   70.9  18:02   51.1  23:58    5.0    0.0   0.00    1.4    9.2  18:57    248
 16   60.6   71.8  16:23   48.7  04:08    4.4    0.0   0.00    2.4   14.5  18:08    225
 17   58.7   67.8  13:28   51.6  06:18    6.3    0.0   0.00    3.5   16.8  14:08    193
 18   53.6   56.1  00:03   50.9  23:42   11.4    0.0   0.11    3.1   15.9  06:53    183
 19   53.0   59.0  16:12   50.9  00:02   12.0    0.0   0.41    1.1   14.5  15:32     13
 20   56.1   64.6  18:07   52.3  02:26    8.9    0.0   0.33    1.3    8.3  15:02    106
 21   57.2   67.5  13:51   47.5  05:16    7.8    0.0   0.01    2.7   12.1  17:11    202
 22   50.8   58.5  11:47   46.0  04:42   14.2    0.0   0.11    2.3   12.1  07:32    350
 23   52.4   56.8  11:27   47.8  05:22   12.6    0.0   0.01    2.9   15.9  14:32      4
 24   51.6   56.8  13:57   48.9  06:47   13.4    0.0   0.18    2.5   15.9  18:17      7
 25   53.6   64.4  17:47   49.6  00:42   11.4    0.0   0.19    1.3   12.1  04:02     28
 26   55.0   62.2  16:17   50.4  04:17   10.0    0.0   0.01    1.7   11.4  14:27    184
 27   57.5   66.9  13:22   50.2  02:27    7.5    0.0   0.00    1.0    7.6  11:32    125
 28   55.4   61.7  14:00   48.9  04:27    9.6    0.0   0.00    1.8   12.1  08:19    353
 29   52.0   55.6  15:40   49.6  06:35   13.0    0.0   0.17    1.2    9.2  08:05     34
 30   55.1   62.2  18:20   50.2  05:10    9.9    0.0   0.00    1.2    8.3  04:05    103
 31   59.0   71.8  16:30   44.4  04:45    6.0    0.0   0.00    1.1   10.7  16:30    188
---------------------------------------------------------------------------------------
      53.7   71.8     16   41.7     03  351.2    0.0   1.52    2.3   24.4     07    201