NOAA-Style Climate Reports


Report for 2014 April
                   MONTHLY CLIMATOLOGICAL SUMMARY for Apr 2014


NAME: Conlig WX, Co. Down                  
ELEV: 170 feet    LAT: 54-38.04 N    LONG: 005-40.26 W


                   TEMPERATURE (F), RAIN (in), WIND SPEED (mph)

                                         HEAT   COOL         AVG
      MEAN                               DEG    DEG          WIND                   DOM
DAY   TEMP   HIGH   TIME    LOW   TIME   DAYS   DAYS   RAIN  SPEED   HIGH   TIME    DIR
---------------------------------------------------------------------------------------
 01   48.7   57.4  15:38   43.5  22:28   16.3    0.0   0.00    0.9    7.6  19:23    108
 02   47.2   51.3  13:18   44.1  02:43   17.8    0.0   0.00    3.5   19.0  16:13    100
 03   47.2   48.0  12:18   46.2  04:48   17.8    0.0   0.00    1.9   15.9  04:33    125
 04   49.3   59.7  15:48   45.1  22:53   15.7    0.0   0.00    1.7   11.4  16:38    172
 05   51.2   60.4  14:48   46.0  00:03   13.8    0.0   0.00    4.5   15.9  21:23    179
 06   53.0   62.1  16:07   46.6  23:12   12.0    0.0   0.00    5.8   22.8  12:31    204
 07   48.8   60.3  15:22   41.5  03:12   16.2    0.0   0.00    1.5    9.8  20:47    243
 08   47.8   56.5  15:42   38.5  04:32   17.2    0.0   0.00    3.4   14.5  11:47    267
 09   52.3   57.4  16:27   48.6  01:37   12.7    0.0   0.00    3.9   18.3  05:17    244
 10   47.4   52.5  13:47   40.6  23:57   17.6    0.0   0.00    1.9   16.8  02:12    241
 11   47.4   54.7  13:12   37.4  06:17   17.6    0.0   0.00    2.3   12.1  23:37    243
 12   50.0   58.1  13:07   46.2  23:37   15.0    0.0   0.00    4.0   20.6  15:07    245
 13   50.0   59.2  14:57   45.9  01:17   15.0    0.0   0.00    3.6   19.7  14:42    278
 14   48.6   56.8  14:52   42.1  23:57   16.4    0.0   0.00    2.3   13.0  07:57    324
 15   49.0   59.4  12:47   36.1  05:57   16.0    0.0   0.00    2.3   16.8  15:52    178
 16   50.3   59.0  16:17   41.2  03:37   14.7    0.0   0.00    3.8   17.4  10:37    185
 17   50.4   54.7  00:02   44.1  23:12   14.6    0.0   0.00    3.4   16.8  10:12    298
 18   48.9   57.9  09:32   38.3  06:27   16.1    0.0   0.00    1.5    9.8  14:42    168
 19   47.6   58.6  12:52   34.9  05:52   17.4    0.0   0.00    1.4   15.9  12:27    138
 20   48.3   56.8  17:02   37.4  04:02   16.7    0.0   0.00    2.3   13.6  13:52      4
 21   54.5   64.9  16:22   46.8  02:32   10.5    0.0   0.00    3.6   15.9  00:22     69
 22   51.3   57.0  11:52   48.4  05:57   13.7    0.0   0.00    2.1   12.1  23:42     89
 23   51.8   59.7  15:22   47.8  05:21   13.2    0.0   0.00    3.9   16.8  12:53    176
 24   52.2   61.3  15:34   43.7  23:59   12.8    0.0   0.00    2.5   12.1  12:04    183
 25   48.9   53.4  14:05   42.6  00:34   16.1    0.0   0.00    2.1   13.6  19:16    112
 26   52.4   59.0  14:21   47.5  07:45   12.6    0.0   0.00    3.8   15.9  12:11    111
 27   52.6   60.4  15:05   46.8  05:31   12.4    0.0   0.00    2.2   12.1  14:41     41
 28   52.4   57.0  13:36   49.5  06:51   12.6    0.0   0.00    1.1    6.9  09:21     45
 29   56.0   66.6  14:31   48.9  23:51    9.0    0.0   0.00    1.8   13.0  17:21    172
 30   52.2   60.8  13:11   46.4  00:56   12.8    0.0   0.00    2.5   17.4  14:51    171
---------------------------------------------------------------------------------------
      50.3   66.6     29   34.9     19  442.1    0.0   0.00    2.7   22.8     06    186