NOAA-Style Climate Reports


Report for 2014 March
                   MONTHLY CLIMATOLOGICAL SUMMARY for Mar 2014


NAME: Conlig WX, Co. Down                  
ELEV: 170 feet    LAT: 54-38.04 N    LONG: 005-40.26 W


                   TEMPERATURE (F), RAIN (in), WIND SPEED (mph)

                                         HEAT   COOL         AVG
      MEAN                               DEG    DEG          WIND                   DOM
DAY   TEMP   HIGH   TIME    LOW   TIME   DAYS   DAYS   RAIN  SPEED   HIGH   TIME    DIR
---------------------------------------------------------------------------------------
 01   40.6   46.9  15:11   33.4  08:11   24.4    0.0   0.08    3.2   19.0  20:31    199
 02   39.6   45.7  17:21   33.3  07:36   25.4    0.0   0.07    2.4   13.0  13:01    211
 03   40.3   50.7  15:06   28.8  07:06   24.7    0.0   0.04    1.5   10.7  14:26    251
 04   43.1   52.2  14:06   37.0  01:31   21.9    0.0   0.01    2.4   11.4  08:26    244
 05   43.5   46.9  11:46   38.1  04:46   21.5    0.0   0.06    3.4   19.0  15:41    192
 06   48.8   55.0  12:06   45.5  01:01   16.2    0.0   0.11    2.9   15.9  15:05    178
 07   44.9   49.3  00:01   37.2  20:30   20.1    0.0   0.08    3.2   25.9  09:55    248
 08   47.6   51.6  15:35   42.8  00:00   17.4    0.0   0.00    7.3   26.6  10:25    180
 09   45.5   49.1  13:45   40.8  23:55   19.5    0.0   0.00    1.7    9.8  00:05    200
 10   43.8   55.4  13:15   35.2  23:55   21.2    0.0   0.00    0.8    6.0  02:35    225
 11   42.3   55.9  13:25   32.0  03:25   22.7    0.0   0.00    0.8    9.2  13:15    152
 12   43.5   57.9  13:40   32.5  04:15   21.5    0.0   0.00    0.7    7.6  10:55    184
 13   47.6   58.5  13:10   37.8  02:45   17.4    0.0   0.00    0.7    6.9  13:10    296
 14   48.4   53.4  16:05   43.2  05:10   16.6    0.0   0.00    3.8   19.7  16:45    265
 15   50.8   59.7  13:01   46.2  06:40   14.2    0.0   0.00    3.2   20.6  10:55    279
 16   50.1   55.9  13:20   43.2  03:05   14.9    0.0   0.00    2.6   18.3  10:50    274
 17   48.8   53.2  14:56   45.5  22:03   16.2    0.0   0.00    2.9   13.6  03:09    265
 18   48.8   54.7  12:23   44.4  02:03   16.2    0.0   0.00    4.6   22.1  10:38    236
 19   51.7   57.7  14:48   47.3  07:23   13.3    0.0   0.00    6.6   25.1  14:23    226
 20   45.4   50.4  15:43   37.9  20:48   19.6    0.0   0.00    6.0   24.4  06:23    208
 21   41.3   48.9  12:13   35.8  23:53   23.7    0.0   0.00    5.4   28.9  15:08    218
 22   39.4   50.5  13:18   33.3  05:13   25.6    0.0   0.00    3.5   16.8  15:03    231
 23   41.6   51.3  12:33   33.8  23:18   23.4    0.0   0.00    2.5   17.4  04:58    332
 24   42.9   49.5  11:03   33.4  03:13   22.1    0.0   0.00    5.2   25.9  11:38    155
 25   47.2   54.7  11:33   40.6  06:58   17.8    0.0   0.00    2.7   13.0  16:38    281
 26   46.2   52.0  11:38   41.9  23:58   18.8    0.0   0.00    2.5   11.4  02:53     10
 27   43.3   49.3  15:48   39.6  07:53   21.7    0.0   0.00    4.4   21.3  09:23     85
 28   43.8   47.7  12:33   40.3  09:08   21.2    0.0   0.00    5.7   21.3  11:08     73
 29   46.4   53.1  15:28   42.4  02:13   18.6    0.0   0.00    4.9   16.8  01:03     96
 30   48.9   56.5  16:13   45.1  22:48   16.1    0.0   0.00    3.5   19.0  03:28    108
 31   49.1   56.1  15:03   44.4  07:18   15.9    0.0   0.00    1.8   11.4  11:03    113
---------------------------------------------------------------------------------------
      45.3   59.7     15   28.8     03  609.9    0.0   0.45    3.3   28.9     21    195