NOAA-Style Climate Reports


Report for 2014 February
                   MONTHLY CLIMATOLOGICAL SUMMARY for Feb 2014


NAME: Conlig WX, Co. Down                  
ELEV: 170 feet    LAT: 54-38.04 N    LONG: 005-40.26 W


                   TEMPERATURE (F), RAIN (in), WIND SPEED (mph)

                                         HEAT   COOL         AVG
      MEAN                               DEG    DEG          WIND                   DOM
DAY   TEMP   HIGH   TIME    LOW   TIME   DAYS   DAYS   RAIN  SPEED   HIGH   TIME    DIR
---------------------------------------------------------------------------------------
 01   40.0   45.5  16:09   33.8  03:59   25.0    0.0   0.14    7.7   29.8  09:04    201
 02   43.2   46.9  14:59   38.8  08:34   21.8    0.0   0.01    6.1   24.4  23:19    209
 03   44.6   47.5  10:09   38.8  23:59   20.4    0.0   0.20    6.9   28.2  04:34    176
 04   40.7   45.7  14:09   33.8  08:34   24.3    0.0   0.09    3.6   24.4  22:29    149
 05   43.4   45.0  12:04   40.8  20:24   21.6    0.0   0.04    5.1   26.6  05:09    112
 06   42.6   49.1  12:19   35.4  20:24   22.4    0.0   0.01    2.7   16.8  10:04    223
 07   41.3   48.2  11:24   36.9  01:09   23.7    0.0   0.33    3.6   22.1  18:24    197
 08   44.2   47.5  14:14   41.4  04:14   20.8    0.0   0.13    7.1   27.3  09:39    193
 09   41.6   46.2  15:34   36.7  23:59   23.4    0.0   0.01    5.1   31.1  08:29    245
 10   38.4   46.6  13:14   34.0  03:29   26.6    0.0   0.02    2.3   11.4  14:44    233
 11   37.8   43.3  12:54   33.4  19:59   27.2    0.0   0.14    6.0   24.4  02:54    228
 12   39.2   48.4  12:54   33.6  02:54   25.8    0.0   0.40    7.4   35.8  18:54    227
 13   38.1   42.8  16:44   35.1  05:09   26.9    0.0   0.04    6.8   24.4  14:14    244
 14   39.7   45.5  19:29   34.0  07:59   25.3    0.0   0.37    3.3   29.8  12:29    132
 15   41.8   47.7  14:19   37.8  23:49   23.2    0.0   0.06    4.8   23.5  13:14    313
 16   41.3   49.6  12:34   34.0  06:49   23.7    0.0   0.00    2.9   15.2  21:39    209
 17   45.1   46.9  18:04   43.7  04:24   19.9    0.0   0.18    3.7   15.2  09:19    153
 18   45.2   52.2  14:14   41.5  22:54   19.8    0.0   0.02    2.9   13.0  12:24    253
 19   45.8   50.4  12:59   42.4  06:09   19.2    0.0   0.07    3.6   19.0  21:04    185
 20   43.8   48.7  05:24   37.8  23:59   21.2    0.0   0.02    5.7   22.8  07:14    211
 21   41.2   46.9  14:04   36.1  03:39   23.8    0.0   0.04    6.3   22.8  17:04    225
 22   44.4   48.2  20:50   40.8  07:29   20.6    0.0   0.01    7.1   25.1  21:15    205
 23   49.0   52.7  13:25   44.8  23:45   16.0    0.0   0.11    7.1   24.4  05:45    191
 24   44.6   50.9  11:36   41.5  07:51   20.4    0.0   0.25    5.1   24.4  23:36    183
 25   44.5   48.2  12:51   40.5  23:31   20.5    0.0   0.01    7.1   26.6  09:36    192
 26   44.3   50.5  11:36   39.0  04:31   20.7    0.0   0.07    5.8   22.1  23:56    213
 27   42.6   49.8  14:26   34.3  23:56   22.4    0.0   0.07    4.3   22.8  00:16    245
 28   41.3   51.6  15:01   33.3  00:46   23.7    0.0   0.01    1.5   10.7  11:16    256
---------------------------------------------------------------------------------------
      42.5   52.7     23   33.3     28  630.6    0.0   2.86    5.1   35.8     12    205