NOAA-Style Climate Reports


Report for 2014 January
                   MONTHLY CLIMATOLOGICAL SUMMARY for Jan 2014


NAME: Conlig WX, Co. Down                  
ELEV: 170 feet    LAT: 54-38.04 N    LONG: 005-40.26 W


                   TEMPERATURE (F), RAIN (in), WIND SPEED (mph)

                                         HEAT   COOL         AVG
      MEAN                               DEG    DEG          WIND                   DOM
DAY   TEMP   HIGH   TIME    LOW   TIME   DAYS   DAYS   RAIN  SPEED   HIGH   TIME    DIR
---------------------------------------------------------------------------------------
 01   42.1   48.9  15:58   35.6  07:58   22.9    0.0   0.34    3.3   19.7  12:28    178
 02   43.2   48.0  23:08   39.2  06:53   21.8    0.0   0.11    4.3   20.6  22:08    206
 03   44.3   46.8  00:13   42.1  22:38   20.7    0.0   0.04    9.1   32.0  05:53    206
 04   38.6   44.8  12:08   34.2  23:03   26.4    0.0   0.07    1.8   18.3  00:03    225
 05   41.9   50.2  18:23   33.8  03:38   23.1    0.0   0.21    4.6   22.8  15:23    186
 06   47.3   51.1  14:48   41.7  02:28   17.7    0.0   0.00    7.0   24.4  09:13    202
 07   46.5   49.8  13:28   45.5  23:48   18.5    0.0   0.00    6.5   22.8  04:58    212
 08   42.8   48.7  12:48   37.6  21:28   22.2    0.0   0.01    2.0   15.2  00:18    226
 09   41.0   46.9  13:13   37.6  06:23   24.0    0.0   0.00    2.2   10.7  14:03    261
 10   40.9   45.1  12:28   35.4  20:38   24.1    0.0   0.07    1.6    9.8  05:23    210
 11   36.8   44.6  12:13   32.2  23:13   28.2    0.0   0.01    1.5    9.2  06:48    251
 12   42.3   46.2  19:48   33.6  00:03   22.7    0.0   0.17    4.2   18.3  13:18    164
 13   37.6   44.6  14:11   32.9  08:28   27.4    0.0   0.04    1.5   14.5  10:36    198
 14   38.1   45.7  23:30   31.5  08:05   26.9    0.0   0.11    2.0   16.8  17:40    207
 15   44.6   48.9  10:25   35.1  23:30   20.4    0.0   0.15    2.5   15.2  11:20    187
 16   40.4   45.5  15:00   32.8  05:40   24.6    0.0   0.14    1.4   15.2  12:45    163
 17   41.6   45.5  15:25   37.9  20:25   23.4    0.0   0.18    0.7    6.9  00:10    232
 18   41.4   46.6  18:50   36.0  05:50   23.6    0.0   0.21    1.1   15.2  17:55    158
 19   39.6   47.8  11:45   34.9  21:54   25.4    0.0   0.01    1.2    6.9  16:54    216
 20   39.1   50.9  13:34   34.3  20:30   25.9    0.0   0.00    1.3    9.2  05:14    221
 21   44.1   47.3  15:51   36.9  00:00   20.9    0.0   0.19    4.4   22.8  12:51    180
 22   43.1   48.6  14:29   38.1  02:04   21.9    0.0   0.01    2.6   11.4  11:24    222
 23   40.5   43.5  13:19   38.5  07:39   24.5    0.0   0.05    3.7   19.0  05:19    263
 24   45.2   51.3  18:13   38.5  01:13   19.8    0.0   0.22    3.1   19.7  10:24    182
 25   43.0   48.0  09:05   35.6  23:55   22.0    0.0   0.19    4.9   25.1  11:20    239
 26   41.0   47.7  11:05   35.8  01:20   24.0    0.0   0.24    7.1   32.0  07:40    202
 27   41.9   46.0  13:25   38.5  00:00   23.1    0.0   0.17    5.3   19.0  05:45    212
 28   42.2   43.7  21:08   40.5  07:50   22.8    0.0   0.05    3.1   16.8  04:25     28
 29   42.4   44.2  14:49   41.2  00:39   22.6    0.0   0.13    2.6   15.9  11:19     92
 30   39.3   41.4  00:19   37.9  03:14   25.7    0.0   0.00    2.0    9.8  11:59    133
 31   40.7   46.6  15:19   35.1  21:29   24.3    0.0   0.51    4.5   30.4  11:29    180
---------------------------------------------------------------------------------------
      41.7   51.3     24   31.5     14  721.6    0.0   3.61    3.3   32.0     03    200