NOAA-Style Climate Reports


Report for 2013 December
                   MONTHLY CLIMATOLOGICAL SUMMARY for Dec 2013


NAME: Conlig WX, Co. Down                  
ELEV: 170 feet    LAT: 54-38.04 N    LONG: 005-40.26 W


                   TEMPERATURE (F), RAIN (in), WIND SPEED (mph)

                                         HEAT   COOL         AVG
      MEAN                               DEG    DEG          WIND                   DOM
DAY   TEMP   HIGH   TIME    LOW   TIME   DAYS   DAYS   RAIN  SPEED   HIGH   TIME    DIR
---------------------------------------------------------------------------------------
 01   47.6   50.9  12:37   45.5  06:12   17.4    0.0   0.00    1.2    9.8  03:52    293
 02   46.0   46.9  10:17   45.0  18:57   19.0    0.0   0.00    1.7    9.8  21:37    214
 03   46.9   49.6  19:18   43.3  23:58   18.1    0.0   0.00    4.0   15.2  12:42    236
 04   41.5   46.0  13:58   36.7  08:03   23.5    0.0   0.00    3.3   19.0  22:08    270
 05   41.4   48.7  08:48   36.3  23:38   23.6    0.0   0.02    6.1   31.1  07:18    289
 06   40.6   45.7  20:33   36.3  01:18   24.4    0.0   0.00    1.6    9.8  00:03    255
 07   45.4   47.7  18:38   43.3  08:13   19.6    0.0   0.00    3.8   14.5  18:58    235
 08   51.5   54.0  15:23   46.4  01:18   13.5    0.0   0.00    6.7   27.3  23:13    244
 09   50.7   54.9  13:23   46.2  18:43   14.3    0.0   0.01    3.8   19.0  00:23    209
 10   50.4   51.3  07:08   49.1  00:03   14.6    0.0   0.00    5.1   16.8  01:13    180
 11   50.2   51.3  05:48   49.3  15:58   14.8    0.0   0.01    7.6   24.4  09:58    176
 12   52.5   53.4  14:18   50.5  00:03   12.5    0.0   0.01    5.5   19.0  01:18    185
 13   49.6   55.9  12:13   40.3  23:03   15.4    0.0   0.01    5.6   20.6  00:43    200
 14   47.2   52.9  16:23   37.9  03:38   17.8    0.0   0.07    6.9   27.3  11:23    190
 15   46.1   51.8  12:18   41.0  04:23   18.9    0.0   0.06    5.5   24.4  02:03    203
 16   42.1   47.1  03:54   38.8  23:55   22.9    0.0   0.05    4.5   18.3  04:42    224
 17   42.0   47.8  23:06   35.4  07:50   23.0    0.0   0.00    5.6   25.9  22:46    193
 18   48.1   51.8  16:06   41.9  23:46   16.9    0.0   0.13    7.4   29.8  21:36    186
 19   37.4   41.9  00:01   34.3  05:46   27.6    0.0   0.02    6.7   25.9  07:46    233
 20   44.4   52.7  20:31   36.7  01:51   20.6    0.0   0.04    6.9   25.9  14:51    203
 21   44.1   49.3  00:02   39.6  19:31   20.9    0.0   0.05    6.2   23.5  21:02    220
 22   37.8   41.2  12:31   35.1  22:11   27.2    0.0   0.01    6.6   19.7  12:31    236
 23   44.4   51.6  13:51   34.2  03:21   20.6    0.0   0.24    5.6   24.4  10:21    195
 24   38.9   46.2  00:01   36.1  05:56   26.1    0.0   0.00    8.7   27.3  11:51    214
 25   39.4   45.5  13:36   35.6  07:36   25.6    0.0   0.00    4.0   16.8  02:06    208
 26   38.5   45.3  23:52   33.4  08:46   26.5    0.0   0.24    3.7   35.8  23:12    198
 27   43.7   47.5  00:22   39.0  23:47   21.3    0.0   0.09    9.8   38.7  13:07    226
 28   39.0   43.3  12:32   36.0  06:17   26.0    0.0   0.00    4.3   16.8  00:17    257
 29   41.4   49.1  23:27   34.7  08:27   23.6    0.0   0.12    5.5   30.4  17:52    197
 30   42.8   49.3  00:32   37.8  21:17   22.2    0.0   0.46    3.1   16.8  00:27    247
 31   43.7   47.5  02:37   39.7  18:47   21.3    0.0   0.34    5.0   24.4  07:22    182
---------------------------------------------------------------------------------------
      44.2   55.9     13   33.4     26  639.4    0.0   1.98    5.2   38.7     27    212