NOAA-Style Climate Reports


Report for 2013 November
                   MONTHLY CLIMATOLOGICAL SUMMARY for Nov 2013


NAME: Conlig WX, Co. Down                  
ELEV: 170 feet    LAT: 54-38.04 N    LONG: 005-40.26 W


                   TEMPERATURE (F), RAIN (in), WIND SPEED (mph)

                                         HEAT   COOL         AVG
      MEAN                               DEG    DEG          WIND                   DOM
DAY   TEMP   HIGH   TIME    LOW   TIME   DAYS   DAYS   RAIN  SPEED   HIGH   TIME    DIR
---------------------------------------------------------------------------------------
 01   46.1   54.5  13:19   38.8  22:39   18.9    0.0   0.00    2.6   15.2  00:14    223
 02   44.3   53.6  11:54   35.8  03:39   20.7    0.0   0.26    3.6   30.4  22:19    220
 03   43.5   52.2  13:34   38.5  21:58   21.5    0.0   0.00    2.5   19.0  00:34    282
 04   43.0   51.8  14:18   37.6  02:03   22.0    0.0   0.00    2.0   10.7  03:13    286
 05   43.4   51.3  12:18   39.7  01:38   21.6    0.0   0.04    2.3   19.7  12:33    253
 06   43.8   47.7  13:28   41.0  23:38   21.2    0.0   0.00    3.3   13.0  01:03    238
 07   44.0   51.1  14:58   37.9  06:23   21.0    0.0   0.00    5.1   19.0  12:33    221
 08   43.2   50.7  13:28   37.9  23:03   21.8    0.0   0.00    2.8   14.5  07:58    239
 09   39.1   49.3  13:03   33.4  04:13   25.9    0.0   0.00    1.4    9.2  01:08    247
 10   44.9   54.3  12:28   37.4  07:13   20.1    0.0   0.00    3.1   22.8  22:58    209
 11   53.6   57.7  09:48   49.1  00:03   11.4    0.0   0.04    3.9   19.7  01:13    217
 12
 13   48.0   49.1  16:43   46.6  23:20   17.0    0.0   0.01    5.2   17.4  18:10    233
 14   45.5   49.1  12:10   41.5  07:10   19.5    0.0   0.00    4.4   21.3  07:00    312
 15   48.2   50.9  12:50   45.1  06:30   16.8    0.0   0.00    1.8   10.7  09:45    238
 16   50.9   55.0  13:30   44.6  23:59   14.1    0.0   0.00    2.5   13.6  13:00    238
 17   46.1   51.4  15:49   39.6  04:54   18.9    0.0   0.09    0.7    6.0  13:39    245
 18   42.1   48.9  11:29   35.4  23:54   22.9    0.0   0.01    2.2   13.6  20:14    291
 19   38.0   43.5  11:10   33.8  03:34   27.0    0.0   0.02    3.5   17.4  20:45    268
 20   43.5   46.4  13:55   40.1  08:20   21.5    0.0   0.04    7.9   31.1  21:52    317
 21   41.9   43.7  13:32   40.6  18:12   23.1    0.0   0.00    4.2   22.8  02:02    344
 22   39.7   46.0  10:47   35.6  03:22   25.3    0.0   0.00    0.9   10.7  12:57    326
 23   43.6   48.6  11:02   39.9  03:42   21.4    0.0   0.04    1.3    7.6  11:07    293
 24   45.1   47.3  13:22   43.5  22:37   19.9    0.0   0.00    0.7    9.8  04:37     32
 25   44.0   45.7  12:57   42.6  05:27   21.0    0.0   0.00    0.8    6.0  19:24    270
 26   45.3   50.0  23:57   40.8  04:39   19.7    0.0   0.00    1.5    9.2  09:02    267
 27   49.8   51.3  13:17   48.4  22:07   15.2    0.0   0.00    1.5    9.2  14:37    291
 28   49.0   53.2  12:47   47.1  07:02   16.0    0.0   0.01    1.3   10.7  22:37    285
 29   46.5   48.9  00:42   44.4  23:02   18.5    0.0   0.00    4.8   19.0  09:57    293
 30   45.5   47.5  14:07   42.8  02:52   19.5    0.0   0.00    1.9   12.1  00:27    299
---------------------------------------------------------------------------------------
      44.7   57.7     11   33.4     09  583.6    0.0   0.56    2.7   31.1     20    266