NOAA-Style Climate Reports


Report for 2013 October
                   MONTHLY CLIMATOLOGICAL SUMMARY for Oct 2013


NAME: Conlig WX, Co. Down                  
ELEV: 170 feet    LAT: 54-38.04 N    LONG: 005-40.26 W


                   TEMPERATURE (F), RAIN (in), WIND SPEED (mph)

                                         HEAT   COOL         AVG
      MEAN                               DEG    DEG          WIND                   DOM
DAY   TEMP   HIGH   TIME    LOW   TIME   DAYS   DAYS   RAIN  SPEED   HIGH   TIME    DIR
---------------------------------------------------------------------------------------
 01   55.2   57.7  14:21   52.2  04:46    9.8    0.0   0.59    4.5   17.4  13:56    112
 02   57.3   59.7  22:00   54.9  05:06    7.7    0.0   0.66    4.2   15.9  22:45    141
 03   59.7   62.4  14:25   58.3  23:40    5.3    0.0   0.28    3.5   16.8  01:10    182
 04   58.6   65.3  14:00   54.0  23:00    6.4    0.0   0.01    1.2    8.3  22:45    288
 05   57.1   67.8  14:20   48.6  03:20    7.9    0.0   0.00    2.2   12.1  13:10    207
 06   60.4   69.3  14:15   55.4  00:00    4.6    0.0   0.00    3.4   13.0  01:00    208
 07   61.1   64.9  12:15   59.0  01:55    3.9    0.0   0.02    3.8   17.4  12:40    194
 08   57.2   62.1  16:00   53.1  19:50    7.8    0.0   0.01    2.3   15.2  04:45    271
 09   50.7   54.7  12:05   47.5  20:05   14.3    0.0   0.00    4.6   21.3  14:15    318
 10   50.2   55.0  12:24   46.6  23:59   14.8    0.0   0.00    4.9   21.3  03:04    350
 11   50.0   55.9  14:49   44.4  04:49   15.0    0.0   0.00    2.8   13.0  01:49     40
 12   50.9   54.0  15:49   46.0  01:54   14.1    0.0   0.00    2.4   10.7  09:19     59
 13   52.8   58.1  12:09   49.6  07:24   12.2    0.0   0.00    2.3   10.7  14:34     31
 14   53.2   58.8  12:09   49.5  22:44   11.8    0.0   0.00    2.7   13.6  13:44     21
 15   52.1   60.1  11:24   44.2  06:39   12.9    0.0   0.00    1.3   10.7  21:24     79
 16   50.9   52.5  03:49   47.5  22:58   14.1    0.0   0.20    2.7   16.8  05:44    126
 17   52.8   63.9  15:34   47.7  05:59   12.2    0.0   0.00    1.6   10.7  10:14    244
 18   54.5   55.6  07:24   52.0  00:04   10.5    0.0   0.65    3.3   14.5  12:31    139
 19   56.2   64.2  12:15   50.4  22:41    8.8    0.0   0.11    3.2   13.0  02:31    180
 20   54.3   59.0  14:35   50.5  03:31   10.7    0.0   0.21    3.2   15.9  15:21    190
 21   51.9   58.3  23:31   43.7  07:31   13.1    0.0   0.37    2.2   19.0  23:16    173
 22   56.9   59.4  16:16   55.2  08:06    8.1    0.0   0.18    4.0   13.0  03:16    185
 23   51.9   56.7  01:06   44.2  23:51   13.1    0.0   0.04    3.7   18.3  09:56    268
 24   50.6   60.8  11:31   40.1  07:56   14.4    0.0   0.00    1.9   10.7  01:26    190
 25   55.9   62.6  13:21   53.1  07:46    9.1    0.0   0.34    4.2   17.4  04:51    170
 26   51.0   55.0  00:01   46.6  21:10   14.0    0.0   0.00    3.0   23.5  14:50    190
 27   51.3   57.9  13:50   47.3  04:40   13.7    0.0   0.04    6.0   25.1  13:35    231
 28   48.9   55.4  11:34   46.2  19:14   16.1    0.0   0.01    3.1   19.7  15:39    258
 29   46.8   54.0  12:49   42.8  07:39   18.2    0.0   0.00    3.2   16.8  06:59    273
 30   47.2   54.9  14:14   41.2  04:44   17.8    0.0   0.02    3.9   20.6  13:54    197
 31   48.6   55.6  13:59   44.8  02:04   16.4    0.0   0.00    4.6   19.7  13:04    220
---------------------------------------------------------------------------------------
      53.4   69.3     06   40.1     24  359.1    0.0   3.74    3.2   25.1     27    198