NOAA-Style Climate Reports


Report for 2013 September
                   MONTHLY CLIMATOLOGICAL SUMMARY for Sep 2013


NAME: Conlig WX, Co. Down                  
ELEV: 170 feet    LAT: 54-38.04 N    LONG: 005-40.26 W


                   TEMPERATURE (F), RAIN (in), WIND SPEED (mph)

                                         HEAT   COOL         AVG
      MEAN                               DEG    DEG          WIND                   DOM
DAY   TEMP   HIGH   TIME    LOW   TIME   DAYS   DAYS   RAIN  SPEED   HIGH   TIME    DIR
---------------------------------------------------------------------------------------
 01   58.6   63.7  16:28   54.7  02:38    6.4    0.0   0.00    0.0    2.2  00:43     90
 02   65.5   76.8  15:27   57.7  00:02    0.0    0.5   0.00    0.0    8.3  03:32    315
 03   63.2   71.6  12:47   54.5  23:52    1.8    0.0   0.00    0.0    0.7  10:27     90
 04   59.0   69.4  15:25   50.9  03:42    6.0    0.0   0.05    0.0    0.7  16:10     90
 05   56.7   65.7  13:05   50.7  23:45    8.3    0.0   0.02    0.0    0.0  00:00     90
 06   53.3   60.1  14:05   47.7  06:50   11.7    0.0   0.01    0.0    7.6  23:50    304
 07   51.2   57.7  14:25   46.9  07:40   13.8    0.0   0.15    0.0    9.8  01:35    332
 08   53.9   62.4  12:45   46.6  00:30   11.1    0.0   0.00    0.0    0.0  00:00     90
 09   55.4   64.6  13:23   49.5  07:08    9.6    0.0   0.01    0.0    0.7  15:13     90
 10   56.3   63.5  15:13   51.3  03:03    8.7    0.0   0.00    0.0    0.7  15:18     90
 11   57.8   64.9  16:48   53.2  01:48    7.2    0.0   0.01    0.0    0.0  00:03     90
 12   59.5   65.5  17:53   53.8  23:53    5.5    0.0   0.00    0.0    0.0  00:03     90
 13   53.6   60.3  11:53   48.4  23:58   11.4    0.0   0.00    0.0    6.9  19:18     90
 14   53.6   63.7  14:55   46.8  02:03   11.4    0.0   0.00    0.0    1.6  10:46     90
 15   53.6   61.0  11:55   45.5  23:35   11.4    0.0   0.18    3.3   23.5  15:00    280
 16   49.8   56.7  15:35   43.5  05:35   15.2    0.0   0.02    5.3   25.9  17:15    304
 17   50.2   54.1  15:25   47.5  21:35   14.8    0.0   0.00    2.6   15.2  02:05    286
 18   51.2   57.4  14:35   46.2  05:10   13.8    0.0   0.02    3.0   16.8  10:05    299
 19   53.7   62.4  13:45   47.5  04:15   11.3    0.0   0.19    4.6   31.1  14:35    260
 20   55.1   65.1  15:29   46.8  04:39    9.9    0.0   0.00    2.7   14.5  13:14    220
 21   59.9   70.3  17:24   50.4  01:24    5.1    0.0   0.00    2.4   13.0  15:14    210
 22   61.9   70.7  14:39   56.3  22:04    3.1    0.0   0.00    2.0    9.2  22:29    201
 23   58.7   61.0  16:11   56.7  00:04    6.3    0.0   0.00    2.0   16.8  15:40    177
 24   57.3   59.5  12:00   56.1  03:20    7.7    0.0   0.00    0.9    6.9  12:00    137
 25   57.6   63.1  14:11   53.6  23:51    7.4    0.0   0.01    1.0    8.3  21:11     63
 26   54.2   57.6  12:56   52.7  04:01   10.8    0.0   0.04    2.0   13.0  13:01    100
 27   58.0   65.8  14:56   52.2  23:46    7.0    0.0   0.01    1.5    9.2  09:21    179
 28   55.9   63.7  17:01   47.8  07:21    9.1    0.0   0.00    1.2    9.2  13:51    105
 29   57.6   63.3  14:01   53.2  07:01    7.4    0.0   0.00    3.6   14.5  21:11     98
 30   56.1   58.5  17:11   54.1  00:31    8.9    0.0   0.13    4.2   20.6  11:01    121
---------------------------------------------------------------------------------------
      56.3   76.8     02   43.5     16  261.9    0.5   0.86    1.4   31.1     19    205