NOAA-Style Climate Reports


Report for 2013 August
                   MONTHLY CLIMATOLOGICAL SUMMARY for Aug 2013


NAME: Conlig WX, Co. Down                  
ELEV: 170 feet    LAT: 54-38.04 N    LONG: 005-40.26 W


                   TEMPERATURE (F), RAIN (in), WIND SPEED (mph)

                                         HEAT   COOL         AVG
      MEAN                               DEG    DEG          WIND                   DOM
DAY   TEMP   HIGH   TIME    LOW   TIME   DAYS   DAYS   RAIN  SPEED   HIGH   TIME    DIR
---------------------------------------------------------------------------------------
 01   62.9   65.3  15:56   60.6  00:01    2.1    0.0   0.25    5.3   18.3  22:16    186
 02   64.3   71.2  13:18   58.6  23:58    0.7    0.0   0.05    5.9   21.3  08:33    181
 03   61.0   70.9  15:33   55.8  05:13    4.0    0.0   0.07    4.3   15.9  09:03    221
 04   62.2   70.2  15:59   54.3  05:42    2.8    0.0   0.01    3.0   13.6  16:04    200
 05   60.3   67.5  12:09   54.7  23:49    4.7    0.0   0.00    2.7   15.2  19:04    334
 06   59.9   68.5  16:14   54.7  00:04    5.1    0.0   0.00    2.1   12.1  16:24    192
 07   60.8   73.8  10:14   56.1  04:09    4.2    0.0   0.00    1.5    9.2  12:04    304
 08   61.2   72.9  15:25   52.7  02:55    3.8    0.0   0.05    2.4   13.6  22:40    178
 09   60.5   67.5  11:10   55.4  23:55    4.5    0.0   0.02    2.3   13.6  13:00    301
 10   60.1   69.8  14:15   54.3  06:30    4.9    0.0   0.05    1.9   10.7  16:35    245
 11   59.1   68.2  14:12   54.0  04:12    5.9    0.0   0.05    3.3   14.5  17:22    256
 12   58.1   66.0  12:22   52.5  04:47    6.9    0.0   0.00    3.1   15.9  16:17    293
 13   58.9   67.1  12:57   53.2  01:27    6.1    0.0   0.01    1.3    7.6  08:47    188
 14   60.5   67.3  15:39   52.2  05:51    4.5    0.0   0.09    2.4   18.3  11:54    187
 15   64.0   70.3  13:19   59.2  23:34    1.0    0.0   0.24    3.2   15.2  10:29    205
 16   61.3   71.4  15:19   50.4  05:44    3.7    0.0   0.00    1.8   11.4  23:31    249
 17   62.6   74.8  17:00   56.1  23:10    2.4    0.0   0.02    4.3   20.6  19:00    199
 18   58.6   67.5  16:45   53.2  02:15    6.4    0.0   0.00    3.2   14.5  12:05    261
 19   60.8   72.1  18:12   53.6  05:57    4.2    0.0   0.00    2.1   12.1  13:17    253
 20   61.6   68.7  13:12   56.7  05:12    3.4    0.0   0.09    3.2   14.5  20:12    201
 21   62.9   72.7  17:02   58.6  05:22    2.1    0.0   0.04    2.8   16.8  11:27    217
 22   61.3   68.7  12:32   57.9  22:56    3.7    0.0   0.01    1.5   12.1  21:31    167
 23   60.3   67.6  16:56   56.5  02:56    4.7    0.0   0.07    2.7   13.6  04:11    183
 24   59.2   67.1  11:16   53.4  23:56    5.8    0.0   0.00    0.7    8.3  09:31    315
 25   58.9   68.0  13:36   48.7  06:26    6.1    0.0   0.00    0.0    6.0  17:46    270
 26   59.6   69.1  11:05   49.6  05:40    5.4    0.0   0.00    0.0    3.1  14:20     90
 27   58.8   71.1  12:50   53.6  23:50    6.2    0.0   0.01    0.8   13.0  17:55    354
 28   56.5   64.6  17:30   48.6  03:50    8.5    0.0   0.00    0.1    6.9  01:05    323
 29   62.4   71.2  17:45   54.3  23:37    2.6    0.0   0.00    0.0    3.8  15:20     90
 30   60.7   70.9  15:38   52.2  23:58    4.3    0.0   0.00    0.0    9.8  07:08    231
 31   57.2   65.7  13:43   50.2  06:28    7.8    0.0   0.00    0.0    5.4  10:33    360
---------------------------------------------------------------------------------------
      60.5   74.8     17   48.6     28  138.7    0.0   1.13    2.2   21.3     02    212