NOAA-Style Climate Reports


Report for 2013 July
                   MONTHLY CLIMATOLOGICAL SUMMARY for Jul 2013


NAME: Conlig WX, Co. Down                  
ELEV: 170 feet    LAT: 54-38.04 N    LONG: 005-40.26 W


                   TEMPERATURE (F), RAIN (in), WIND SPEED (mph)

                                         HEAT   COOL         AVG
      MEAN                               DEG    DEG          WIND                   DOM
DAY   TEMP   HIGH   TIME    LOW   TIME   DAYS   DAYS   RAIN  SPEED   HIGH   TIME    DIR
---------------------------------------------------------------------------------------
 01   56.8   64.9  15:37   50.5  04:52    8.2    0.0   0.00    2.7   13.0  14:32    268
 02   55.0   58.8  17:17   52.5  00:57   10.0    0.0   0.48    4.1   19.7  10:17    185
 03   59.1   64.6  14:52   52.3  06:22    5.9    0.0   0.01    2.1    9.8  20:41    202
 04   62.1   67.8  14:12   56.3  23:32    2.9    0.0   0.05    3.8   15.9  12:22    254
 05   59.0   67.6  14:32   53.2  23:52    6.0    0.0   0.00    2.8   13.0  17:17    209
 06   62.7   74.5  13:42   52.0  05:07    2.3    0.0   0.00    3.5   12.1  15:22    196
 07   63.7   71.2  15:11   57.9  06:26    1.3    0.0   0.00    1.3    7.6  12:31     21
 08   67.4   78.4  16:01   55.6  03:46    0.0    2.4   0.00    1.4    7.6  11:06     37
 09   68.7   82.8  09:51   58.5  03:51    0.0    3.7   0.00    1.7   12.1  15:51      5
 10   62.1   72.3  18:11   52.9  04:25    2.9    0.0   0.00    2.0    9.8  11:05      3
 11   68.6   78.8  14:26   55.6  04:31    0.0    3.6   0.00    1.6    9.2  15:36    186
 12   69.9   82.4  09:58   59.9  05:03    0.0    4.9   0.00    1.2    7.6  14:48     20
 13   60.4   66.0  14:18   51.8  23:48    4.6    0.0   0.00    2.4   15.2  15:53    350
 14   58.5   73.6  12:57   49.3  01:58    6.5    0.0   0.00    1.6    9.8  16:48    332
 15   63.4   74.8  18:22   51.6  03:32    1.6    0.0   0.00    1.2    7.6  14:42    265
 16   68.1   78.6  17:22   62.8  01:32    0.0    3.1   0.00    1.4    6.0  08:37    262
 17   69.3   79.3  13:11   59.9  23:08    0.0    4.3   0.00    1.1    7.6  12:22    286
 18   67.6   77.0  09:28   57.6  05:23    0.0    2.6   0.00    1.9   11.4  17:18      3
 19   68.5   78.3  18:38   59.0  05:28    0.0    3.5   0.00    2.0   10.7  09:03    354
 20   67.7   75.0  15:57   58.8  05:38    0.0    2.7   0.00    2.6   11.4  11:31    108
 21   62.7   70.9  18:22   58.3  22:37    2.3    0.0   0.00    2.7   10.7  09:02    108
 22   64.3   72.0  16:57   56.3  03:32    0.7    0.0   0.00    2.2   13.0  10:57    126
 23   64.4   73.2  17:32   59.7  07:21    0.6    0.0   0.02    2.4   13.6  14:32    174
 24   64.6   72.9  12:37   59.4  05:47    0.4    0.0   0.01    3.9   18.3  13:52    179
 25   63.1   73.0  15:56   59.0  05:26    1.9    0.0   0.18    1.8    8.3  12:16    145
 26   65.1   75.6  15:21   56.8  03:01    0.0    0.1   0.00    2.3   15.2  16:51    189
 27   65.2   73.9  14:23   57.6  04:43    0.0    0.2   0.00    2.3   13.0  16:13    182
 28   64.5   76.3  13:43   56.3  05:53    0.5    0.0   0.02    2.1   15.2  16:33    197
 29   62.7   73.4  12:18   57.6  23:59    2.3    0.0   0.15    2.3   13.0  14:58    213
 30   61.6   70.0  11:41   54.3  06:01    3.4    0.0   0.02    2.8   12.1  12:31    236
 31   58.9   69.1  10:51   50.4  05:46    6.1    0.0   0.69    1.7   10.7  19:31    150
---------------------------------------------------------------------------------------
      63.7   82.8     09   49.3     14   70.5   31.0   1.64    2.2   19.7     02    194