NOAA-Style Climate Reports


Report for 2013 June
                   MONTHLY CLIMATOLOGICAL SUMMARY for Jun 2013


NAME: Conlig WX, Co. Down                  
ELEV: 170 feet    LAT: 54-38.04 N    LONG: 005-40.26 W


                   TEMPERATURE (F), RAIN (in), WIND SPEED (mph)

                                         HEAT   COOL         AVG
      MEAN                               DEG    DEG          WIND                   DOM
DAY   TEMP   HIGH   TIME    LOW   TIME   DAYS   DAYS   RAIN  SPEED   HIGH   TIME    DIR
---------------------------------------------------------------------------------------
 01   51.7   61.0  14:20   43.5  03:45   13.3    0.0   0.01    2.1   11.4  14:20    311
 02   54.5   60.8  15:48   46.9  02:13   10.5    0.0   0.00    1.4    6.9  14:17    177
 03   59.1   66.0  16:34   53.6  00:02    5.9    0.0   0.00    1.3    7.6  13:13    127
 04   65.6   71.1  16:18   54.7  23:47    0.0    0.6   0.00    2.1   10.7  11:13    131
 05   62.7   72.5  17:13   50.5  04:33    2.3    0.0   0.00    1.6    8.3  11:58    173
 06   63.3   72.5  12:50   49.5  04:53    1.7    0.0   0.00    1.4    9.2  12:59    162
 07   61.4   70.3  15:14   52.7  04:30    3.6    0.0   0.00    2.1    9.2  09:30    359
 08   61.2   71.4  18:10   51.8  04:14    3.8    0.0   0.00    1.8    8.3  18:50    103
 09   61.9   71.1  11:43   47.8  05:07    3.1    0.0   0.00    2.2   15.2  15:47    178
 10   52.7   62.4  08:37   49.5  04:27   12.3    0.0   0.00    0.7    5.4  07:07    120
 11   54.0   56.5  22:00   51.8  02:51   11.0    0.0   0.30    3.3   16.8  17:56    173
 12   55.9   62.1  11:54   50.9  23:44    9.1    0.0   0.14    2.1   13.0  00:24    168
 13   55.1   63.1  17:39   50.4  04:09    9.9    0.0   0.04    2.8   11.4  16:49    315
 14   55.0   62.8  12:32   48.4  01:37   10.0    0.0   0.33    5.0   19.7  16:17    185
 15   51.2   57.0  13:40   46.4  04:17   13.8    0.0   0.37    3.8   19.0  03:47    245
 16   56.0   62.4  07:49   48.6  04:59    9.0    0.0   0.00    2.2   13.0  17:49    201
 17   55.6   63.0  13:29   51.1  04:34    9.4    0.0   0.04    0.9    6.9  14:04     24
 18   60.6   72.1  13:50   54.0  23:30    4.4    0.0   0.00    1.7   10.7  19:45    169
 19   60.0   70.2  19:05   51.4  04:45    5.0    0.0   0.00    2.1   10.7  14:15    301
 20   59.2   69.3  14:55   51.4  04:35    5.8    0.0   0.00    1.9   10.7  10:50    177
 21   58.4   63.3  13:30   53.1  23:30    6.6    0.0   0.19    2.9   16.8  23:15    179
 22   56.4   64.0  14:10   52.9  23:50    8.6    0.0   0.21    4.0   21.3  09:15    221
 23   53.9   57.9  17:27   51.1  21:56   11.1    0.0   0.11    4.9   20.6  16:24    312
 24   53.8   62.1  13:46   46.8  23:46   11.2    0.0   0.04    2.3   12.1  06:40    339
 25   56.7   67.8  17:01   44.6  02:11    8.3    0.0   0.00    1.8    8.3  15:41    208
 26   56.5   63.9  11:51   49.5  04:11    8.5    0.0   0.00    2.2   10.7  16:36    342
 27   55.9   60.4  15:15   51.1  00:26    9.1    0.0   0.53    2.1   10.7  23:51    300
 28   59.8   67.3  14:51   53.4  23:46    5.2    0.0   0.00    3.8   18.3  17:26    295
 29   58.6   70.0  18:01   52.3  04:01    6.4    0.0   0.00    2.6   12.1  17:10    267
 30   59.5   66.7  14:06   53.8  23:31    5.5    0.0   0.13    3.9   19.0  13:36    231
---------------------------------------------------------------------------------------
      57.6   72.5     05   43.5     01  224.3    0.6   2.42    2.5   21.3     22    241