NOAA-Style Climate Reports


Report for 2013 May
                   MONTHLY CLIMATOLOGICAL SUMMARY for May 2013


NAME: Conlig WX, Co. Down                  
ELEV: 170 feet    LAT: 54-38.04 N    LONG: 005-40.26 W


                   TEMPERATURE (F), RAIN (in), WIND SPEED (mph)

                                         HEAT   COOL         AVG
      MEAN                               DEG    DEG          WIND                   DOM
DAY   TEMP   HIGH   TIME    LOW   TIME   DAYS   DAYS   RAIN  SPEED   HIGH   TIME    DIR
---------------------------------------------------------------------------------------
 01
 02
 03
 04
 05
 06
 07
 08
 09
 10
 11
 12   50.5   57.9  17:22   43.3  23:42   14.5    0.0   0.01    4.0   21.3  20:22    245
 13   45.3   52.7  14:27   38.8  05:28   19.7    0.0   0.07    5.4   18.3  08:57    267
 14   46.7   58.6  15:27   39.6  05:32   18.3    0.0   0.01    4.5   18.3  11:07    267
 15   47.7   54.3  16:17   41.9  23:59   17.3    0.0   0.04    5.4   20.6  10:52    336
 16   47.7   56.1  14:09   38.8  03:59   17.3    0.0   0.00    2.7   13.6  11:54    185
 17   51.5   60.4  15:49   40.3  00:04   13.5    0.0   0.00    2.7   13.6  17:29    341
 18   49.4   51.8  16:29   46.9  07:09   15.6    0.0   0.54    2.0    9.8  13:39    337
 19   53.0   58.5  14:51   48.9  01:33   12.0    0.0   0.00    0.5    4.5  11:59      1
 20   54.6   61.9  14:06   50.2  23:56   10.4    0.0   0.00    3.2   19.0  23:56    314
 21   51.2   58.1  14:25   47.1  03:25   13.8    0.0   0.00    3.3   15.2  14:40    337
 22   50.1   56.8  14:28   43.5  23:33   14.9    0.0   0.00    4.8   19.0  17:02    331
 23   44.9   49.6  14:48   41.7  05:22   20.1    0.0   0.15    6.3   22.1  08:38    339
 24   50.0   59.0  17:33   43.2  00:13   15.0    0.0   0.04    5.5   21.3  04:08    339
 25   53.2   62.8  13:16   37.9  05:16   11.8    0.0   0.00    2.7   14.5  16:01    191
 26   55.2   62.2  14:26   48.0  00:01    9.8    0.0   0.00    3.4   17.4  16:21    196
 27   51.0   57.4  13:32   44.6  23:54   14.0    0.0   0.79    4.7   17.4  02:06    186
 28   52.2   62.1  13:44   39.6  05:09   12.8    0.0   0.14    2.3   10.7  14:44    124
 29   56.7   67.3  16:29   46.8  05:24    8.3    0.0   0.05    4.1   16.8  14:40    346
 30   57.9   65.3  18:10   50.0  05:14    7.1    0.0   0.07    3.7   15.2  13:20    334
 31   53.2   60.6  07:25   46.8  23:50   11.8    0.0   0.00    2.3   10.7  19:05    321
---------------------------------------------------------------------------------------
      51.1   67.3     29   37.9     25  278.2    0.0   1.91    3.7   22.1     23    305