NOAA-Style Climate Reports
Select a Year or Month report
2024: Jan Feb Mar Apr May Jun Jul Aug Sep Oct Nov Dec
2023: Jan Feb Mar Apr May Jun Jul Aug Sep Oct Nov Dec
2022: Jan Feb Mar Apr May Jun Jul Aug Sep Oct Nov Dec
2021: Jan Feb Mar Apr May Jun Jul Aug Sep Oct Nov Dec
2020: Jan Feb Mar Apr May Jun Jul Aug Sep Oct Nov Dec
2019: Jan Feb Mar Apr May Jun Jul Aug Sep Oct Nov Dec
2018: Jan Feb Mar Apr May Jun Jul Aug Sep Oct Nov Dec
2017: Jan Feb Mar Apr May Jun Jul Aug Sep Oct Nov Dec
2016: Jan Feb Mar Apr May Jun Jul Aug Sep Oct Nov Dec
2015: Jan Feb Mar Apr May Jun Jul Aug Sep Oct Nov Dec
2014: Jan Feb Mar Apr May Jun Jul Aug Sep Oct Nov Dec
2013: Jan Feb Mar Apr May Jun Jul Aug Sep Oct Nov Dec
2024: Jan Feb Mar Apr May Jun Jul Aug Sep Oct Nov Dec
2023: Jan Feb Mar Apr May Jun Jul Aug Sep Oct Nov Dec
2022: Jan Feb Mar Apr May Jun Jul Aug Sep Oct Nov Dec
2021: Jan Feb Mar Apr May Jun Jul Aug Sep Oct Nov Dec
2020: Jan Feb Mar Apr May Jun Jul Aug Sep Oct Nov Dec
2019: Jan Feb Mar Apr May Jun Jul Aug Sep Oct Nov Dec
2018: Jan Feb Mar Apr May Jun Jul Aug Sep Oct Nov Dec
2017: Jan Feb Mar Apr May Jun Jul Aug Sep Oct Nov Dec
2016: Jan Feb Mar Apr May Jun Jul Aug Sep Oct Nov Dec
2015: Jan Feb Mar Apr May Jun Jul Aug Sep Oct Nov Dec
2014: Jan Feb Mar Apr May Jun Jul Aug Sep Oct Nov Dec
2013: Jan Feb Mar Apr May Jun Jul Aug Sep Oct Nov Dec
Report for 2023 November
Monthly Climatological Summary for Nov 2023 Name: Conlig Weather Station. City: Newtownards. State: Co. Down. Elevation: 49 m Lat: N 54° 38' 02" Lon: W 005° 40' 18" Temperature (°C), Rain (mm), Wind Speed (mph) Heat Cool Avg Mean Deg Deg Wind Dom Day Temp High Time Low Time Days Days Rain Speed High Time Dir ---------------------------------------------------------------------------------- 01 8.7 12.0 10:46 3.2 23:44 9.6 0.0 37.2 4.4 25.0 00:50 SE 02 7.1 10.6 14:13 2.6 01:01 11.2 0.0 1.0 1.5 12.0 11:35 WNW 03 8.6 12.6 14:31 5.7 02:28 9.7 0.0 0.0 3.0 17.0 13:35 W 04 7.9 11.1 14:15 3.4 04:53 10.4 0.0 1.4 1.7 13.0 12:14 NE 05 8.4 11.8 14:02 6.3 03:32 9.9 0.0 0.0 2.5 14.0 21:44 WSW 06 8.9 11.8 14:13 6.6 00:02 9.4 0.0 0.4 3.9 19.0 18:27 WSW 07 8.7 12.0 13:54 6.3 23:56 9.6 0.0 0.0 2.9 14.0 03:59 WSW 08 8.2 10.7 05:36 4.6 22:55 10.1 0.0 4.8 5.1 24.0 03:16 SSW 09 5.2 8.3 10:37 2.6 23:56 13.1 0.0 0.0 2.1 17.0 01:21 S 10 6.8 10.1 12:54 2.4 00:10 11.5 0.0 1.2 1.8 13.0 23:46 W 11 6.9 11.4 12:30 3.7 19:03 11.4 0.0 0.0 1.4 12.0 01:27 WSW 12 8.2 9.5 16:45 6.8 21:25 10.1 0.0 3.2 3.4 17.0 05:21 ESE 13 9.6 11.6 06:59 7.6 09:21 8.8 0.0 21.8 5.2 32.0 13:06 SW 14 10.0 12.3 13:45 8.4 08:02 8.3 0.0 0.4 3.7 20.0 14:05 SW 15 8.9 11.3 12:50 5.0 23:59 9.4 0.0 0.0 4.3 25.0 04:09 WSW 16 5.4 8.9 15:31 1.6 04:50 12.9 0.0 2.6 0.7 8.0 21:13 SSW 17 5.9 8.6 23:56 3.7 06:55 12.5 0.0 10.2 1.9 19.0 22:43 S 18 11.6 13.7 13:50 8.5 00:11 6.7 0.0 6.0 4.3 19.0 00:06 S 19 11.0 13.6 13:31 9.6 23:57 7.3 0.0 0.4 4.5 22.0 18:48 SW 20 10.3 12.1 13:04 8.9 02:31 8.0 0.0 2.4 5.3 24.0 20:36 WNW 21 8.7 10.3 12:29 7.2 09:09 9.6 0.0 0.0 2.1 14.0 00:54 WSW 22 11.6 13.2 13:16 8.6 00:00 6.7 0.0 0.0 5.3 27.0 22:56 WSW 23 11.3 13.3 12:22 8.7 23:29 7.0 0.0 1.2 5.4 21.0 00:22 W 24 6.8 8.9 00:07 3.4 23:58 11.5 0.0 0.0 3.8 23.0 13:21 WNW 25 4.7 7.7 13:59 2.6 02:52 13.6 0.0 0.0 1.0 8.0 00:22 SW 26 7.9 10.1 12:56 4.7 00:00 10.4 0.0 2.8 1.3 13.0 14:19 S 27 7.9 8.9 13:31 6.8 07:28 10.4 0.0 1.0 3.0 17.0 15:28 NNW 28 5.4 8.6 13:29 3.0 09:08 12.9 0.0 0.0 0.8 10.0 13:36 W 29 4.1 6.2 13:15 2.4 01:55 14.2 0.0 0.2 1.6 18.0 21:15 NE 30 3.9 5.9 13:36 1.5 23:14 14.4 0.0 0.0 2.2 15.0 09:01 NE ---------------------------------------------------------------------------------- 8.0 13.7 18 1.5 30 310.7 0.0 98.2 3.0 32.0 13 SW Max >= 27.0 0 Max <= 0.0 0 Min <= 0.0 0 Min <= -18.0 0 Max Rain: 37.2 on day 1 Days of Rain: 18 (>= 0.2 mm) 9 (>= 2.0 mm) 2 (>= 20.0 mm) Heat Base: 18.3 Cool Base: 18.3 Method: Integration