NOAA-Style Climate Reports
Select a Year or Month report
2024: Jan Feb Mar Apr May Jun Jul Aug Sep Oct Nov Dec
2023: Jan Feb Mar Apr May Jun Jul Aug Sep Oct Nov Dec
2022: Jan Feb Mar Apr May Jun Jul Aug Sep Oct Nov Dec
2021: Jan Feb Mar Apr May Jun Jul Aug Sep Oct Nov Dec
2020: Jan Feb Mar Apr May Jun Jul Aug Sep Oct Nov Dec
2019: Jan Feb Mar Apr May Jun Jul Aug Sep Oct Nov Dec
2018: Jan Feb Mar Apr May Jun Jul Aug Sep Oct Nov Dec
2017: Jan Feb Mar Apr May Jun Jul Aug Sep Oct Nov Dec
2016: Jan Feb Mar Apr May Jun Jul Aug Sep Oct Nov Dec
2015: Jan Feb Mar Apr May Jun Jul Aug Sep Oct Nov Dec
2014: Jan Feb Mar Apr May Jun Jul Aug Sep Oct Nov Dec
2013: Jan Feb Mar Apr May Jun Jul Aug Sep Oct Nov Dec
2024: Jan Feb Mar Apr May Jun Jul Aug Sep Oct Nov Dec
2023: Jan Feb Mar Apr May Jun Jul Aug Sep Oct Nov Dec
2022: Jan Feb Mar Apr May Jun Jul Aug Sep Oct Nov Dec
2021: Jan Feb Mar Apr May Jun Jul Aug Sep Oct Nov Dec
2020: Jan Feb Mar Apr May Jun Jul Aug Sep Oct Nov Dec
2019: Jan Feb Mar Apr May Jun Jul Aug Sep Oct Nov Dec
2018: Jan Feb Mar Apr May Jun Jul Aug Sep Oct Nov Dec
2017: Jan Feb Mar Apr May Jun Jul Aug Sep Oct Nov Dec
2016: Jan Feb Mar Apr May Jun Jul Aug Sep Oct Nov Dec
2015: Jan Feb Mar Apr May Jun Jul Aug Sep Oct Nov Dec
2014: Jan Feb Mar Apr May Jun Jul Aug Sep Oct Nov Dec
2013: Jan Feb Mar Apr May Jun Jul Aug Sep Oct Nov Dec
Report for 2023 October
Monthly Climatological Summary for Oct 2023 Name: Conlig Weather Station. City: Newtownards. State: Co. Down. Elevation: 49 m Lat: N 54° 38' 02" Lon: W 005° 40' 18" Temperature (°C), Rain (mm), Wind Speed (mph) Heat Cool Avg Mean Deg Deg Wind Dom Day Temp High Time Low Time Days Days Rain Speed High Time Dir ---------------------------------------------------------------------------------- 01 15.6 19.2 15:00 11.1 23:20 2.7 0.0 0.0 3.0 16.0 10:42 SSW 02 12.6 16.2 14:49 10.6 07:24 5.7 0.0 0.0 2.7 15.0 14:23 S 03 12.4 16.1 13:31 10.1 06:44 5.9 0.0 0.2 3.6 19.0 09:02 SW 04 13.5 16.7 13:38 11.2 02:19 4.8 0.0 1.4 4.1 26.0 16:23 SSW 05 14.6 16.9 19:03 12.8 08:50 3.7 0.0 6.4 4.4 20.0 11:20 S 06 17.6 19.2 13:40 16.2 23:58 0.9 0.2 2.6 4.5 21.0 17:25 SW 07 16.9 19.1 14:28 15.1 23:57 1.5 0.1 0.2 3.0 19.0 01:15 SSW 08 16.3 19.1 16:26 13.2 05:14 2.1 0.1 0.0 1.3 11.0 14:34 SSW 09 16.7 19.1 14:37 13.4 21:41 1.7 0.0 0.0 1.9 12.0 01:18 S 10 17.1 20.4 13:40 13.7 00:02 1.4 0.2 0.2 4.9 22.0 21:55 SSW 11 10.5 15.8 00:00 7.6 22:42 7.8 0.0 2.4 1.9 14.0 16:06 W 12 9.9 14.1 15:27 6.8 07:54 8.4 0.0 0.0 1.9 11.0 13:23 SW 13 10.0 13.4 13:31 7.9 23:46 8.3 0.0 0.0 3.6 22.0 17:17 W 14 7.5 10.6 13:23 5.4 23:27 10.8 0.0 1.2 3.2 18.0 12:17 W 15 7.6 12.3 15:26 4.6 05:48 10.7 0.0 0.0 1.9 12.0 11:22 WSW 16 8.2 14.2 15:30 4.9 02:58 10.1 0.0 0.0 0.6 9.0 12:11 SSE 17 10.1 12.8 19:11 5.2 02:52 8.2 0.0 0.0 3.5 20.0 22:57 E 18 12.5 14.1 14:07 11.2 03:12 5.8 0.0 2.0 7.2 30.0 10:06 E 19 13.1 15.2 15:19 11.2 06:26 5.2 0.0 17.6 4.8 23.0 05:10 ESE 20 11.5 14.8 00:00 9.1 23:16 6.8 0.0 21.6 7.8 31.0 14:07 ENE 21 9.1 11.4 15:00 6.4 23:50 9.2 0.0 0.2 3.1 15.0 07:24 NNW 22 8.2 13.9 15:14 4.5 23:56 10.1 0.0 0.0 1.3 9.0 01:54 WSW 23 10.3 13.0 15:19 3.5 03:32 8.0 0.0 0.0 3.4 19.0 17:14 ESE 24 12.2 14.1 11:00 10.3 23:55 6.1 0.0 1.6 4.3 18.0 02:57 E 25 9.4 13.2 13:36 4.8 08:45 8.9 0.0 0.0 0.6 9.0 00:00 E 26 11.1 12.8 15:19 8.8 00:25 7.2 0.0 31.8 2.2 14.0 05:35 ESE 27 10.5 12.1 13:25 7.3 08:52 7.8 0.0 16.8 2.0 16.0 15:23 ESE 28 11.1 12.4 14:24 9.7 18:16 7.2 0.0 28.6 4.6 21.0 17:54 E 29 11.3 13.8 11:54 9.7 08:42 7.2 0.0 5.8 5.4 23.0 22:45 E 30 9.3 10.3 14:39 8.1 21:52 9.0 0.0 20.2 7.1 27.0 05:51 ENE 31 8.5 9.4 16:59 7.6 07:21 9.8 0.0 14.4 6.9 22.0 05:33 E ---------------------------------------------------------------------------------- 11.8 20.4 10 3.5 23 203.0 0.6 175.2 3.6 31.0 20 SE Max >= 27.0 0 Max <= 0.0 0 Min <= 0.0 0 Min <= -18.0 0 Max Rain: 31.8 on day 26 Days of Rain: 19 (>= 0.2 mm) 12 (>= 2.0 mm) 4 (>= 20.0 mm) Heat Base: 18.3 Cool Base: 18.3 Method: Integration