NOAA-Style Climate Reports
Select a Year or Month report
2024: Jan Feb Mar Apr May Jun Jul Aug Sep Oct Nov Dec
2023: Jan Feb Mar Apr May Jun Jul Aug Sep Oct Nov Dec
2022: Jan Feb Mar Apr May Jun Jul Aug Sep Oct Nov Dec
2021: Jan Feb Mar Apr May Jun Jul Aug Sep Oct Nov Dec
2020: Jan Feb Mar Apr May Jun Jul Aug Sep Oct Nov Dec
2019: Jan Feb Mar Apr May Jun Jul Aug Sep Oct Nov Dec
2018: Jan Feb Mar Apr May Jun Jul Aug Sep Oct Nov Dec
2017: Jan Feb Mar Apr May Jun Jul Aug Sep Oct Nov Dec
2016: Jan Feb Mar Apr May Jun Jul Aug Sep Oct Nov Dec
2015: Jan Feb Mar Apr May Jun Jul Aug Sep Oct Nov Dec
2014: Jan Feb Mar Apr May Jun Jul Aug Sep Oct Nov Dec
2013: Jan Feb Mar Apr May Jun Jul Aug Sep Oct Nov Dec
2024: Jan Feb Mar Apr May Jun Jul Aug Sep Oct Nov Dec
2023: Jan Feb Mar Apr May Jun Jul Aug Sep Oct Nov Dec
2022: Jan Feb Mar Apr May Jun Jul Aug Sep Oct Nov Dec
2021: Jan Feb Mar Apr May Jun Jul Aug Sep Oct Nov Dec
2020: Jan Feb Mar Apr May Jun Jul Aug Sep Oct Nov Dec
2019: Jan Feb Mar Apr May Jun Jul Aug Sep Oct Nov Dec
2018: Jan Feb Mar Apr May Jun Jul Aug Sep Oct Nov Dec
2017: Jan Feb Mar Apr May Jun Jul Aug Sep Oct Nov Dec
2016: Jan Feb Mar Apr May Jun Jul Aug Sep Oct Nov Dec
2015: Jan Feb Mar Apr May Jun Jul Aug Sep Oct Nov Dec
2014: Jan Feb Mar Apr May Jun Jul Aug Sep Oct Nov Dec
2013: Jan Feb Mar Apr May Jun Jul Aug Sep Oct Nov Dec
Report for 2023 September
Monthly Climatological Summary for Sep 2023 Name: Conlig Weather Station. City: Newtownards. State: Co. Down. Elevation: 49 m Lat: N 54° 38' 02" Lon: W 005° 40' 18" Temperature (°C), Rain (mm), Wind Speed (mph) Heat Cool Avg Mean Deg Deg Wind Dom Day Temp High Time Low Time Days Days Rain Speed High Time Dir ---------------------------------------------------------------------------------- 01 14.6 16.6 18:47 13.3 07:47 3.7 0.0 8.6 2.0 15.0 13:52 ENE 02 15.9 21.1 15:46 11.0 05:20 2.8 0.4 0.0 1.3 12.0 16:01 SSE 03 17.7 23.4 16:13 13.7 05:57 1.8 1.2 0.0 2.8 20.0 10:10 SSW 04 17.9 24.6 14:37 12.5 04:50 1.9 1.5 0.0 1.4 11.0 12:27 SE 05 17.8 21.6 15:32 14.6 03:51 1.2 0.7 0.0 1.4 11.0 11:07 NNE 06 19.2 25.9 15:36 15.3 06:44 0.9 1.8 0.0 2.1 14.0 17:12 SE 07 18.8 23.3 12:36 15.2 06:52 1.0 1.4 0.0 1.0 9.0 10:02 E 08 20.2 26.8 14:35 15.1 05:45 0.8 2.7 0.0 1.0 10.0 18:18 SE 09 19.9 26.4 14:13 16.0 22:52 0.7 2.2 1.2 1.4 19.0 17:47 SW 10 17.9 20.4 16:34 15.6 04:43 0.9 0.4 0.0 1.1 10.0 16:48 SSE 11 16.3 19.2 15:17 13.1 23:55 2.1 0.1 0.6 2.0 14.0 21:05 W 12 13.8 16.9 15:26 11.1 05:10 4.5 0.0 0.0 2.3 15.0 09:19 NW 13 12.7 14.8 13:40 9.2 04:30 5.6 0.0 9.4 3.0 23.0 20:08 SSE 14 14.2 18.5 15:47 11.6 07:00 4.1 0.0 0.0 2.3 14.0 11:55 SW 15 12.2 13.4 00:00 11.2 19:55 6.0 0.0 18.6 1.6 15.0 19:21 NNE 16 12.4 13.9 14:57 11.1 05:32 5.9 0.0 2.2 4.0 20.0 09:16 NE 17 14.1 15.4 17:50 12.4 05:14 4.2 0.0 9.0 2.5 15.0 08:19 E 18 13.1 15.9 12:55 9.4 22:29 5.2 0.0 26.4 3.1 24.0 15:16 WSW 19 13.3 17.9 18:13 9.5 07:50 5.0 0.0 10.0 4.0 26.0 22:47 S 20 14.8 17.3 00:02 10.2 23:54 3.5 0.0 0.4 5.8 30.0 11:10 SSW 21 11.2 16.1 12:38 7.3 06:52 7.1 0.0 0.6 3.0 16.0 16:21 SW 22 11.4 14.7 14:43 9.8 22:29 6.9 0.0 1.2 4.2 19.0 17:17 W 23 12.4 15.3 13:13 9.8 01:27 5.9 0.0 1.6 4.1 24.0 19:39 S 24 15.6 17.5 10:53 13.7 23:40 2.7 0.0 4.2 6.1 34.0 18:31 SSE 25 15.7 19.4 14:07 13.5 02:33 2.7 0.1 0.0 5.8 25.0 13:04 S 26 15.0 18.2 15:30 10.8 23:59 3.3 0.0 7.4 5.6 27.0 09:12 S 27 12.9 15.6 17:18 8.9 01:58 5.4 0.0 22.0 4.9 27.0 22:56 SE 28 13.8 15.8 16:24 11.4 22:26 4.5 0.0 1.8 5.3 25.0 14:19 S 29 13.2 17.2 16:29 10.3 04:48 5.1 0.0 0.0 3.5 21.0 10:47 SW 30 11.8 15.8 23:58 8.5 06:12 6.5 0.0 7.0 2.2 22.0 20:50 SSE ---------------------------------------------------------------------------------- 15.0 26.8 8 7.3 21 111.9 12.5 132.2 3.0 34.0 24 S Max >= 27.0 0 Max <= 0.0 0 Min <= 0.0 0 Min <= -18.0 0 Max Rain: 26.4 on day 18 Days of Rain: 18 (>= 0.2 mm) 11 (>= 2.0 mm) 2 (>= 20.0 mm) Heat Base: 18.3 Cool Base: 18.3 Method: Integration