NOAA style reports

NOAA-style Climate Reports



Report for 2019 Aug
                  Monthly Climatological Summary for Aug 2019

Elevation: 45m
Latitude:  54.634
Longitude: -5.672

Temperature in °C, Rain in mm, Wind Speed in mph and Pressure in hPa

      AVG                                      AVG                 DOM
DAY   TEMP   HIGH   TIME   LOW   TIME   RAIN   WIND   HIGH   TIME  DIR   BAROM HUM
----------------------------------------------------------------------------------
 01   16.4   20.8  15:12  12.2  05:39    0.0    1.7   11.0  11:17  330  1019.9  83
 02   17.0   22.3  16:06  12.5  06:03    0.0    1.3   11.0  15:15  084  1021.3  84
 03   16.8   20.9  12:28  12.9  04:15    1.0    1.4   12.1  12:12  127  1017.4  90
 04   17.3   20.6  12:39  15.3  06:30    1.6    3.2   20.0  15:42  162  1009.8  90
 05   16.4   19.9  15:51  13.5  07:04    1.0    3.8   19.0  15:49  193  1003.5  87
 06   15.1   17.7  16:05  13.8  05:21    1.8    1.9   14.1  14:21  214  1000.0  91
 07   15.6   19.3  13:15  12.1  05:55    0.6    2.1   13.0  17:29  263  1002.9  88
 08   16.2   19.9  12:22  13.2  03:48    0.4    1.8   10.1  16:08  058  1008.2  80
 09   16.3   20.0  12:48  13.9  06:19    3.6    5.9   27.1  08:22  133   993.1  92
 10   16.1   18.7  15:40  14.3  23:27    7.0    1.7   13.0  00:43  278   992.0  94
 11   13.8   16.6  16:01  11.3  23:49    0.2    5.1   21.0  16:36  290  1007.8  81
 12   12.8   18.8  14:00   9.9  02:22    3.0    1.7   16.1  14:22  253  1014.2  83
 13   13.6   18.7  14:33   9.3  04:51    0.0    2.0   15.0  13:56  233  1015.4  81
 14   14.7   16.3  16:55  13.3  00:00    6.8    1.9   15.0  11:42  168  1006.3  95
 15   15.9   20.5  17:03  12.5  06:04    0.0    4.4   20.0  04:34  247  1009.3  80
 16   16.9   22.1  14:22  14.2  07:57    6.8    5.0   24.0  08:22  186   999.3  87
 17   15.1   18.9  16:39  11.4  06:35    1.4    5.1   24.0  13:03  216   996.4  79
 18   15.0   19.2  16:08  11.9  03:36    1.0    4.6   21.0  01:11  238   997.3  80
 19   14.2   17.6  16:46  11.8  06:35    3.0    3.8   17.0  11:14  258  1009.1  82
 20   14.2   18.8  13:16  10.4  04:26    0.0    2.7   16.1  14:56  222  1019.2  82
 21   14.3   17.3  10:50  12.1  06:32    5.6    3.8   21.0  11:54  196  1019.1  91
 22   15.8   19.2  18:08  12.7  06:51    0.8    4.0   19.0  13:41  207  1016.6  90
 23   17.5   23.3  14:13  14.7  04:52    0.0    4.0   17.0  12:44  186  1019.4  85
 24   17.4   22.0  17:09  13.9  05:09    0.0    2.6   19.0  11:50  157  1017.0  84
 25   18.2   24.4  14:19  13.1  06:32    0.0    1.4   13.0  16:24  151  1017.3  84
 26   16.7   21.9  15:12  13.7  07:12    0.0    2.0   13.0  16:32  174  1017.7  85
 27   16.1   19.7  15:27  13.7  07:50    0.0    2.5   14.1  14:05  174  1013.6  90
 28   15.6   19.2  15:31  12.6  23:34    0.0    3.6   19.0  10:56  220  1009.5  82
 29   15.3   18.8  15:36  11.5  03:07    0.0    4.6   23.0  15:30  201  1011.4  84
 30   16.6   18.2  13:43  15.2  02:16    2.4    5.8   23.0  07:31  194  1009.3  87
 31   14.6   16.8  13:23  11.2  23:59    6.8    5.0   27.1  07:51  249  1005.7  83
----------------------------------------------------------------------------------
MONTH 15.7   24.4  25      9.3  13      54.8    3.2   27.1  09     SSW  1009.6  86