NOAA style reports

NOAA-style Climate Reports



Report for 2019 Jul
                  Monthly Climatological Summary for Jul 2019

Elevation: 45m
Latitude:  54.634
Longitude: -5.672

Temperature in °C, Rain in mm, Wind Speed in mph and Pressure in hPa

      AVG                                      AVG                 DOM
DAY   TEMP   HIGH   TIME   LOW   TIME   RAIN   WIND   HIGH   TIME  DIR   BAROM HUM
----------------------------------------------------------------------------------
 01   14.6   17.3  18:46  12.8  02:38    0.0    5.4   24.0  13:51  277  1019.6  79
 02   13.9   17.8  13:36  11.1  23:59    0.0    3.0   17.0  18:13  311  1027.8  77
 03   13.7   17.3  16:33   9.4  05:35    0.0    2.4   13.0  15:14  337  1030.3  79
 04   15.0   19.5  15:16  10.9  04:02    0.0    1.8   15.0  14:27  280  1025.8  80
 05   16.4   20.0  14:48  12.8  04:34    0.0    2.7   18.0  06:16  258  1019.1  81
 06   14.1   16.4  16:22  10.8  23:57    0.4    3.3   15.0  10:10  331  1015.8  76
 07   13.7   17.5  17:20   8.8  04:55    0.0    2.5   13.0  09:56  338  1018.7  76
 08   13.9   16.9  12:27  11.3  04:45    2.4    1.7   10.1  10:36  199  1020.9  83
 09   16.6   21.4  18:10  12.8  00:14    3.0    2.1   12.1  17:00  214  1019.6  88
 10   17.2   19.7  15:15  15.0  05:50    8.0    2.4   12.1  17:04  218  1015.3  89
 11   17.2   19.9  16:16  15.3  23:56    1.0    2.0   15.0  09:54  234  1010.6  86
 12   16.2   19.3  15:10  14.6  23:49    0.0    3.2   15.0  15:37  299  1017.7  86
 13   15.0   17.1  14:51  13.1  23:58    0.0    3.8   17.0  10:32  316  1025.3  81
 14   15.3   19.7  17:09  12.0  04:17    0.0    2.5   13.0  01:15  005  1025.7  79
 15   16.7   21.4  12:40  11.1  04:28    0.0    1.8   16.1  17:14  125  1021.4  83
 16   18.1   22.4  15:11  15.8  00:10    0.6    2.5   16.1  19:34  211  1017.5  82
 17   15.9   17.7  18:46  13.1  23:54    4.6    3.8   20.0  16:44  202  1009.8  88
 18   15.6   19.4  16:38  11.8  03:19    5.8    3.4   16.1  16:51  243  1007.3  83
 19   14.3   16.0  16:19  12.5  05:58    5.6    1.4    9.0  00:26  150  1004.2  93
 20   16.0   18.8  13:02  13.6  06:50    0.4    2.6   18.0  10:52  285  1005.2  82
 21   16.1   18.7  23:55  14.1  05:10   10.6    5.0   24.0  22:03  192  1012.3  89
 22   21.1   26.1  14:32  17.7  23:58    0.2    5.8   26.0  07:29  204  1012.3  82
 23   18.6   22.0  14:19  16.1  05:16    0.0    4.8   24.0  09:24  176  1014.2  86
 24   18.8   24.2  15:32  15.9  05:59    0.0    3.3   18.0  12:01  180  1009.0  85
 25   19.1   23.2  14:18  15.7  04:44    0.0    4.9   26.0  12:21  162  1007.5  87
 26   18.2   21.3  15:54  15.5  23:59    0.0    5.2   23.0  11:00  169  1007.3  88
 27   15.8   17.6  11:18  13.7  22:53    0.0    1.8   14.1  15:26  325  1010.2  85
 28   14.1   15.2  14:43  13.4  05:46   11.0    1.8   12.1  11:13  307  1008.2  95
 29   16.0   19.9  14:47  13.9  01:19    3.6    1.7   10.1  02:41  224  1007.0  90
 30   15.5   18.4  14:29  13.3  01:50    5.4    2.5   17.0  19:25  338  1008.1  91
 31   16.6   20.4  16:04  13.8  23:44    0.0    3.2   17.0  15:43  312  1013.0  86
----------------------------------------------------------------------------------
MONTH 16.1   26.1  22      8.8  07      62.6    3.0   26.0  22     WSW  1015.1  84