NOAA style reports

NOAA-style Climate Reports



Report for 2019 Jun
                  Monthly Climatological Summary for Jun 2019

Elevation: 45m
Latitude:  54.634
Longitude: -5.672

Temperature in °C, Rain in mm, Wind Speed in mph and Pressure in hPa

      AVG                                      AVG                 DOM
DAY   TEMP   HIGH   TIME   LOW   TIME   RAIN   WIND   HIGH   TIME  DIR   BAROM HUM
----------------------------------------------------------------------------------
 01   13.4   18.2  15:19  10.0  05:19    0.0    3.6   16.1  16:17  183  1015.6  88
 02   14.8   19.7  13:22  12.4  00:00    4.4    7.1   27.1  19:34  189  1000.6  81
 03   13.3   16.9  13:45  10.3  23:56    0.8    5.5   22.0  03:04  226  1004.9  75
 04   10.6   12.9  08:40   8.0  04:03   12.4    2.1   11.0  20:37  110  1004.8  91
 05   10.7   12.6  14:00   9.6  03:42    4.0    1.2   11.0  08:09  033  1001.9  92
 06   11.6   14.8  13:00   9.3  23:56    0.0    3.3   19.0  13:00  162  1005.9  84
 07   12.0   15.5  13:03   6.8  05:20    0.0    1.6   14.1  08:45  125  1007.4  81
 08   12.1   16.3  18:13  10.0  23:24   12.6    1.9   13.0  13:10  277  1010.1  87
 09   11.0   15.9  12:50   7.9  04:37    6.6    2.6   17.0  14:29  208  1017.1  85
 10   12.0   16.4  16:31   7.6  04:38    0.0    2.7   18.0  16:52  332  1020.3  82
 11   12.5   15.6  13:59   9.6  04:24    0.0    3.9   18.0  00:09  338  1022.4  77
 12   11.3   12.9  15:43  10.4  22:57    2.0    4.1   20.0  15:01  343  1016.5  85
 13   10.3   11.7  15:34   8.1  23:57    1.8    3.7   17.0  05:36  310  1006.8  82
 14   10.3   14.0  10:19   6.3  04:17    1.4    3.4   19.0  16:39  193  1004.8  84
 15   11.5   14.7  17:39   9.5  07:24    6.2    2.0   16.1  14:45  168  1007.0  90
 16   13.1   16.6  15:48   9.6  04:39    1.8    3.5   20.0  13:02  185  1008.3  81
 17   13.5   17.5  14:18  10.2  02:16    4.0    4.0   23.0  12:01  207  1009.5  81
 18   14.1   19.8  14:11   9.7  04:12    0.0    3.4   18.0  10:02  208  1011.4  76
 19   13.4   19.0  15:56   9.4  01:50   11.6    2.3   13.0  09:52  229  1008.1  81
 20   11.6   16.2  12:28   8.3  04:38    3.4    2.5   15.0  09:36  244  1010.0  85
 21   12.4   16.9  13:26   8.3  02:18    0.0    2.8   13.0  09:34  267  1018.3  79
 22   13.9   18.2  16:04   9.4  04:18    0.0    2.7   15.0  08:31  167  1020.6  77
 23   14.8   18.1  10:38  11.3  00:23    0.6    2.8   16.1  14:18  097  1018.5  79
 24   13.8   16.7  13:46  11.5  05:39    5.2    2.0   11.0  02:35  348  1018.2  91
 25   15.1   18.4  19:13  13.5  22:59    0.0    1.7   11.0  10:58  338  1023.4  87
 26   15.1   18.6  18:36  12.2  05:28    0.0    1.9   14.1  22:07  021  1031.4  81
 27   16.8   22.2  18:29  10.9  05:11    0.0    1.8   10.1  06:54  031  1031.1  75
 28   17.6   22.0  18:15  13.5  05:07    0.0    4.1   19.0  12:37  131  1022.9  77
 29   17.4   19.6  11:16  15.1  05:27    1.0    1.7   11.0  21:24  182  1014.0  87
 30   16.4   19.9  16:43  13.4  23:56    1.4    4.7   21.0  10:57  236  1010.9  79
----------------------------------------------------------------------------------
MONTH 13.2   22.2  27      6.3  14      81.2    3.0   27.1  02     SSW  1013.4  83