NOAA style reports

NOAA-style Climate Reports



Report for 2019 May
                  Monthly Climatological Summary for May 2019

Elevation: 45m
Latitude:  54.634
Longitude: -5.672

Temperature in °C, Rain in mm, Wind Speed in mph and Pressure in hPa

      AVG                                      AVG                 DOM
DAY   TEMP   HIGH   TIME   LOW   TIME   RAIN   WIND   HIGH   TIME  DIR   BAROM HUM
----------------------------------------------------------------------------------
 01   11.6   15.8  18:12   8.6  06:55    0.2    1.2   13.0  19:53  240  1017.7  80
 02   10.5   13.9  11:36   8.0  23:51    0.6    2.1   17.0  13:44  305  1015.4  82
 03    8.3   11.5  15:24   5.4  23:59    0.0    3.7   22.0  21:21  324  1018.0  76
 04    7.5   11.1  16:09   4.6  04:55    0.2    3.7   18.0  11:51  354  1026.2  67
 05    7.4   10.0  15:04   3.8  05:37    0.0    2.9   14.1  12:44  313  1027.8  71
 06    7.3    9.8  11:12   5.1  04:54    1.0    1.8   14.1  09:44  306  1022.3  80
 07    7.7   10.2  17:00   5.5  05:34    1.2    1.1   10.1  18:46  162  1013.0  85
 08    7.8    8.9  12:47   6.6  05:03    1.6    4.0   17.0  09:16  061   997.3  89
 09    8.0   11.2  15:20   6.1  08:22    1.8    2.8   15.0  08:08  094  1001.7  79
 10    8.3   11.3  15:15   6.1  03:39    0.4    2.0   14.1  10:23  108  1009.1  82
 11    9.3   13.1  15:04   6.2  23:54    0.0    3.2   16.1  10:02  332  1023.6  72
 12    9.8   14.9  14:42   4.6  04:12    0.0    2.2   16.1  15:17  197  1035.9  74
 13   12.4   17.4  14:30   6.4  03:50    0.0    3.1   21.0  17:39  172  1037.6  75
 14   13.1   17.9  12:57   6.9  05:31    0.0    2.1   17.0  14:12  156  1033.4  68
 15   13.5   19.0  12:16   7.9  05:38    0.0    1.8   14.1  12:04  164  1026.2  72
 16   12.5   16.3  15:28   8.6  03:35    0.0    2.4   18.0  15:29  127  1020.5  71
 17   12.5   17.0  17:30   8.0  04:55    0.2    2.5   16.1  20:36  026  1015.5  71
 18   10.3   11.7  18:02   9.2  05:40    1.4    2.0   13.0  03:21  332  1009.3  91
 19   11.2   14.3  14:38   8.8  02:46    0.8    1.8   14.1  08:32  299  1011.6  86
 20   11.2   14.6  15:56   8.8  23:47    0.8    1.4   10.1  09:27  315  1015.8  84
 21   10.9   15.0  10:56   7.1  04:36    0.0    2.2   13.0  15:50  329  1020.4  79
 22   10.8   14.2  13:16   6.4  04:05    0.0    1.4   12.1  12:12  014  1019.7  72
 23   11.2   15.8  12:28   6.6  04:22    0.0    1.1   10.1  15:23  050  1016.9  75
 24   11.2   15.2  13:29   8.2  01:03    0.0    1.1   10.1  14:53  324  1019.1  80
 25   12.8   18.1  18:08   6.6  03:43    0.0    2.2   15.0  15:45  235  1017.6  85
 26   14.2   17.0  16:28  11.8  23:15    1.2    5.6   24.0  17:12  255  1010.0  79
 27   11.2   14.2  12:16   9.6  21:59    4.6    2.5   23.0  14:25  284  1008.2  83
 28   10.1   13.6  15:17   6.8  23:55    0.2    3.4   20.0  08:36  334  1015.0  73
 29   10.8   14.7  21:29   5.0  01:54    7.0    2.0   17.0  12:35  186  1012.5  91
 30   15.6   17.8  14:30  14.1  00:00    2.2    4.9   22.0  19:34  230  1013.7  90
 31   14.6   17.3  13:30  11.4  23:21    4.4    3.5   17.0  16:02  194  1016.3  91
----------------------------------------------------------------------------------
MONTH 10.8   19.0  15      3.8  05      29.8    2.5   24.0  26     WNW  1017.7  79