NOAA style reports

NOAA-style Climate Reports



Report for 2019 Apr
                  Monthly Climatological Summary for Apr 2019

Elevation: 45m
Latitude:  54.634
Longitude: -5.672

Temperature in °C, Rain in mm, Wind Speed in mph and Pressure in hPa

      AVG                                      AVG                 DOM
DAY   TEMP   HIGH   TIME   LOW   TIME   RAIN   WIND   HIGH   TIME  DIR   BAROM HUM
----------------------------------------------------------------------------------
 01    7.3    9.9  17:10   5.1  02:06    0.0    2.8   15.0  07:11  179  1018.0  85
 02    5.1    8.5  14:10   2.3  05:39    0.8    3.0   18.0  09:33  283  1004.2  81
 03    5.2    6.4  09:09   4.1  11:40    4.8    6.2   24.0  05:38  344  1000.1  82
 04    5.7    8.6  15:03   4.2  01:27    5.6    5.9   24.0  21:05  081   994.2  82
 05    7.4    9.6  18:20   5.6  04:16    2.4    4.4   23.0  12:07  125  1000.3  87
 06    8.2   11.6  12:43   5.4  07:17    0.2    3.3   15.0  02:35  054  1009.2  81
 07    8.4   10.8  15:28   6.3  06:43    0.0    2.2   15.0  12:29  076  1011.4  88
 08    9.3   13.7  16:40   6.7  06:21    0.4    2.5   14.1  22:42  056  1013.8  85
 09    8.4   11.5  14:22   6.4  06:44    0.0    3.7   18.0  11:10  087  1019.6  76
 10    6.7   10.5  16:41   2.7  23:57    0.0    2.2   16.1  00:31  127  1023.9  75
 11    6.4   10.7  11:42   1.2  05:56    0.0    2.0   15.0  14:03  156  1025.8  85
 12    8.0   11.1  13:35   6.3  21:06    0.0    3.0   19.0  13:47  149  1026.5  79
 13    7.1    9.4  15:41   4.8  05:55    0.0    6.7   26.0  12:09  134  1026.2  69
 14    6.3    8.2  15:11   4.6  04:09    0.0    6.4   24.0  02:57  135  1024.8  70
 15    8.0   10.6  15:59   5.6  05:09    0.0    6.9   28.0  12:37  130  1017.1  77
 16    8.3   10.1  14:01   6.8  05:32    4.4    1.7   16.0  00:06  142  1017.3  90
 17    9.7   13.2  17:18   7.8  06:53    0.0    2.3   14.1  08:47  113  1021.3  84
 18   11.1   15.6  16:35   8.2  02:44    0.0    2.1   15.0  12:09  130  1025.7  83
 19   12.6   17.4  12:58   7.4  04:15    0.0    2.2   13.0  12:26  170  1029.9  77
 20   13.4   19.4  15:56   8.8  06:12    0.0    1.3   10.1  23:27  191  1030.2  77
 21   14.2   19.9  13:20   9.6  06:35    0.0    3.0   17.0  15:16  181  1017.4  75
 22   14.0   19.4  14:16   8.7  06:13    0.0    3.3   16.1  11:01  152  1004.7  72
 23   12.9   16.9  16:42   9.4  06:30    0.0    2.3   15.0  18:40  120   998.4  76
 24   11.3   14.7  16:29   8.7  05:37    4.8    3.4   17.0  13:04  105   992.2  83
 25   10.3   13.3  17:19   8.4  06:31    0.6    3.5   18.0  16:37  143   994.9  87
 26   10.1   13.7  12:45   7.7  23:41    1.2    4.5   35.0  18:47  175   997.6  86
 27    7.4    8.6  19:46   6.1  09:10   10.0    5.7   27.0  23:02  284  1004.7  87
 28    8.8   11.6  11:12   6.2  04:13    0.4    3.0   19.0  00:21  226  1021.7  80
 29    9.9   13.6  17:44   8.0  05:46    0.0    2.9   16.1  17:13  158  1025.0  88
 30    9.8   10.5  04:21   9.3  20:58    2.2    4.2   19.0  12:36  167  1022.0  92
----------------------------------------------------------------------------------
MONTH  9.0   19.9  21      1.2  11      37.8    3.6   35.0  26      SE  1013.9  81