NOAA style reports

NOAA-style Climate Reports



Report for 2019 Mar
                  Monthly Climatological Summary for Mar 2019

Elevation: 45m
Latitude:  54.634
Longitude: -5.672

Temperature in °C, Rain in mm, Wind Speed in mph and Pressure in hPa

      AVG                                      AVG                 DOM
DAY   TEMP   HIGH   TIME   LOW   TIME   RAIN   WIND   HIGH   TIME  DIR   BAROM HUM
----------------------------------------------------------------------------------
 01    8.8   12.0  13:06   7.1  01:12    5.4    2.5   19.0  14:35  212  1014.2  92
 02    8.0   10.3  15:55   6.2  07:56    1.6    5.8   25.1  14:10  214   999.0  88
 03    5.6    8.1  12:13   3.1  18:24    6.2    4.5   27.1  02:37  218   989.0  81
 04    3.8    5.3  00:03   2.1  07:22    1.2    3.5   19.0  23:20  234   989.5  87
 05    5.9    9.0  16:06   2.4  02:23    5.4    3.7   21.0  07:31  207   992.3  90
 06    7.4   10.6  10:30   5.4  23:20   10.6    6.1   29.1  04:01  202   979.3  89
 07    6.4    9.7  14:29   4.1  23:58    3.6    6.6   24.0  04:06  295   990.0  85
 08    5.3    8.8  16:08   2.3  06:57    3.8    4.5   28.0  22:57  225  1003.8  87
 09    4.7    8.8  13:38   0.9  05:16    6.0    3.7   26.0  12:34  248  1006.9  82
 10    3.4    6.0  14:52   1.9  19:06    3.8    5.8   27.1  18:09  248  1006.3  84
 11    5.5    9.4  13:54   1.7  04:28    3.0    6.3   30.0  20:00  219  1015.3  84
 12    6.4    9.0  14:26   4.2  07:38   10.0    8.2   42.0  21:00  240   993.3  82
 13    7.4    9.9  15:29   5.6  03:30    5.0    7.8   37.0  03:20  270  1003.9  83
 14    8.3   10.4  13:57   6.2  22:53    4.8    6.0   30.0  04:45  258  1000.1  82
 15    7.9   10.8  02:17   4.7  23:48    0.6    6.4   30.0  06:25  254  1001.8  76
 16    5.9   12.6  11:49   2.3  23:25   15.2    4.8   27.0  11:42  232   991.0  89
 17    5.2    9.9  12:52   1.4  05:29    0.4    5.1   25.1  14:57  278  1004.9  82
 18    7.5   11.9  16:16   4.7  05:58    2.4    2.3   11.0  07:13  265  1018.7  88
 19    9.8   14.2  16:11   7.1  04:22    0.4    3.0   16.1  13:43  233  1023.7  89
 20   11.9   14.8  16:47   9.1  06:33    0.0    3.9   16.1  11:51  215  1027.5  87
 21   11.4   14.4  14:49   8.6  22:03    0.0    3.9   16.1  23:23  201  1028.7  87
 22    9.1   11.1  14:49   6.1  23:54    1.6    5.0   21.0  02:49  221  1022.2  83
 23    7.0   10.7  14:54   3.6  06:34    0.0    2.4   13.0  08:29  255  1032.6  74
 24    7.1   11.6  13:35   3.5  04:27    0.6    5.2   23.0  13:38  260  1030.0  79
 25    7.8   10.8  12:19   4.9  05:02    0.0    2.1   14.1  00:05  303  1035.0  79
 26    8.7   11.9  12:53   5.7  00:15    0.0    1.8   14.1  12:54  256  1034.6  78
 27   10.3   13.7  12:51   7.6  04:01    0.0    2.9   17.0  13:39  248  1035.1  74
 28    9.8   15.3  14:19   6.4  23:55    0.0    2.8   14.1  12:56  211  1033.1  77
 29    8.8   13.9  13:44   5.2  05:20    0.0    3.1   15.0  04:48  210  1026.2  81
 30    8.3   10.6  13:29   6.3  22:45    0.0    3.0   18.0  13:06  302  1023.7  78
 31    7.3    9.9  18:14   4.7  07:05    0.0    1.7   11.0  00:01  079  1028.1  78
----------------------------------------------------------------------------------
MONTH  7.4   15.3  28      0.9  09      91.6    4.3   42.0  12     WSW  1012.2  83