NOAA style reports

NOAA-style Climate Reports



Report for 2019 Feb
                  Monthly Climatological Summary for Feb 2019

Elevation: 45m
Latitude:  54.634
Longitude: -5.672

Temperature in °C, Rain in mm, Wind Speed in mph and Pressure in hPa

      AVG                                      AVG                 DOM
DAY   TEMP   HIGH   TIME   LOW   TIME   RAIN   WIND   HIGH   TIME  DIR   BAROM HUM
----------------------------------------------------------------------------------
 01    3.1    5.6  14:25   0.4  00:58    0.2    3.4   19.0  15:23  004   998.9  75
 02    3.3    5.9  14:21   0.1  22:59    0.0    3.4   19.0  02:24  295  1013.0  69
 03    3.7    6.6  23:22   0.2  05:11    2.0    3.6   17.0  23:58  195  1014.8  89
 04    6.0    8.7  03:47   1.3  23:02    0.2    3.9   26.0  07:07  261  1013.1  83
 05    6.0    9.5  18:26   0.1  02:05    2.0    3.6   21.0  13:34  187  1014.0  90
 06    6.2    9.8  14:01   3.3  08:07    0.8    3.9   22.0  13:27  193  1008.4  84
 07    5.7    8.3  14:47   3.1  05:57    1.4    3.6   18.0  05:57  222   998.2  86
 08    8.1   10.6  09:15   5.2  23:56    1.2    9.5   40.0  11:25  197   979.3  81
 09    6.3    9.2  13:42   3.6  23:26    1.6    6.7   44.1  00:36  244   988.2  82
 10    3.7    6.7  13:15  -0.3  08:22    1.0    2.2   17.0  13:34  260   997.3  87
 11    5.8    8.9  13:41   3.4  08:07    0.0    2.3   12.1  01:35  237  1023.5  84
 12    8.8   12.4  15:52   4.1  00:00    0.0    3.7   21.0  12:15  188  1025.0  88
 13    9.1   10.0  14:47   7.9  23:52    0.0    5.3   24.0  20:14  180  1023.5  86
 14    8.1   10.2  12:45   6.7  08:01    0.0    5.3   26.0  14:02  177  1025.1  87
 15    8.4    9.9  23:58   6.7  04:09    0.0    7.6   28.0  12:43  175  1017.6  89
 16    9.5   10.7  12:19   7.9  06:56    0.0    5.5   32.0  23:15  184  1012.2  84
 17    9.6   12.2  14:31   7.6  21:57    2.4    7.4   33.1  01:41  180  1003.4  83
 18    7.6    9.8  13:07   5.5  07:38    0.8    5.2   23.0  01:28  213  1005.5  81
 19    7.1    8.7  11:59   5.0  07:05    6.0    4.5   26.0  17:53  196  1010.3  88
 20    9.9   12.2  13:28   8.4  00:00    0.0    4.9   19.9  13:40  181  1008.6  91
 21   10.4   13.6  12:53   8.8  20:19    0.0    5.9   29.1  15:37  179  1018.7  89
 22   10.5   11.5  12:20   9.2  01:58    0.0    8.3   28.0  13:42  173  1026.5  81
 23    9.3   10.9  11:23   4.6  23:57    0.2    5.9   30.0  10:28  181  1027.0  86
 24    6.4    8.4  14:27   2.2  03:47    0.2    2.5   15.0  14:07  164  1033.6  94
 25    8.6   12.3  12:46   5.9  06:56    0.0    3.4   17.0  11:25  169  1033.1  84
 26    7.7   13.6  13:53   3.6  08:02    0.0    1.2   12.1  13:19  169  1030.2  84
 27    6.9   13.8  14:04   2.2  07:25    0.0    1.1   11.0  15:55  182  1022.6  87
 28    7.0    8.2  13:02   4.9  00:00    0.0    0.6    8.1  17:51  149  1015.2  97
----------------------------------------------------------------------------------
MONTH  7.2   13.8  27     -0.3  10      20.0    4.4   44.1  09     SSW  1013.8  85